{"id":5742,"date":"2023-07-10T19:11:15","date_gmt":"2023-07-10T19:11:15","guid":{"rendered":"https:\/\/digistar.ma\/?post_type=product&#038;p=5742"},"modified":"2026-02-02T17:02:45","modified_gmt":"2026-02-02T17:02:45","slug":"canon-pixma-g640-imprimante-multifonction-a-reservoirs-rechargeables","status":"publish","type":"product","link":"https:\/\/digistar.ma\/?product=canon-pixma-g640-imprimante-multifonction-a-reservoirs-rechargeables","title":{"rendered":"Canon PIXMA G640 Imprimante multifonction \u00e0 r\u00e9servoirs rechargeables"},"content":{"rendered":"<p><strong>Canon PIXMA G640 Imprimante multifonction \u00e0 r\u00e9servoirs rechargeables <\/strong><\/p>\n<p>Premi\u00e8re imprimante multifonction de la gamme PIXMA G dot\u00e9e de six r\u00e9servoirs d\u2019encre \u00e0 base de colorants rechargeables, la PIXMA G640 allie une qualit\u00e9 d\u2019impression photo in\u00e9gal\u00e9e \u00e0 la capacit\u00e9 de produire de gros volumes \u00e0 un co\u00fbt extr\u00eamement faible.<\/p>\n<h2 class=\"product-variations__heading canon-color--grey-darkest canon-h2--big canon-mb-xs\">Volume \u00e9lev\u00e9, normes exigeantes, co\u00fbts r\u00e9duits<\/h2>\n<p class=\"product-variations__paragraph canon-paragraph--large canon-mb-xxs canon-color--grey-darkest\">Pour imprimer de gros volumes d\u2019images de qualit\u00e9 \u00e0 moindre co\u00fbt, la PIXMA G640 offre simplicit\u00e9, polyvalence et qualit\u00e9 d\u2019impression exceptionnelle.<\/p>\n<p><strong>Types de support pris en charge par Canon PIXMA G640 Imprimante multifonction \u00e0 r\u00e9servoirs rechargeables\u00a0<\/strong><\/p>\n<p>Papier ordinaire<br \/>\nPapier Photo Pro Lustr\u00e9 (LU-101),<br \/>\nPapier Photo Glac\u00e9 Extra II (PP-201)<br \/>\nPapier Photo Mat (MP-101),<br \/>\nPapier Photo Glac\u00e9 Standard (GP-501)<br \/>\nPapier Haute R\u00e9solution (HR-101N),<br \/>\nPapier Photo Satin\u00e9 (SG-201),<br \/>\nPapier beaux-arts textur\u00e9 Premium<br \/>\nPapier Photo Repositionnable (RP-101)<br \/>\nPapier photo magn\u00e9tique (MG-101)<br \/>\nTransferts thermocollants pour tissu fonc\u00e9 (DF-101),<br \/>\nTransferts thermocollants pour tissu clair (LF-101),<br \/>\nPapier mate recto verso (MP-101D)<br \/>\nCarte de v\u0153ux (fabriqu\u00e9e par Avery et RedRiverPaper),<br \/>\nPapier Bristol (fabriqu\u00e9 par Neenah Paper et INKPRESS),<br \/>\nCanon Red Label Superior (WOP111)<br \/>\nPapier Canon Oce Office Colour (SAT213)<\/p>\n<h3 class=\"product-specification-detail__sub-title canon-section-title--small canon-mb-s\">Caract\u00e9ristiques de Canon PIXMA G640 Imprimante multifonction \u00e0 r\u00e9servoirs rechargeables<\/h3>\n<div id=\"short_description_block\">\n<div id=\"short_description_content\" class=\"rte align_justify\">\n<p>Impression, copie, scan, Wi-Fi, Cloud<br \/>\nLivr\u00e9e avec 1 jeu de bouteilles.<br \/>\nVitesse d\u2019impression noir: 3,9 pages\/min en norme ISO<br \/>\nVitesse d\u2019impression couleur: 3,9 pages\/min en norme ISO<br \/>\nQualit\u00e9 d\u2019impression couleur: Jusqu\u2019\u00e0 4800 x 1200 ppp<br \/>\nImpression recto\/verso: Fonctionnement manuel<br \/>\nFonctionne avec: 6 R\u00e9servoirs<br \/>\nConnectivit\u00e9: USB haute vitesse (port USB B) \u2013 Wifi : IEEE802.11 b\/g\/n 13<\/p>\n<\/div>\n<p><a href=\"https:\/\/digistar.ma\/wp-content\/uploads\/2023\/07\/imprimante-multifonction-a-reservoirs-rechargeables-canon-pixma-g640-4620c009aa.pdf\"><strong>ICI FICHE TECHNIQUE DE Canon PIXMA G640 Imprimante multifonction \u00e0 r\u00e9servoirs rechargeables<\/strong><\/a><\/p>\n<\/div>\n","protected":false},"excerpt":{"rendered":"<p>Impression, copie, scan, Wi-Fi, Cloud<br \/>\nLivr\u00e9e avec 1 jeu de bouteilles.<br \/>\nVitesse d&#8217;impression noir: 3,9 pages\/min en norme ISO<br \/>\nVitesse d&#8217;impression couleur: 3,9 pages\/min en norme ISO<br \/>\nQualit\u00e9 d&#8217;impression couleur: Jusqu&#8217;\u00e0 4800 x 1200 ppp<br \/>\nImpression recto\/verso: Fonctionnement manuel<br \/>\nFonctionne avec: 6 R\u00e9servoirs<br \/>\nConnectivit\u00e9: USB haute vitesse (port USB B) &#8211; Wifi : IEEE802.11 b\/g\/n 13<\/p>\n","protected":false},"featured_media":5743,"comment_status":"open","ping_status":"closed","template":"","meta":{"_acf_changed":false,"_monsterinsights_skip_tracking":false,"_monsterinsights_sitenote_active":false,"_monsterinsights_sitenote_note":"","_monsterinsights_sitenote_category":0,"_uf_show_specific_survey":0,"_uf_disable_surveys":false,"_joinchat":[]},"product_brand":[],"product_cat":[15,253,265,269],"product_tag":[],"class_list":{"0":"post-5742","1":"product","2":"type-product","3":"status-publish","4":"has-post-thumbnail","6":"product_cat-imprimante-scanner","7":"product_cat-imprimante","8":"product_cat-imprimante-a-reservoirs-rechargeables","9":"product_cat-imprimante-jet-dencre","11":"first","12":"outofstock","13":"sale","14":"shipping-taxable","15":"purchasable","16":"product-type-simple"},"acf":[],"jetpack_sharing_enabled":true,"_links":{"self":[{"href":"https:\/\/digistar.ma\/index.php?rest_route=\/wp\/v2\/product\/5742","targetHints":{"allow":["GET"]}}],"collection":[{"href":"https:\/\/digistar.ma\/index.php?rest_route=\/wp\/v2\/product"}],"about":[{"href":"https:\/\/digistar.ma\/index.php?rest_route=\/wp\/v2\/types\/product"}],"replies":[{"embeddable":true,"href":"https:\/\/digistar.ma\/index.php?rest_route=%2Fwp%2Fv2%2Fcomments&post=5742"}],"version-history":[{"count":1,"href":"https:\/\/digistar.ma\/index.php?rest_route=\/wp\/v2\/product\/5742\/revisions"}],"predecessor-version":[{"id":5747,"href":"https:\/\/digistar.ma\/index.php?rest_route=\/wp\/v2\/product\/5742\/revisions\/5747"}],"wp:featuredmedia":[{"embeddable":true,"href":"https:\/\/digistar.ma\/index.php?rest_route=\/wp\/v2\/media\/5743"}],"wp:attachment":[{"href":"https:\/\/digistar.ma\/index.php?rest_route=%2Fwp%2Fv2%2Fmedia&parent=5742"}],"wp:term":[{"taxonomy":"product_brand","embeddable":true,"href":"https:\/\/digistar.ma\/index.php?rest_route=%2Fwp%2Fv2%2Fproduct_brand&post=5742"},{"taxonomy":"product_cat","embeddable":true,"href":"https:\/\/digistar.ma\/index.php?rest_route=%2Fwp%2Fv2%2Fproduct_cat&post=5742"},{"taxonomy":"product_tag","embeddable":true,"href":"https:\/\/digistar.ma\/index.php?rest_route=%2Fwp%2Fv2%2Fproduct_tag&post=5742"}],"curies":[{"name":"wp","href":"https:\/\/api.w.org\/{rel}","templated":true}]}}