{"id":5872,"date":"2023-07-12T17:30:22","date_gmt":"2023-07-12T17:30:22","guid":{"rendered":"https:\/\/digistar.ma\/?post_type=product&#038;p=5872"},"modified":"2023-07-12T17:31:36","modified_gmt":"2023-07-12T17:31:36","slug":"cpl-tp-link-extender-av500-2-port-powerline-wi-fi-extender-tl-wpa4220-tkit","status":"publish","type":"product","link":"https:\/\/digistar.ma\/?product=cpl-tp-link-extender-av500-2-port-powerline-wi-fi-extender-tl-wpa4220-tkit","title":{"rendered":"CPL TP-Link Extender AV500 2-port Powerline Wi-Fi Extender TL-WPA4220 TKIT"},"content":{"rendered":"<p><strong>CPL TP-Link Extender AV500 2-port Powerline Wi-Fi Extender TL-WPA4220 TKIT<\/strong><\/p>\n<p>\u00c9tendez facilement votre r\u00e9seau Wi-Fi avec le CPL TP-Link Extender AV500 3-pack. Appuyez simplement sur le bouton Wi-Fi Clone pour \u00e9tendre la port\u00e9e de votre r\u00e9seau et cr\u00e9er un r\u00e9seau domestique unifi\u00e9. Profitez de d\u00e9bits th\u00e9oriques allant jusqu&#8217;\u00e0 600 Mbps pour des vid\u00e9os fluides et des jeux en ligne. \u00c9liminez les zones d&#8217;ombres avec une extension sans fil jusqu&#8217;\u00e0 300 Mbps. Ce kit comprend un adaptateur TL-PA4010 et deux adaptateurs TL-WPA4220. Configuration simple et utilisation imm\u00e9diate. Connectez vos appareils en quelques minutes et b\u00e9n\u00e9ficiez d&#8217;une connectivit\u00e9 optimale dans toutes les pi\u00e8ces<\/p>\n<div class=\"overview-article bg-gray\">\n<div class=\"container width-960px padding-default\">\n<h3>Fonctionnalit\u00e9s<\/h3>\n<p>Le TL-WPA4220T KIT de TP-LINK \u00e9tend votre connexion Internet dans chaque pi\u00e8ce de la maison via le r\u00e9seau \u00e9lectrique. Il comporte un bouton de clonage Wi-Fi permettant d&#8217;\u00e9tendre la couverture r\u00e9seau, ce qui signifie qu&#8217;il peut copier automatiquement le SSID et le mot de passe de votre routeur compatible WPS. De cette fa\u00e7on, TL-WPA4220 simplifie la configuration Wi-Fi et vous permet une itin\u00e9rance Wi-Fi ais\u00e9e \u00e0 domicile.<\/p>\n<\/div>\n<\/div>\n<div class=\"overview-article\">\n<div class=\"container width-960px padding-default\">\n<h3>Extension de port\u00e9e instantan\u00e9e<\/h3>\n<p>Avec son bouton de clonage Wi-Fi permettant d&#8217;\u00e9tendre la couverture r\u00e9seau, le TL-WPA4220 peut copier automatiquement le nom du r\u00e9seau sans fil (SSID) et le mot de passe de votre routeur \u00e0 la simple pression d&#8217;un bouton. Apr\u00e8s avoir appuy\u00e9 sur le bouton, vous pouvez placer l&#8217;adaptateur CPL o\u00f9 vous avez besoin d&#8217;un acc\u00e8s filaire ou sans fil et profiter d&#8217;un r\u00e9seau homog\u00e8ne \u00e0 \u00e0 votre domicile ou votre bureau.<\/p>\n<\/div>\n<\/div>\n<div class=\"overview-article bg-gray\">\n<div class=\"container width-960px padding-default\">\n<h3>Jusqu&#8217;\u00e0 500Mbps &#8211; Id\u00e9al pour la diffusion de vid\u00e9os HD<\/h3>\n<p>Avec la technologie \u00e9volu\u00e9e HomePlug AV, le TL-WPA4220T KIT fournit, un d\u00e9bit stable allant jusqu&#8217;\u00e0 500 Mbps sur une longueur de 300 m\u00e8tres. Il est un excellent choix pour une solution d&#8217;interconnexion des : ordinateurs, consoles de jeux, d\u00e9codeurs TV, imprimantes et NAS \u00e0 domicile comme au bureau.<\/p>\n<\/div>\n<\/div>\n<div class=\"overview-article\">\n<div class=\"container width-960px padding-default\">\n<h3>Etendez la couverture WiFi \u00e0 toutes les pi\u00e8ces<\/h3>\n<p>Avec des d\u00e9bits sans fil allant jusqu&#8217;\u00e0 300 Mbps, vous pouvez facilement \u00e9tendre votre r\u00e9seau WiFi depuis votre routeur internet via votre r\u00e9seau \u00e9lectrique et diffuser le Wi-Fi dans les autres pi\u00e8ces de votre maison ou de votre bureau pour y connecter vos appareils sans fil.<\/p>\n<p><strong>CARACTERISTIQUES DE CPL TP-Link Extender AV500 2-port Powerline Wi-Fi Extender TL-WPA4220 TKIT<\/strong><\/p>\n<\/div>\n<ul>\n<li>Extension de port\u00e9e d&#8217;un simple appui sur le bouton Wi-Fi Clone, simplifie la configuration de votre r\u00e9seau Wi-Fi et vous aide \u00e0 construire un r\u00e9seau domestique unifi\u00e9 sans difficult\u00e9s.<\/li>\n<li>La norme Homeplug AV permet des d\u00e9bits th\u00e9oriques jusqu&#8217;\u00e0 600Mbps via un r\u00e9seau \u00e9lectrique domestique, c&#8217;est id\u00e9al pour diffuser des vid\u00e9os 3D ou HD fluides et les jeux en ligne.<\/li>\n<li>Etend le r\u00e9seau sans fil \u00e0 300Mbps jusqu&#8217;aux zones d&#8217;ombres de votre domicile ou de votre bureau.<\/li>\n<li>Ce Kit contient un adaptateur TL-PA4010 et deux adaptateurs TL-WPA4220<\/li>\n<\/ul>\n<\/div>\n","protected":false},"excerpt":{"rendered":"<ul>\n<li>Extension de port\u00e9e d&#8217;un simple appui sur le bouton Wi-Fi Clone, simplifie la configuration de votre r\u00e9seau Wi-Fi et vous aide \u00e0 construire un r\u00e9seau domestique unifi\u00e9 sans difficult\u00e9s.<\/li>\n<li>La norme Homeplug AV permet des d\u00e9bits th\u00e9oriques jusqu&#8217;\u00e0 600Mbps via un r\u00e9seau \u00e9lectrique domestique, c&#8217;est id\u00e9al pour diffuser des vid\u00e9os 3D ou HD fluides et les jeux en ligne.<\/li>\n<li>Etend le r\u00e9seau sans fil \u00e0 300Mbps jusqu&#8217;aux zones d&#8217;ombres de votre domicile ou de votre bureau.<\/li>\n<li>Ce Kit contient un adaptateur TL-PA4010 et deux adaptateurs <a href=\"https:\/\/digistar.ma\/?product=cpl-tp-link-extender-av500-2-port-powerline-wi-fi-extender-tl-wpa4220-tkit\">TL-WPA4220<\/a><\/li>\n<\/ul>\n","protected":false},"featured_media":5873,"comment_status":"open","ping_status":"closed","template":"","meta":{"_acf_changed":false,"_monsterinsights_skip_tracking":false,"_monsterinsights_sitenote_active":false,"_monsterinsights_sitenote_note":"","_monsterinsights_sitenote_category":0,"_uf_show_specific_survey":0,"_uf_disable_surveys":false,"_joinchat":[]},"product_brand":[],"product_cat":[243],"product_tag":[],"class_list":{"0":"post-5872","1":"product","2":"type-product","3":"status-publish","4":"has-post-thumbnail","6":"product_cat-reseaux","8":"first","9":"instock","10":"sale","11":"shipping-taxable","12":"purchasable","13":"product-type-simple"},"acf":[],"jetpack_sharing_enabled":true,"_links":{"self":[{"href":"https:\/\/digistar.ma\/index.php?rest_route=\/wp\/v2\/product\/5872","targetHints":{"allow":["GET"]}}],"collection":[{"href":"https:\/\/digistar.ma\/index.php?rest_route=\/wp\/v2\/product"}],"about":[{"href":"https:\/\/digistar.ma\/index.php?rest_route=\/wp\/v2\/types\/product"}],"replies":[{"embeddable":true,"href":"https:\/\/digistar.ma\/index.php?rest_route=%2Fwp%2Fv2%2Fcomments&post=5872"}],"version-history":[{"count":2,"href":"https:\/\/digistar.ma\/index.php?rest_route=\/wp\/v2\/product\/5872\/revisions"}],"predecessor-version":[{"id":5879,"href":"https:\/\/digistar.ma\/index.php?rest_route=\/wp\/v2\/product\/5872\/revisions\/5879"}],"wp:featuredmedia":[{"embeddable":true,"href":"https:\/\/digistar.ma\/index.php?rest_route=\/wp\/v2\/media\/5873"}],"wp:attachment":[{"href":"https:\/\/digistar.ma\/index.php?rest_route=%2Fwp%2Fv2%2Fmedia&parent=5872"}],"wp:term":[{"taxonomy":"product_brand","embeddable":true,"href":"https:\/\/digistar.ma\/index.php?rest_route=%2Fwp%2Fv2%2Fproduct_brand&post=5872"},{"taxonomy":"product_cat","embeddable":true,"href":"https:\/\/digistar.ma\/index.php?rest_route=%2Fwp%2Fv2%2Fproduct_cat&post=5872"},{"taxonomy":"product_tag","embeddable":true,"href":"https:\/\/digistar.ma\/index.php?rest_route=%2Fwp%2Fv2%2Fproduct_tag&post=5872"}],"curies":[{"name":"wp","href":"https:\/\/api.w.org\/{rel}","templated":true}]}}