{"id":6093,"date":"2023-07-14T23:52:46","date_gmt":"2023-07-14T23:52:46","guid":{"rendered":"https:\/\/digistar.ma\/?post_type=product&#038;p=6093"},"modified":"2023-07-14T23:52:46","modified_gmt":"2023-07-14T23:52:46","slug":"canon-maxify-gx5040-imprimante-a-reservoirs-rechargeables","status":"publish","type":"product","link":"https:\/\/digistar.ma\/?product=canon-maxify-gx5040-imprimante-a-reservoirs-rechargeables","title":{"rendered":"Canon MAXIFY GX5040 Imprimante \u00e0 r\u00e9servoirs rechargeables"},"content":{"rendered":"<p><strong>Canon MAXIFY GX5040 Imprimante \u00e0 r\u00e9servoirs rechargeables <\/strong><\/p>\n<p>Produisez rapidement des documents de qualit\u00e9 professionnelle avec des \u00e9conomies moyennes de 85 % sur le co\u00fbt total de possession par rapport aux 10 meilleures imprimantes laser et \u00e0 jet d\u2019encre \u00a0gr\u00e2ce \u00e0 ces imprimantes MegaTank rechargeables \u00e0 haut volume et toujours fiables.<\/p>\n<p class=\"product-variations__heading canon-color--grey-darkest canon-h2--big canon-mb-xs\"><strong>PETITES D\u00c9CISIONS, IMPACT MAXIMAL<\/strong><\/p>\n<p class=\"product-variations__paragraph canon-paragraph--large canon-mb-xxs canon-color--grey-darkest\">Faites l\u2019exp\u00e9rience d\u2019une impression professionnelle hautement productive avec MegaTank utilisant des r\u00e9servoirs d\u2019encre rechargeables \u00e0 haut rendement.\u00a0Comptez sur des impressions de qualit\u00e9 professionnelle et un co\u00fbt total de possession extr\u00eamement faible.<\/p>\n<p class=\"heading-simple__heading canon-mb-xxs canon-h2--big\"><strong>R\u00e9pondre \u00e0 vos besoins<\/strong><\/p>\n<div class=\"heading-simple__paragraph canon-paragraph--large canon-mb-xxs text-center\">Choisissez une imprimante professionnelle soucieuse des co\u00fbts et parfaitement adapt\u00e9e \u00e0 votre environnement.<\/div>\n<div>\n<p class=\"canon-h2--big canon-mb-xs\"><strong>L\u2019excellence dans chaque environnement<\/strong><\/p>\n<p class=\"canon-column-title--3-col-small\">L\u00e0 o\u00f9 un faible co\u00fbt par page et un volume d\u2019impression quotidien \u00e9lev\u00e9 sont importants, le MAXIFY GX5040 excelle vraiment.<\/p>\n<\/div>\n<div>\n<p class=\"heading-simple__heading canon-mb-xxs canon-h2--big\"><strong>Caract\u00e9ristiques de Canon MAXIFY GX5040 Imprimante \u00e0 r\u00e9servoirs rechargeables<\/strong><\/p>\n<p>Impression, Wi-Fi, Ethernet, Cloud<br \/>\nVitesse d\u2019impression noir: Jusqu\u2019\u00e0 24.0 ipm (Test of ISO\/IEC 24734 standard)<br \/>\nVitesse d\u2019impression couleur: Jusqu\u2019\u00e0 15.5 ipm (Test of ISO\/IEC 24734 standard)<br \/>\nQualit\u00e9 d\u2019impression noire: Jusqu\u2019\u00e0 600 x 1200 dpi<br \/>\nQualit\u00e9 d\u2019impression couleur: Jusqu\u2019\u00e0 600 x 1200 dpi<br \/>\nImpression recto\/verso: Auto Duplex Print<br \/>\nFonctionne avec: 4 Cartouches (noir, cyan, magenta, jaune)<br \/>\nConnectivit\u00e9: Hi-Speed USB (B Port)<br \/>\nEthernet: 10\/100Mbps (auto switchable)<br \/>\nWi-Fi: IEEE802.11 b\/g\/n\/a<br \/>\nWi-Fi Security: WPA-PSK (TKIP\/AES), WPA2-PSK (TKIP\/AES), WEP, WPA-EAP (AES)*, WPA2-EAP (AES), Administration password<br \/>\nWireless LAN Frequency Band: 2.4GHz, 5GHz<\/p>\n<\/div>\n","protected":false},"excerpt":{"rendered":"<p>Impression, Wi-Fi, Ethernet, Cloud<br \/>\nVitesse d&#8217;impression noir: Jusqu&#8217;\u00e0 24.0 ipm (Test of ISO\/IEC 24734 standard)<br \/>\nVitesse d&#8217;impression couleur: Jusqu&#8217;\u00e0 15.5 ipm (Test of ISO\/IEC 24734 standard)<br \/>\nQualit\u00e9 d&#8217;impression noire: Jusqu&#8217;\u00e0 600 x 1200 dpi<br \/>\nQualit\u00e9 d&#8217;impression couleur: Jusqu&#8217;\u00e0 600 x 1200 dpi<br \/>\nImpression recto\/verso: Auto Duplex Print<br \/>\nFonctionne avec: 4 Cartouches (noir, cyan, magenta, jaune)<br \/>\nConnectivit\u00e9: Hi-Speed USB (B Port)<br \/>\nEthernet: 10\/100Mbps (auto switchable)<br \/>\nWi-Fi: IEEE802.11 b\/g\/n\/a<br \/>\nWi-Fi Security: WPA-PSK (TKIP\/AES), WPA2-PSK (TKIP\/AES), WEP, WPA-EAP (AES)*, WPA2-EAP (AES), Administration password<br \/>\nWireless LAN Frequency Band: 2.4GHz, 5GHz<\/p>\n","protected":false},"featured_media":6094,"comment_status":"open","ping_status":"closed","template":"","meta":{"_acf_changed":false,"_monsterinsights_skip_tracking":false,"_monsterinsights_sitenote_active":false,"_monsterinsights_sitenote_note":"","_monsterinsights_sitenote_category":0,"_uf_show_specific_survey":0,"_uf_disable_surveys":false,"_joinchat":[]},"product_brand":[],"product_cat":[15,253,265,269],"product_tag":[],"class_list":{"0":"post-6093","1":"product","2":"type-product","3":"status-publish","4":"has-post-thumbnail","6":"product_cat-imprimante-scanner","7":"product_cat-imprimante","8":"product_cat-imprimante-a-reservoirs-rechargeables","9":"product_cat-imprimante-jet-dencre","11":"first","12":"instock","13":"sale","14":"shipping-taxable","15":"purchasable","16":"product-type-simple"},"acf":[],"jetpack_sharing_enabled":true,"_links":{"self":[{"href":"https:\/\/digistar.ma\/index.php?rest_route=\/wp\/v2\/product\/6093","targetHints":{"allow":["GET"]}}],"collection":[{"href":"https:\/\/digistar.ma\/index.php?rest_route=\/wp\/v2\/product"}],"about":[{"href":"https:\/\/digistar.ma\/index.php?rest_route=\/wp\/v2\/types\/product"}],"replies":[{"embeddable":true,"href":"https:\/\/digistar.ma\/index.php?rest_route=%2Fwp%2Fv2%2Fcomments&post=6093"}],"version-history":[{"count":1,"href":"https:\/\/digistar.ma\/index.php?rest_route=\/wp\/v2\/product\/6093\/revisions"}],"predecessor-version":[{"id":6101,"href":"https:\/\/digistar.ma\/index.php?rest_route=\/wp\/v2\/product\/6093\/revisions\/6101"}],"wp:featuredmedia":[{"embeddable":true,"href":"https:\/\/digistar.ma\/index.php?rest_route=\/wp\/v2\/media\/6094"}],"wp:attachment":[{"href":"https:\/\/digistar.ma\/index.php?rest_route=%2Fwp%2Fv2%2Fmedia&parent=6093"}],"wp:term":[{"taxonomy":"product_brand","embeddable":true,"href":"https:\/\/digistar.ma\/index.php?rest_route=%2Fwp%2Fv2%2Fproduct_brand&post=6093"},{"taxonomy":"product_cat","embeddable":true,"href":"https:\/\/digistar.ma\/index.php?rest_route=%2Fwp%2Fv2%2Fproduct_cat&post=6093"},{"taxonomy":"product_tag","embeddable":true,"href":"https:\/\/digistar.ma\/index.php?rest_route=%2Fwp%2Fv2%2Fproduct_tag&post=6093"}],"curies":[{"name":"wp","href":"https:\/\/api.w.org\/{rel}","templated":true}]}}