{"id":6324,"date":"2023-07-17T12:58:01","date_gmt":"2023-07-17T12:58:01","guid":{"rendered":"https:\/\/digistar.ma\/?post_type=product&#038;p=6324"},"modified":"2023-07-17T12:58:02","modified_gmt":"2023-07-17T12:58:02","slug":"hp-deskjet-plus-4120-imprimante-multifonction","status":"publish","type":"product","link":"https:\/\/digistar.ma\/?product=hp-deskjet-plus-4120-imprimante-multifonction","title":{"rendered":"HP DeskJet Plus 4120 Imprimante multifonction"},"content":{"rendered":"<p><strong>HP DeskJet Plus 4120 Imprimante multifonction<\/strong><\/p>\n<p>Des fonctions intelligentes pour vous simplifier la vie. Imprimez, photocopiez et scannez tous vos documents quotidiens en toute simplicit\u00e9 gr\u00e2ce au bac automatique de 35 pages et \u00e0 la fiabilit\u00e9 sans fil. L\u2019application HP Smart se configure et envoie vos t\u00e9l\u00e9copies en un clic. HP Instant Ink vous livre l\u2019encre, avec des \u00e9conomies \u00e0 la cl\u00e9<\/p>\n<p>Toutes les fonctionnalit\u00e9s. Toute la valeur. Imprimez, num\u00e9risez et copiez les documents quotidiens, et b\u00e9n\u00e9ficiez d\u2019un chargeur automatique de 35 pages et d\u2019une connexion simple et sans\u00a0<span class=\"m-text-nowrap\">fil avec HP DeskJet Plus 4120 Imprimante multifonction. <\/span>Profitez d\u2019une configuration simple avec l\u2019application HP Smart, et envoyez m\u00eame un\u00a0<span class=\"m-text-nowrap\">fax.<\/span><\/p>\n<p><strong>Caract\u00e9ristiques de HP DeskJet Plus 4120 Imprimante multifonction<\/strong><\/p>\n<p>Impression, copie, num\u00e9risation, sans fil, t\u00e9l\u00e9copie mobile<br \/>\nVitesse d\u2019impression noir: 20 pages\/min (8,5 pages\/min en norme ISO)<br \/>\nVitesse d\u2019impression couleur: 16 pages\/min (5,5 pages\/min en norme ISO)<br \/>\nQualit\u00e9 d\u2019impression noire: Jusqu\u2019\u00e0 1\u00a0200 x 1\u00a0200\u00a0ppp rendus<br \/>\nQualit\u00e9 d\u2019impression couleur: Jusqu\u2019\u00e0 4800\u00a0x 1200 ppp optimis\u00e9s (lors de l\u2019impression d\u2019un PC avec les papiers photo HP s\u00e9lectionn\u00e9s et 1200\u00a0ppp en entr\u00e9e)<br \/>\nVolume de pages mensuel recommand\u00e9: 100 \u00e0 300<br \/>\nImpression recto\/verso: Manuelle (prise en charge des pilotes fournie)<br \/>\nFonctionne avec: 2 (1 noire, 1 3-couleurs)<br \/>\nConnectivit\u00e9: 1 port USB 2.0 haut d\u00e9bit<br \/>\nEncres fournies avec l\u2019imprimante: Cartouche de d\u00e9marrage HP\u00a0305 noire et HP\u00a0305 trois couleurs<\/p>\n","protected":false},"excerpt":{"rendered":"<p>Impression, copie, num\u00e9risation, sans fil, t\u00e9l\u00e9copie mobile<br \/>\nVitesse d&#8217;impression noir: 20 pages\/min (8,5 pages\/min en norme ISO)<br \/>\nVitesse d&#8217;impression couleur: 16 pages\/min (5,5 pages\/min en norme ISO)<br \/>\nQualit\u00e9 d&#8217;impression noire: Jusqu&#8217;\u00e0 1\u00a0200 x 1\u00a0200\u00a0ppp rendus<br \/>\nQualit\u00e9 d&#8217;impression couleur: Jusqu&#8217;\u00e0 4800\u00a0x 1200 ppp optimis\u00e9s (lors de l&#8217;impression d&#8217;un PC avec les papiers photo HP s\u00e9lectionn\u00e9s et 1200\u00a0ppp en entr\u00e9e)<br \/>\nVolume de pages mensuel recommand\u00e9: 100 \u00e0 300<br \/>\nImpression recto\/verso: Manuelle (prise en charge des pilotes fournie)<br \/>\nFonctionne avec: 2 (1 noire, \u00a01 3-couleurs)<br \/>\nConnectivit\u00e9: 1 port USB 2.0 haut d\u00e9bit<br \/>\nEncres fournies avec l&#8217;imprimante: Cartouche de d\u00e9marrage HP\u00a0305 noire et HP\u00a0305 trois couleurs<\/p>\n","protected":false},"featured_media":6325,"comment_status":"open","ping_status":"closed","template":"","meta":{"_acf_changed":false,"_monsterinsights_skip_tracking":false,"_monsterinsights_sitenote_active":false,"_monsterinsights_sitenote_note":"","_monsterinsights_sitenote_category":0,"_uf_show_specific_survey":0,"_uf_disable_surveys":false,"_joinchat":[]},"product_brand":[],"product_cat":[15,253,266],"product_tag":[],"class_list":{"0":"post-6324","1":"product","2":"type-product","3":"status-publish","4":"has-post-thumbnail","6":"product_cat-imprimante-scanner","7":"product_cat-imprimante","8":"product_cat-multifonction-jet-dencre","10":"first","11":"instock","12":"sale","13":"shipping-taxable","14":"purchasable","15":"product-type-simple"},"acf":[],"jetpack_sharing_enabled":true,"_links":{"self":[{"href":"https:\/\/digistar.ma\/index.php?rest_route=\/wp\/v2\/product\/6324","targetHints":{"allow":["GET"]}}],"collection":[{"href":"https:\/\/digistar.ma\/index.php?rest_route=\/wp\/v2\/product"}],"about":[{"href":"https:\/\/digistar.ma\/index.php?rest_route=\/wp\/v2\/types\/product"}],"replies":[{"embeddable":true,"href":"https:\/\/digistar.ma\/index.php?rest_route=%2Fwp%2Fv2%2Fcomments&post=6324"}],"version-history":[{"count":1,"href":"https:\/\/digistar.ma\/index.php?rest_route=\/wp\/v2\/product\/6324\/revisions"}],"predecessor-version":[{"id":6328,"href":"https:\/\/digistar.ma\/index.php?rest_route=\/wp\/v2\/product\/6324\/revisions\/6328"}],"wp:featuredmedia":[{"embeddable":true,"href":"https:\/\/digistar.ma\/index.php?rest_route=\/wp\/v2\/media\/6325"}],"wp:attachment":[{"href":"https:\/\/digistar.ma\/index.php?rest_route=%2Fwp%2Fv2%2Fmedia&parent=6324"}],"wp:term":[{"taxonomy":"product_brand","embeddable":true,"href":"https:\/\/digistar.ma\/index.php?rest_route=%2Fwp%2Fv2%2Fproduct_brand&post=6324"},{"taxonomy":"product_cat","embeddable":true,"href":"https:\/\/digistar.ma\/index.php?rest_route=%2Fwp%2Fv2%2Fproduct_cat&post=6324"},{"taxonomy":"product_tag","embeddable":true,"href":"https:\/\/digistar.ma\/index.php?rest_route=%2Fwp%2Fv2%2Fproduct_tag&post=6324"}],"curies":[{"name":"wp","href":"https:\/\/api.w.org\/{rel}","templated":true}]}}