{"id":6364,"date":"2023-07-17T15:32:14","date_gmt":"2023-07-17T15:32:14","guid":{"rendered":"https:\/\/digistar.ma\/?post_type=product&#038;p=6364"},"modified":"2023-12-27T15:41:30","modified_gmt":"2023-12-27T15:41:30","slug":"epson-eh-ls300b-videoprojecteur-full-hd","status":"publish","type":"product","link":"https:\/\/digistar.ma\/?product=epson-eh-ls300b-videoprojecteur-full-hd","title":{"rendered":"EPSON EH-LS300B Vid\u00e9oprojecteur Full HD"},"content":{"rendered":"<p><strong>EPSON EH-LS300B Vid\u00e9oprojecteur Full HD<\/strong><\/p>\n<div class=\"description\">\n<p class=\"desc\">Profitez d&#8217;un divertissement Full HD durable, performant et facile d&#8217;installation avec le vid\u00e9oprojecteur EH-LS300 sign\u00e9 Epson. Ce mod\u00e8le \u00e0 focale ultra-courte, qui combine technologies 3LCD et laser, est capable d&#8217;afficher une image de 120 pouces et dispose d&#8217;une belle luminosit\u00e9 de 3600 Lumens.<\/p>\n<h4 class=\"h2-master\">Projection laser durable, son Yamaha et Android TV<\/h4>\n<section>Profitez d&#8217;un divertissement Full HD durable, performant et facile d&#8217;installation avec le\u00a0<strong>vid\u00e9oprojecteur EH-LS300 sign\u00e9 Epson<\/strong>. Ce mod\u00e8le \u00e0 focale ultra-courte, qui combine technologies 3LCD et laser, est capable d&#8217;afficher une image de 120 pouces et dispose d&#8217;une belle luminosit\u00e9 de 3600 Lumens. Connect\u00e9, il int\u00e8gre Android TV avec Google Assistant et Chromecast et se pare d&#8217;un syst\u00e8me audio 20 Watts imagin\u00e9 par Yamaha.<\/p>\n<h4>PROJECTION LASER, FOCALE ULTRA-COURTE<\/h4>\n<p>Le vid\u00e9oprojecteur EH-LS300 permet\u00a0d&#8217;afficher une image pouvant atteindre 120 pouces tout en installant votre appareil tr\u00e8s proche du mur gr\u00e2ce \u00e0 sa\u00a0<strong>focale ultra-courte<\/strong>. Vous pourrez alors profiter d&#8217;une belle\u00a0<strong>r\u00e9solution Full HD<\/strong>, d&#8217;une luminosit\u00e9 de 3600 Lumens et d&#8217;un taux de contraste exceptionnel de 2.5M:1.<\/p>\n<p>Ce mod\u00e8le\u00a0int\u00e8gre la\u00a0<strong>technologie 3LCD et une source lumineuse laser<\/strong>\u00a0pour vous offrir des conditions optimales \u00e0 chaque instant. Durable, la technologie laser assure une\u00a0<strong>utilisation longue dur\u00e9e de 5 heures par jour pendant 10 ans<\/strong>\u00a0(mode Eco).<\/p>\n<h4>DIVERTISSEMENT ANDROID TV, SON YAMAHA<\/h4>\n<p>Le vid\u00e9oprojecteur Epson EH-LS300 int\u00e8gre le\u00a0<strong>syst\u00e8me Android TV<\/strong>\u00a0permettant de retrouver vos applications pr\u00e9f\u00e9r\u00e9es telles que YouTube ou Disney+. Chromecast est \u00e9galement de la partie afin de dupliquer l&#8217;image d&#8217;un PC ou smartphone sur grand \u00e9cran.<\/p>\n<p>Enfin,\u00a0<strong>Epson a collabor\u00e9 avec Yamaha sur la partie audio<\/strong>\u00a0pour d\u00e9livrer une exp\u00e9rience des plus agr\u00e9ables. Le syst\u00e8me st\u00e9r\u00e9o d\u00e9livre une puissance totale de 20 Watts tandis que la technologie Bluetooth Audio rend possible le streaming musical depuis votre smartphone.<\/p>\n<h4>CARACT\u00c9RISTIQUES PRINCIPALES<\/h4>\n<ul>\n<li><strong>Vid\u00e9oprojecteur\u00a03LCD\u00a0Full HD<\/strong><\/li>\n<li><strong>Source lumineuse laser<\/strong>\u00a0: jusqu&#8217;\u00e0 20 000 heures de dur\u00e9e de vie (mode Eco)<\/li>\n<li><strong>Focale ultra-courte<\/strong>\u00a0: affichez une image jusqu&#8217;\u00e0 120&#8243; avec une faible distance de recul<\/li>\n<li><strong>Luminosit\u00e9 : 3600 Lumens<\/strong><\/li>\n<li>Contraste\u00a02 500 000:1<\/li>\n<li><strong>Syst\u00e8me audio st\u00e9r\u00e9o Yamaha<\/strong>\u00a0: 2 x\u00a010 Watts<\/li>\n<li>Ajustement des angles<\/li>\n<li><strong>Android TV int\u00e9gr\u00e9 avec Chromecast et Google Assistant<\/strong><\/li>\n<li>Technologie Bluetooth audio pour utiliser votre vid\u00e9oprojecteur comme enceinte<\/li>\n<li>2 entr\u00e9es HDMI (dont ARC)<\/li>\n<li>Garantie constructeur 5 ans ou 12 000 heures<\/li>\n<\/ul>\n<h3><a href=\"https:\/\/digistar.ma\/wp-content\/uploads\/2023\/07\/eh-ls300b.eh-ls300b-datasheet.pdf\">FICHE TECHNIQUE <b>ICI<\/b><\/a><\/h3>\n<\/section>\n<\/div>\n","protected":false},"excerpt":{"rendered":"<p>R\u00e9solution: 1080p<br \/>\nLuminosit\u00e9: 3.600 lumen- 1.800 lumen (\u00e9conomie) conform\u00e9ment \u00e0 la norme IDMS15.4<br \/>\nRapport de contraste: 2.500.000 : 1<br \/>\n20.000 Heures Durability High, Laser<br \/>\nRapport de projection: 0,26 &#8211; 0,35:1<br \/>\nTaille de l&#8217;image: 61 pouces &#8211; 120 pouces<br \/>\nSyst\u00e8me de projection: Technologie 3LCD, Obturateur RVB \u00e0 cristaux liquides<br \/>\nHaut-parleur: 20 W<br \/>\nPoids: 7,2 kg<br \/>\nConnexions: USB 2.0-A, USB 2.0 Mini-B, Entr\u00e9e HDMI\u00a0\u00a0(2x), Sortie audio num\u00e9rique coaxiale, LAN IEEE 802.11a\/b\/g\/n\/ac sans fil, HDMI ARC, HDMI (HDCP 2.3)<\/p>\n","protected":false},"featured_media":6365,"comment_status":"open","ping_status":"closed","template":"","meta":{"_acf_changed":false,"_monsterinsights_skip_tracking":false,"_monsterinsights_sitenote_active":false,"_monsterinsights_sitenote_note":"","_monsterinsights_sitenote_category":0,"_uf_show_specific_survey":0,"_uf_disable_surveys":false,"_joinchat":[]},"product_brand":[],"product_cat":[244,380,340,274],"product_tag":[],"class_list":{"0":"post-6364","1":"product","2":"type-product","3":"status-publish","4":"has-post-thumbnail","6":"product_cat-image-son","7":"product_cat-epson","8":"product_cat-videoprojecteur","9":"product_cat-videoprojecteur-ecran","11":"first","12":"instock","13":"sale","14":"shipping-taxable","15":"purchasable","16":"product-type-simple"},"acf":[],"jetpack_sharing_enabled":true,"_links":{"self":[{"href":"https:\/\/digistar.ma\/index.php?rest_route=\/wp\/v2\/product\/6364","targetHints":{"allow":["GET"]}}],"collection":[{"href":"https:\/\/digistar.ma\/index.php?rest_route=\/wp\/v2\/product"}],"about":[{"href":"https:\/\/digistar.ma\/index.php?rest_route=\/wp\/v2\/types\/product"}],"replies":[{"embeddable":true,"href":"https:\/\/digistar.ma\/index.php?rest_route=%2Fwp%2Fv2%2Fcomments&post=6364"}],"version-history":[{"count":1,"href":"https:\/\/digistar.ma\/index.php?rest_route=\/wp\/v2\/product\/6364\/revisions"}],"predecessor-version":[{"id":6370,"href":"https:\/\/digistar.ma\/index.php?rest_route=\/wp\/v2\/product\/6364\/revisions\/6370"}],"wp:featuredmedia":[{"embeddable":true,"href":"https:\/\/digistar.ma\/index.php?rest_route=\/wp\/v2\/media\/6365"}],"wp:attachment":[{"href":"https:\/\/digistar.ma\/index.php?rest_route=%2Fwp%2Fv2%2Fmedia&parent=6364"}],"wp:term":[{"taxonomy":"product_brand","embeddable":true,"href":"https:\/\/digistar.ma\/index.php?rest_route=%2Fwp%2Fv2%2Fproduct_brand&post=6364"},{"taxonomy":"product_cat","embeddable":true,"href":"https:\/\/digistar.ma\/index.php?rest_route=%2Fwp%2Fv2%2Fproduct_cat&post=6364"},{"taxonomy":"product_tag","embeddable":true,"href":"https:\/\/digistar.ma\/index.php?rest_route=%2Fwp%2Fv2%2Fproduct_tag&post=6364"}],"curies":[{"name":"wp","href":"https:\/\/api.w.org\/{rel}","templated":true}]}}