{"id":6431,"date":"2023-07-18T01:04:22","date_gmt":"2023-07-18T01:04:22","guid":{"rendered":"https:\/\/digistar.ma\/?post_type=product&#038;p=6431"},"modified":"2023-07-18T01:05:41","modified_gmt":"2023-07-18T01:05:41","slug":"hp-laserjet-pro-m255dw-imprimante-laser-couleur","status":"publish","type":"product","link":"https:\/\/digistar.ma\/?product=hp-laserjet-pro-m255dw-imprimante-laser-couleur","title":{"rendered":"HP LaserJet Pro M255dw Imprimante Laser Couleur"},"content":{"rendered":"<p><strong>HP LaserJet Pro M255dw Imprimante Laser Couleur<\/strong><\/p>\n<h4 class=\"h2-master\">Pour des impressions r\u00e9ussies<\/h4>\n<section>En combinant vitesse, haut rendement et facilit\u00e9 d&#8217;utilisation, l&#8217;<strong>imprimante HP LaserJet Pro M255dw\u00a0<\/strong>va grandement am\u00e9liorer votre productivit\u00e9. Pour vos impressions quotidiennes, vous appr\u00e9cierez sa\u00a0<strong>vitesse de 22 ppm<\/strong>, son\u00a0<strong>\u00e9cran tactile graphique couleur 6,8 cm (2,7 pouces)\u00a0<\/strong>avec 3 boutons sur le c\u00f4t\u00e9 gauche (accueil, aide, retour) et sa connectivit\u00e9\u00a0<strong>Wi-Fi sans fil<\/strong>. Vous pourrez\u00a0<strong>imprimer rapidement depuis un smartphone<\/strong>\u00a0ou un ordinateur m\u00eame sans vous connecter au r\u00e9seau gr\u00e2ce au Wi-Fi double bande et Wi-Fi direct. Les ports d&#8217;impression USB vous permettent d&#8217;imprimer en haut d\u00e9bit et de fa\u00e7on s\u00e9curis\u00e9e mais aussi\u00a0de stocker vos travaux. Performante, cette imprimante est aussi compacte et vous permettra d&#8217;\u00e9quiper un espace de travail r\u00e9duit sans l&#8217;encombrer.<\/p>\n<h4>CON\u00c7UE POUR VOUS FAIRE PRENDRE DE L&#8217;AVANCE<\/h4>\n<p>Avec l&#8217;imprimante laser\u00a0HP M255dw, vous allez enfin pouvoir all\u00e9ger\u00a0votre charge de travail et vous consacrer \u00e0 vos activit\u00e9s. Elle offre en effet un grand choix de fonctionnalit\u00e9s pratiques pour vous faire gagner du temps au quotidien\u00a0comme le\u00a0mode recto-verso automatique\u00a0ou encore l&#8217;impression s\u00e9curis\u00e9e via le Cloud.<\/p>\n<p>C\u00f4t\u00e9 technique, elle imprimera vos documents en quelques secondes (10.5 sec) pour s&#8217;adapter \u00e0 votre rythme de travail. Son bac\u00a0d&#8217;une\u00a0capacit\u00e9 totale de 250 feuilles\u00a0vous permettra d&#8217;imprimer sans interruption tout au long de la journ\u00e9e. Sa conception simple et son\u00a0\u00e9cran tactile graphique\u00a0vous faciliteront son utilisation.<\/p>\n<h4>CARACT\u00c9RISTIQUES PRINCIPALES de HP LaserJet Pro M255dw Imprimante Laser Couleur<\/h4>\n<ul>\n<li><strong>Imprimante laser couleur\u00a0<\/strong><\/li>\n<li><strong>Wi-Fi double bande, Wi-Fi Direct<\/strong><\/li>\n<li>Interface : Ports USB 2.0 \/ Port r\u00e9seau Fast Ethernet 10\/100Base-TX int\u00e9gr\u00e9<\/li>\n<li>Vitesse d&#8217;impression : jusqu&#8217;\u00e0 22 ppm (A4)<\/li>\n<li><strong>Recto-verso automatique<\/strong><\/li>\n<li>Bac\u00a0d&#8217;entr\u00e9e du papier :\u00a0250 feuilles<\/li>\n<li>Bac de sortie du papier :\u00a0100 feuilles<\/li>\n<li><strong>Fonctionnalit\u00e9s logicielles<\/strong>\u00a0: HP\u00a0ePrint, Apple AirPrint, Google Cloud Print<\/li>\n<li>\u00c9cran couleur graphique de 6,8 cm (2,7 pouces)<\/li>\n<li><strong>Imprimante avec c<\/strong>artouches d\u2019introduction HP LaserJet : rendement des pages composites couleur 700 (C\/j\/M) et rendement de 800 pages noir<\/li>\n<li>Dimensions : 392 x 419 x 247,5 mm<\/li>\n<\/ul>\n<\/section>\n","protected":false},"excerpt":{"rendered":"<p>Vitesse d&#8217;impression noir: 21 pages par minute (norme ISO)<br \/>\nVitesse d&#8217;impression couleur: 21 pages par minute (norme ISO)<br \/>\nQualit\u00e9 d&#8217;impression noire: Jusqu&#8217;\u00e0 600 x 600 ppp<br \/>\nQualit\u00e9 d&#8217;impression couleur: Jusqu&#8217;\u00e0 600 x 600 ppp<br \/>\nVolume de pages mensuel recommand\u00e9: 150 \u00e0 2 500 pages\/mois<br \/>\nImpression recto\/verso: Automatique<br \/>\nFonctionne avec: 4 toners (noire, cyan, magenta, jaune)<br \/>\nConnectivit\u00e9: Port USB 2.0 haut d\u00e9bit; Port r\u00e9seau Fast Ethernet 10\/100Base-TX int\u00e9gr\u00e9; connexion sans fil 802.11n 2,4\/5 GHz; Port USB h\u00f4te disponible<\/p>\n","protected":false},"featured_media":6432,"comment_status":"open","ping_status":"closed","template":"","meta":{"_acf_changed":false,"_monsterinsights_skip_tracking":false,"_monsterinsights_sitenote_active":false,"_monsterinsights_sitenote_note":"","_monsterinsights_sitenote_category":0,"_uf_show_specific_survey":0,"_uf_disable_surveys":false,"_joinchat":[]},"product_brand":[],"product_cat":[15,253,267],"product_tag":[],"class_list":{"0":"post-6431","1":"product","2":"type-product","3":"status-publish","4":"has-post-thumbnail","6":"product_cat-imprimante-scanner","7":"product_cat-imprimante","8":"product_cat-imprimante-laser-couleur","10":"first","11":"instock","12":"sale","13":"shipping-taxable","14":"purchasable","15":"product-type-simple"},"acf":[],"jetpack_sharing_enabled":true,"_links":{"self":[{"href":"https:\/\/digistar.ma\/index.php?rest_route=\/wp\/v2\/product\/6431","targetHints":{"allow":["GET"]}}],"collection":[{"href":"https:\/\/digistar.ma\/index.php?rest_route=\/wp\/v2\/product"}],"about":[{"href":"https:\/\/digistar.ma\/index.php?rest_route=\/wp\/v2\/types\/product"}],"replies":[{"embeddable":true,"href":"https:\/\/digistar.ma\/index.php?rest_route=%2Fwp%2Fv2%2Fcomments&post=6431"}],"version-history":[{"count":1,"href":"https:\/\/digistar.ma\/index.php?rest_route=\/wp\/v2\/product\/6431\/revisions"}],"predecessor-version":[{"id":6436,"href":"https:\/\/digistar.ma\/index.php?rest_route=\/wp\/v2\/product\/6431\/revisions\/6436"}],"wp:featuredmedia":[{"embeddable":true,"href":"https:\/\/digistar.ma\/index.php?rest_route=\/wp\/v2\/media\/6432"}],"wp:attachment":[{"href":"https:\/\/digistar.ma\/index.php?rest_route=%2Fwp%2Fv2%2Fmedia&parent=6431"}],"wp:term":[{"taxonomy":"product_brand","embeddable":true,"href":"https:\/\/digistar.ma\/index.php?rest_route=%2Fwp%2Fv2%2Fproduct_brand&post=6431"},{"taxonomy":"product_cat","embeddable":true,"href":"https:\/\/digistar.ma\/index.php?rest_route=%2Fwp%2Fv2%2Fproduct_cat&post=6431"},{"taxonomy":"product_tag","embeddable":true,"href":"https:\/\/digistar.ma\/index.php?rest_route=%2Fwp%2Fv2%2Fproduct_tag&post=6431"}],"curies":[{"name":"wp","href":"https:\/\/api.w.org\/{rel}","templated":true}]}}