{"id":6482,"date":"2023-07-18T23:29:39","date_gmt":"2023-07-18T23:29:39","guid":{"rendered":"https:\/\/digistar.ma\/?post_type=product&#038;p=6482"},"modified":"2023-07-18T23:29:39","modified_gmt":"2023-07-18T23:29:39","slug":"hp-150a-imprimante-laser-couleur-4zb94a","status":"publish","type":"product","link":"https:\/\/digistar.ma\/?product=hp-150a-imprimante-laser-couleur-4zb94a","title":{"rendered":"HP 150a Imprimante Laser Couleur 4ZB94A"},"content":{"rendered":"<p><strong>HP 150a Imprimante Laser Couleur 4ZB94A<\/strong><\/p>\n<p>La question m\u00e9rite d&#8217;\u00eatre pos\u00e9e avec cette imprimante HP Couleur Laser 150a qui vous permettra d&#8217;obtenir des performances d&#8217;impression productives \u00e0 un prix des plus abordable, mais pas seulement&#8230; Avec cette imprimante vous pourrez aussi obtenir des r\u00e9sultats couleur de haute qualit\u00e9.<\/p>\n<h4 class=\"h2-master\">Et pourquoi ne pas faire le choix d&#8217;une imprimante laser couleur ?<\/h4>\n<section>La question m\u00e9rite d&#8217;\u00eatre pos\u00e9e avec cette\u00a0<strong>imprimante HP Couleur Laser 150a<\/strong>\u00a0qui vous permettra d&#8217;obtenir des performances d&#8217;impression productives \u00e0 un prix des plus abordable, mais pas seulement&#8230; Avec cette imprimante vous pourrez aussi obtenir des r\u00e9sultats couleur de haute qualit\u00e9.<\/p>\n<\/section>\n<section>\n<div class=\"desc-image\"><img decoding=\"async\" src=\"https:\/\/media.ldlc.com\/bo\/images\/fiches\/imprimante\/hp\/hp%20color%20laser%20150nw\/colorlaser150nw_800_1.jpg\" alt=\"\" \/><\/div>\n<div class=\"desc-text\">\n<h4>QUALIT\u00c9 L\u00c9GENDAIRE, PRIX \u00c9TONNAMMENT ABORDABLE.<\/h4>\n<p>Cette imprimante laser R\u00e9f. 4ZB94A vous offre une qualit\u00e9 exceptionnelle, page apr\u00e8s page. Gr\u00e2ce \u00e0 elle, produisez du texte net, des noirs \u00e9clatants et des graphiques aux couleurs nettes. Avec cette imprimante, plac\u00e9e au coeur de votre environnement productif ou de loisir, vous pouvez \u00eatre s\u00fbr de faire confiance \u00e0 du mat\u00e9riel haute performance \u00e0 un prix abordable. Travaillez efficacement avec une petite imprimante compacte c&#8217;est possible. Voici donc l&#8217;imprimante laser couleur la plus petite du monde. Profitez de ses vitesses d&#8217;impression \u00e9tonnantes allant jusqu&#8217;\u00e0 19\/4 ppm.<\/p>\n<h4>CARACT\u00c9RISTIQUES PRINCIPALES :<\/h4>\n<ul>\n<li>Imprimante laser couleur<\/li>\n<li>Recto-verso manuel (support fourni)<\/li>\n<li>Conception compacte et faible encombrement<\/li>\n<li>Impression de qualit\u00e9\u00a0avec vitesse d\u2019impression de 18 ppm (noir) et 4 ppm (couleur)<\/li>\n<li>Volume de page mensuel recommand\u00e9 : jusqu&#8217;\u00e0 20000 pages format A4<\/li>\n<li>Bac d&#8217;alimentation : 150 feuilles<\/li>\n<li>Bac de sortie : 50 feuilles<\/li>\n<li>Formats de support pris en charge A4, A5, A6, B5 (JIS), Oficio 216 x 340<\/li>\n<li>Poids support\u00e9 : 60 \u00e0 220 g \/ m\u00b2<\/li>\n<li>Connectivit\u00e9 : Port USB 2.0 haute vitesse<\/li>\n<li>C\u00e2ble USB 2.0 non fourni<\/li>\n<li>Dimensions : 382 x 397,8 x 274,4 mm<\/li>\n<li>Poids : 10.04 kg<\/li>\n<\/ul>\n<\/div>\n<\/section>\n","protected":false},"excerpt":{"rendered":"<p>Vitesse d&#8217;impression noir: 18 pages par minute (norme ISO)<br \/>\nVitesse d&#8217;impression couleur: 4 pages par minute (norme ISO)<br \/>\nQualit\u00e9 d&#8217;impression noire: 600 x 600 ppp 4 bits<br \/>\nQualit\u00e9 d&#8217;impression couleur: 600 x 600 ppp\u00a04 bits<br \/>\nVolume de pages mensuel recommand\u00e9: 100 \u00e0 500<br \/>\nImpression recto\/verso: Manuelle (prise en charge des pilotes fournie)<br \/>\nFonctionne avec: 4 (noire, cyan, magenta, jaune)<br \/>\nConnectivit\u00e9: Port USB 2.0 haut d\u00e9bit<\/p>\n","protected":false},"featured_media":6483,"comment_status":"open","ping_status":"closed","template":"","meta":{"_acf_changed":false,"_monsterinsights_skip_tracking":false,"_monsterinsights_sitenote_active":false,"_monsterinsights_sitenote_note":"","_monsterinsights_sitenote_category":0,"_uf_show_specific_survey":0,"_uf_disable_surveys":false,"_joinchat":[]},"product_brand":[],"product_cat":[15,253,267],"product_tag":[],"class_list":{"0":"post-6482","1":"product","2":"type-product","3":"status-publish","4":"has-post-thumbnail","6":"product_cat-imprimante-scanner","7":"product_cat-imprimante","8":"product_cat-imprimante-laser-couleur","10":"first","11":"instock","12":"sale","13":"shipping-taxable","14":"purchasable","15":"product-type-simple"},"acf":[],"jetpack_sharing_enabled":true,"_links":{"self":[{"href":"https:\/\/digistar.ma\/index.php?rest_route=\/wp\/v2\/product\/6482","targetHints":{"allow":["GET"]}}],"collection":[{"href":"https:\/\/digistar.ma\/index.php?rest_route=\/wp\/v2\/product"}],"about":[{"href":"https:\/\/digistar.ma\/index.php?rest_route=\/wp\/v2\/types\/product"}],"replies":[{"embeddable":true,"href":"https:\/\/digistar.ma\/index.php?rest_route=%2Fwp%2Fv2%2Fcomments&post=6482"}],"version-history":[{"count":1,"href":"https:\/\/digistar.ma\/index.php?rest_route=\/wp\/v2\/product\/6482\/revisions"}],"predecessor-version":[{"id":6487,"href":"https:\/\/digistar.ma\/index.php?rest_route=\/wp\/v2\/product\/6482\/revisions\/6487"}],"wp:featuredmedia":[{"embeddable":true,"href":"https:\/\/digistar.ma\/index.php?rest_route=\/wp\/v2\/media\/6483"}],"wp:attachment":[{"href":"https:\/\/digistar.ma\/index.php?rest_route=%2Fwp%2Fv2%2Fmedia&parent=6482"}],"wp:term":[{"taxonomy":"product_brand","embeddable":true,"href":"https:\/\/digistar.ma\/index.php?rest_route=%2Fwp%2Fv2%2Fproduct_brand&post=6482"},{"taxonomy":"product_cat","embeddable":true,"href":"https:\/\/digistar.ma\/index.php?rest_route=%2Fwp%2Fv2%2Fproduct_cat&post=6482"},{"taxonomy":"product_tag","embeddable":true,"href":"https:\/\/digistar.ma\/index.php?rest_route=%2Fwp%2Fv2%2Fproduct_tag&post=6482"}],"curies":[{"name":"wp","href":"https:\/\/api.w.org\/{rel}","templated":true}]}}