{"id":6539,"date":"2023-07-19T23:05:40","date_gmt":"2023-07-19T23:05:40","guid":{"rendered":"https:\/\/digistar.ma\/?post_type=product&#038;p=6539"},"modified":"2023-07-19T23:06:08","modified_gmt":"2023-07-19T23:06:08","slug":"hp-smart-tank-670-imprimante-multifonction-a-reservoirs-rechargeables","status":"publish","type":"product","link":"https:\/\/digistar.ma\/?product=hp-smart-tank-670-imprimante-multifonction-a-reservoirs-rechargeables","title":{"rendered":"HP Smart Tank 670 Imprimante multifonction \u00e0 r\u00e9servoirs rechargeables"},"content":{"rendered":"<p><strong>HP Smart Tank 670 Imprimante multifonction \u00e0 r\u00e9servoirs rechargeables<\/strong><\/p>\n<p>Simplifiez l\u2019impression \u00e0 domicile gr\u00e2ce \u00e0 la configuration\u00a0<span class=\"m-text-nowrap\">mobile<\/span>, \u00e0 l\u2019impression recto-verso, aux boutons \u00e0 guidage intelligent, aux capteurs de niveau d\u2019encre bas et au nombre r\u00e9duit d\u2019interruptions. En outre, optimisez la valeur gr\u00e2ce \u00e0 l\u2019encre haut volume, avec jusqu\u2019\u00e0 trois ans d\u2019encre HP authentique inclus dans la\u00a0<span class=\"m-text-nowrap\">bo\u00eete.\u00a0<\/span><\/p>\n<h3 class=\"h2 c-split-module__title\">L\u2019impression familiale simple comme bonjour<\/h3>\n<p class=\"h4 c-split-module__description\">Imprimez en toute simplicit\u00e9 gr\u00e2ce \u00e0 la configuration mobile\u00a0<span class=\"m-text-nowrap\">simple de HP Smart Tank 670<\/span>, aux boutons r\u00e9tro\u00e9clair\u00e9s \u00e0 guidage intelligent et aux capteurs de niveau d\u2019encre bas. Le Wi-Fi\u00ae bi-bande \u00e0 r\u00e9paration\u00a0<span class=\"m-text-nowrap\">automatique <\/span>\u00a0et l\u2019application HP\u00a0<span class=\"m-text-nowrap\">Smart\u00a0<\/span>\u00a0facilitent l\u2019impression depuis n\u2019importe o\u00f9.<\/p>\n<h3 class=\"h2 c-split-module__title\">Augmentez votre productivit\u00e9 \u00e0 la maison<\/h3>\n<p class=\"h4 c-split-module__description\">Gagnez du temps et augmentez votre productivit\u00e9 gr\u00e2ce \u00e0 HP Smart Tank 670 Imprimante multifonction \u00e0 r\u00e9servoirs rechargeables de haute qualit\u00e9, au recto-verso et \u00e0 l\u2019appli HP <span class=\"m-text-nowrap\">Smart.\u00a0<\/span><\/p>\n<h4 class=\"c-column-module-feature__title h4\">Con\u00e7u pour l&#8217;impression de gros volumes<\/h4>\n<div class=\"c-column-module-feature__description h5\">\n<p>Obtenez jusqu\u2019\u00e0 18\u00a0000\u00a0pages en noir et blanc ou 8\u00a0000\u00a0pages en couleur d\u2019encre HP authentique incluses dans la\u00a0<span class=\"m-text-nowrap\">bo\u00eete.<\/span><\/p>\n<h4 class=\"c-column-module-feature__title h4\">Impression recto-verso automatique<\/h4>\n<div class=\"c-column-module-feature__description h5\">\n<p>Encha\u00eenez rapidement plusieurs pages de document gr\u00e2ce \u00e0 une impression recto-verso automatique.<\/p>\n<h4 class=\"c-column-module-feature__title h4\">Application HP Smart<\/h4>\n<div class=\"c-column-module-feature__description h5\">\n<p>Imprimez, num\u00e9risez et copiez depuis votre t\u00e9l\u00e9phone, o\u00f9 que vous\u00a0<span class=\"m-text-nowrap\">soyez avec HP Smart Tank 670 Imprimante multifonction \u00e0 r\u00e9servoirs rechargeables <\/span>. Profitez de la num\u00e9risation avanc\u00e9e pendant 12 mois avec HP Smart\u00a0<span class=\"m-text-nowrap\">Tank\u00a0<\/span>.<\/p>\n<\/div>\n<h4><a href=\"https:\/\/www.hp.com\/emea_africa-fr\/products\/printers\/product-details\/product-features\/2100178962\" target=\"_blank\" rel=\"noopener\">FICHE TECHNIQUE ICI<\/a><\/h4>\n<\/div>\n<\/div>\n","protected":false},"excerpt":{"rendered":"<p>Impression, num\u00e9risation, copie, sans fil<br \/>\n3 bouteilles d\u2019encre noire HP GT53XL authentique de 135 ml; Bouteille d\u2019encre cyan HP GT52 authentique; Bouteille d\u2019encre magenta HP GT52 authentique; Bouteille d\u2019encre jaune HP GT52 authentique; Cordon d\u2019alimentation; T\u00eate d\u2019impression couleur noire HP; T\u00eate d\u2019impression tricolore HP<br \/>\nVitesse d&#8217;impression noir: 22 pages\/min (12 pages\/min en norme ISO)<br \/>\nVitesse d&#8217;impression couleur: 21 pages\/min (7 pages\/min en norme ISO)<br \/>\nQualit\u00e9 d&#8217;impression noire: Jusqu&#8217;\u00e0 1 200 x 1 200 ppp rendus<br \/>\nQualit\u00e9 d&#8217;impression couleur: Jusqu&#8217;\u00e0 4800 x 1200 ppp optimis\u00e9s en couleurs pour l&#8217;impression depuis un ordinateur et 1200 ppp en entr\u00e9e<br \/>\nVolume de pages mensuel recommand\u00e9: 400 \u00e0 800<br \/>\nImpression recto\/verso: Automatique<br \/>\nFonctionne avec: 4 (noire, cyan, magenta, jaune)<br \/>\nConnectivit\u00e9: Port USB 2.0 haut d\u00e9bit; Wi-Fi; Bluetooth LE<\/p>\n","protected":false},"featured_media":6546,"comment_status":"open","ping_status":"closed","template":"","meta":{"_acf_changed":false,"_monsterinsights_skip_tracking":false,"_monsterinsights_sitenote_active":false,"_monsterinsights_sitenote_note":"","_monsterinsights_sitenote_category":0,"_uf_show_specific_survey":0,"_uf_disable_surveys":false,"_joinchat":[]},"product_brand":[],"product_cat":[15,253,265,266],"product_tag":[],"class_list":{"0":"post-6539","1":"product","2":"type-product","3":"status-publish","4":"has-post-thumbnail","6":"product_cat-imprimante-scanner","7":"product_cat-imprimante","8":"product_cat-imprimante-a-reservoirs-rechargeables","9":"product_cat-multifonction-jet-dencre","11":"first","12":"instock","13":"sale","14":"shipping-taxable","15":"purchasable","16":"product-type-simple"},"acf":[],"jetpack_sharing_enabled":true,"_links":{"self":[{"href":"https:\/\/digistar.ma\/index.php?rest_route=\/wp\/v2\/product\/6539","targetHints":{"allow":["GET"]}}],"collection":[{"href":"https:\/\/digistar.ma\/index.php?rest_route=\/wp\/v2\/product"}],"about":[{"href":"https:\/\/digistar.ma\/index.php?rest_route=\/wp\/v2\/types\/product"}],"replies":[{"embeddable":true,"href":"https:\/\/digistar.ma\/index.php?rest_route=%2Fwp%2Fv2%2Fcomments&post=6539"}],"version-history":[{"count":1,"href":"https:\/\/digistar.ma\/index.php?rest_route=\/wp\/v2\/product\/6539\/revisions"}],"predecessor-version":[{"id":6548,"href":"https:\/\/digistar.ma\/index.php?rest_route=\/wp\/v2\/product\/6539\/revisions\/6548"}],"wp:featuredmedia":[{"embeddable":true,"href":"https:\/\/digistar.ma\/index.php?rest_route=\/wp\/v2\/media\/6546"}],"wp:attachment":[{"href":"https:\/\/digistar.ma\/index.php?rest_route=%2Fwp%2Fv2%2Fmedia&parent=6539"}],"wp:term":[{"taxonomy":"product_brand","embeddable":true,"href":"https:\/\/digistar.ma\/index.php?rest_route=%2Fwp%2Fv2%2Fproduct_brand&post=6539"},{"taxonomy":"product_cat","embeddable":true,"href":"https:\/\/digistar.ma\/index.php?rest_route=%2Fwp%2Fv2%2Fproduct_cat&post=6539"},{"taxonomy":"product_tag","embeddable":true,"href":"https:\/\/digistar.ma\/index.php?rest_route=%2Fwp%2Fv2%2Fproduct_tag&post=6539"}],"curies":[{"name":"wp","href":"https:\/\/api.w.org\/{rel}","templated":true}]}}