{"id":6549,"date":"2023-07-19T23:46:03","date_gmt":"2023-07-19T23:46:03","guid":{"rendered":"https:\/\/digistar.ma\/?post_type=product&#038;p=6549"},"modified":"2023-07-19T23:46:03","modified_gmt":"2023-07-19T23:46:03","slug":"hp-smart-tank-720-imprimante-multifonction-a-reservoirs-rechargeables","status":"publish","type":"product","link":"https:\/\/digistar.ma\/?product=hp-smart-tank-720-imprimante-multifonction-a-reservoirs-rechargeables","title":{"rendered":"HP Smart Tank 720 Imprimante multifonction \u00e0 r\u00e9servoirs rechargeables"},"content":{"rendered":"<p><strong>HP Smart Tank 720 Imprimante multifonction \u00e0 r\u00e9servoirs rechargeables<\/strong><\/p>\n<p><span>Simplifiez l&#8217;impression \u00e0 domicile avec\u00a0<\/span><span class=\"m-text-nowrap\"><span>la configuration mobile<\/span> <\/span><span>, impression recto verso automatique, boutons intelligents et moins d&#8217;interruptions.\u00a0De plus, tirez le meilleur parti de l&#8217;encre \u00e0 grand volume &#8211; jusqu&#8217;\u00e0 trois ans d&#8217;encre HP d&#8217;origine incluse dans la\u00a0<\/span><span class=\"m-text-nowrap\"><span>bo\u00eete.<\/span><\/span><\/p>\n<h3 class=\"h2 c-split-module__title\"><span>Impression transparente rendue aussi simple que 1,2,3<\/span><\/h3>\n<p class=\"h4 c-split-module__description\"><span>Imprimez facilement gr\u00e2ce \u00e0\u00a0<\/span><span class=\"m-text-nowrap\"><span>une configuration mobile simple<\/span> <\/span><span>, des boutons r\u00e9tro\u00e9clair\u00e9s intelligents et des capteurs d&#8217;encre et de papier.\u00a0<span class=\"m-text-nowrap\">Wi-Fi\u00ae<\/span>\u00a0bi-bande autor\u00e9g\u00e9n\u00e9rant<\/span> <span><span class=\"m-text-nowrap\">et l&#8217; application<\/span>\u00a0HP Smart<\/span> <span>facilitez l&#8217;impression de n&#8217;importe o\u00f9.<\/span><\/p>\n<h3 class=\"h2 c-split-module__title\"><span>Une augmentation de la productivit\u00e9 \u00e0 la maison<\/span><\/h3>\n<p class=\"h4 c-split-module__description\"><span>Gagnez du temps et faites-en plus avec une qualit\u00e9 d&#8217;impression exceptionnelle avec HP Smart Tank 720, l&#8217;impression recto verso et l&#8217; <\/span><span class=\"m-text-nowrap\"><span>application HP Smart HP Smart Tank 720 Imprimante multifonction \u00e0 r\u00e9servoirs rechargeables .<\/span><\/span><\/p>\n<div class=\"c-column-module-feature\">\n<h4 class=\"c-column-module-feature__title h4\"><span>Con\u00e7u pour l&#8217;impression \u00e0 grand volume<\/span><\/h4>\n<div class=\"c-column-module-feature__description h5\">\n<p><span>Obtenez jusqu&#8217;\u00e0 18 000 pages en noir ou 8 000 pages en couleur d&#8217;encre HP d&#8217;origine incluses dans la\u00a0<\/span><span class=\"m-text-nowrap\"><span>bo\u00eete.<\/span><\/span><\/p>\n<\/div>\n<\/div>\n<div class=\"c-column-module-feature\">\n<h4 class=\"c-column-module-feature__title h4\"><span>Impression recto verso automatique<\/span><\/h4>\n<div class=\"c-column-module-feature__description h5\">\n<p><span>Acc\u00e9l\u00e9rez les documents de plusieurs pages gr\u00e2ce \u00e0 l&#8217;impression recto verso automatique de HP Smart Tank 720.<\/span><\/p>\n<\/div>\n<\/div>\n<div class=\"c-column-module-feature\">\n<h4 class=\"c-column-module-feature__title h4\"><span>Application HP Smart<\/span><\/h4>\n<div class=\"c-column-module-feature__description h5\">\n<p><span>Imprimez, num\u00e9risez et copiez depuis votre t\u00e9l\u00e9phone, o\u00f9 que vous\u00a0<\/span><span class=\"m-text-nowrap\"><span>soyez.<\/span><\/span><span>Profitez d&#8217;une num\u00e9risation avanc\u00e9e pendant 12 mois avec HP Smart\u00a0<\/span><span class=\"m-text-nowrap\"><span>Tank.<\/span><\/span><\/p>\n<h4><a href=\"https:\/\/www.hp.com\/emea_africa-en\/products\/printers\/product-details\/product-features\/2100178976\" target=\"_blank\" rel=\"noopener\">FICHE TECHNIQUE DE HP Smart Tank 720 Imprimante multifonction \u00e0 r\u00e9servoirs rechargeables\u00a0 ICI<\/a><\/h4>\n<\/div>\n<\/div>\n","protected":false},"excerpt":{"rendered":"<p>Impression, num\u00e9risation, copie, sans fil<br \/>\nVitesse d&#8217;impression noir: 23 pages\/min (15 pages\/min en norme ISO)<br \/>\nVitesse d&#8217;impression couleur: 22 pages\/min (9 pages\/min en norme ISO)<br \/>\nQualit\u00e9 d&#8217;impression noire: Jusqu&#8217;\u00e0 1 200 x 1 200 ppp rendus<br \/>\nQualit\u00e9 d&#8217;impression couleur: Jusqu&#8217;\u00e0 4800 x 1200 ppp optimis\u00e9s en couleurs pour l&#8217;impression depuis un ordinateur et 1200\u00a0ppp en entr\u00e9e<br \/>\nVolume de pages mensuel recommand\u00e9: 400 \u00e0 800<br \/>\nImpression recto\/verso: Automatique<br \/>\nFonctionne avec: 4 (1 bouteille d&#8217;encre noire, jeu de 3 bouteilles d&#8217;encre de couleur)<br \/>\nConnectivit\u00e9: USB 2.0 haut d\u00e9bit ; Wi-Fi ; Bluetooth LE<\/p>\n","protected":false},"featured_media":6553,"comment_status":"open","ping_status":"closed","template":"","meta":{"_acf_changed":false,"_monsterinsights_skip_tracking":false,"_monsterinsights_sitenote_active":false,"_monsterinsights_sitenote_note":"","_monsterinsights_sitenote_category":0,"_uf_show_specific_survey":0,"_uf_disable_surveys":false,"_joinchat":[]},"product_brand":[],"product_cat":[15,253,265,266],"product_tag":[],"class_list":{"0":"post-6549","1":"product","2":"type-product","3":"status-publish","4":"has-post-thumbnail","6":"product_cat-imprimante-scanner","7":"product_cat-imprimante","8":"product_cat-imprimante-a-reservoirs-rechargeables","9":"product_cat-multifonction-jet-dencre","11":"first","12":"instock","13":"sale","14":"shipping-taxable","15":"purchasable","16":"product-type-simple"},"acf":[],"jetpack_sharing_enabled":true,"_links":{"self":[{"href":"https:\/\/digistar.ma\/index.php?rest_route=\/wp\/v2\/product\/6549","targetHints":{"allow":["GET"]}}],"collection":[{"href":"https:\/\/digistar.ma\/index.php?rest_route=\/wp\/v2\/product"}],"about":[{"href":"https:\/\/digistar.ma\/index.php?rest_route=\/wp\/v2\/types\/product"}],"replies":[{"embeddable":true,"href":"https:\/\/digistar.ma\/index.php?rest_route=%2Fwp%2Fv2%2Fcomments&post=6549"}],"version-history":[{"count":1,"href":"https:\/\/digistar.ma\/index.php?rest_route=\/wp\/v2\/product\/6549\/revisions"}],"predecessor-version":[{"id":6555,"href":"https:\/\/digistar.ma\/index.php?rest_route=\/wp\/v2\/product\/6549\/revisions\/6555"}],"wp:featuredmedia":[{"embeddable":true,"href":"https:\/\/digistar.ma\/index.php?rest_route=\/wp\/v2\/media\/6553"}],"wp:attachment":[{"href":"https:\/\/digistar.ma\/index.php?rest_route=%2Fwp%2Fv2%2Fmedia&parent=6549"}],"wp:term":[{"taxonomy":"product_brand","embeddable":true,"href":"https:\/\/digistar.ma\/index.php?rest_route=%2Fwp%2Fv2%2Fproduct_brand&post=6549"},{"taxonomy":"product_cat","embeddable":true,"href":"https:\/\/digistar.ma\/index.php?rest_route=%2Fwp%2Fv2%2Fproduct_cat&post=6549"},{"taxonomy":"product_tag","embeddable":true,"href":"https:\/\/digistar.ma\/index.php?rest_route=%2Fwp%2Fv2%2Fproduct_tag&post=6549"}],"curies":[{"name":"wp","href":"https:\/\/api.w.org\/{rel}","templated":true}]}}