{"id":6672,"date":"2023-07-21T22:39:20","date_gmt":"2023-07-21T22:39:20","guid":{"rendered":"https:\/\/digistar.ma\/?post_type=product&#038;p=6672"},"modified":"2023-07-21T22:39:20","modified_gmt":"2023-07-21T22:39:20","slug":"hp-laserjet-pro-m182n-imprimante-multifonction-laser-couleur","status":"publish","type":"product","link":"https:\/\/digistar.ma\/?product=hp-laserjet-pro-m182n-imprimante-multifonction-laser-couleur","title":{"rendered":"HP LaserJet Pro M182n Imprimante Multifonction Laser Couleur"},"content":{"rendered":"<p><strong>HP LaserJet Pro M182n Imprimante Multifonction Laser Couleur<\/strong><\/p>\n<h4 class=\"h2-master\">Adapt\u00e9e pour les besoins professionnels\u00a0des \u00e9quipes de 5 utilisateurs<\/h4>\n<section>Gagnez en productivit\u00e9 et lib\u00e9rez du temps pour vos activit\u00e9s\u00a0en installant l&#8217;<strong>imprimante multifonction\u00a0HP LaserJet Pro M182n<\/strong>\u00a0dans votre univers professionnel. Ce mod\u00e8le 3-en-1 est id\u00e9al pour des \u00e9quipes de 5 utilisateurs. Elle vous assure jusqu&#8217;\u00e0 1500 pages par mois, ce qui fait qu&#8217;elle se montrera rapidement indispensable pour vos besoins du quotidien. Connectable par le biais de son port USB 2.0 haut d\u00e9bit et de son port r\u00e9seau Fast Ethernet 10\/100 Base-TX int\u00e9gr\u00e9, cette imprimante propose une prise en main simple et rapide pour l&#8217;ensemble de vos collaborateurs.<\/p>\n<\/section>\n<section>\n<div class=\"desc-image\"><img decoding=\"async\" src=\"https:\/\/media.ldlc.com\/bo\/images\/fiches\/imprimante\/hp\/laserjet%20pro%20m182n\/mfpm182n_800_1.jpg\" alt=\"\" \/><\/div>\n<div class=\"desc-text\">\n<h2><\/h2>\n<h4>UN OUTIL DE TRAVAIL PERFORMANT<\/h4>\n<p>Avec l&#8217;imprimante <strong style=\"font-size: 16px;\">HP LaserJet Pro M182n<\/strong><span style=\"font-size: 16px;\">, vous apportez \u00e0 votre environnement professionnel\u00a0une solution efficace et compl\u00e8te pour vos besoins du quotidien. Imprimez, num\u00e9risez et copiez en toute simplicit\u00e9 avec en plus, une s\u00e9r\u00e9nit\u00e9 absolue gr\u00e2ce \u00e0 la au fait que cette imprimante soit capable d&#8217;accueillir\u00a0<\/span><strong style=\"font-size: 16px;\">jusqu&#8217;\u00e0 150 feuilles.<\/strong><\/p>\n<\/div>\n<\/section>\n<section>\n<div class=\"desc-text\">\n<h4>FONCTIONNALIT\u00c9S CONNECT\u00c9ES<\/h4>\n<p>Connect\u00e9e, l&#8217;imprimante<strong>\u00a0HP LaserJet Pro M182n<\/strong>\u00a0vous fait b\u00e9n\u00e9ficier d&#8217;un port Fast Ethernet et d&#8217;un port USB 2.0. L&#8217;<strong>impression mobile<\/strong>\u00a0est \u00e9galement pr\u00e9sente avec une compatibilit\u00e9 Apple AirPrint, Mopria et Google Print 2.0. Enfin, l&#8217;\u00e9cran\u00a0<strong>LCD ICON 7 segments<\/strong>\u00a0apportera \u00e0 chaque utilisateur un confort suppl\u00e9mentaire pour effectuer chaque action.<\/p>\n<\/div>\n<div class=\"desc-image\"><img decoding=\"async\" src=\"https:\/\/media.ldlc.com\/bo\/images\/fiches\/imprimante\/hp\/laserjet%20pro%20m182n\/mfpm182n_800_2.jpg\" alt=\"\" \/><\/div>\n<\/section>\n<section class=\"list\">\n<h4>CARACT\u00c9RISTIQUES PRINCIPALES :<\/h4>\n<ul>\n<li><b>Imprimante laser couleur multifonction 3-en-1<\/b><\/li>\n<li>Impression \/ Copie \/ Num\u00e9risation<\/li>\n<li>D\u00e9lai d&#8217;impression de la premi\u00e8re page noire (A4, pr\u00eat) : En 11,8 secondes seulement<\/li>\n<li>D\u00e9lai d&#8217;impression de la premi\u00e8re page couleur (A4, pr\u00eat) : En 13,8 secondes seulement<\/li>\n<li>Vitesse de copie : jusqu&#8217;\u00e0 16 ppm<\/li>\n<li>Vitesse de num\u00e9risation : varie en fonction de la r\u00e9solution de num\u00e9risation<\/li>\n<li>Ecran LCD ICON 7 segments<\/li>\n<li><strong>Port\u00a0USB 2.0 et connecteur Fast Ethernet\u00a0<\/strong>10\/100 Base-TX<\/li>\n<li><strong>Compatibilit\u00e9 impression mobile avec\u00a0AirPrint, Mopria, Google Print 2.0<\/strong><\/li>\n<\/ul>\n<h3><a href=\"https:\/\/www.hp.com\/emea_africa-fr\/products\/printers\/product-details\/product-specifications\/29448781\" target=\"_blank\" rel=\"noopener\">FICHE TECHNIQUE ICI<\/a><\/h3>\n<\/section>\n","protected":false},"excerpt":{"rendered":"<p>Impression, copie, num\u00e9risation<br \/>\nVitesse d&#8217;impression noir: 16 pages par minute (norme ISO)<br \/>\nVitesse d&#8217;impression couleur: 16 pages par minute (norme ISO)<br \/>\nQualit\u00e9 d&#8217;impression noire: Jusqu&#8217;\u00e0 600 x 600 ppp<br \/>\nQualit\u00e9 d&#8217;impression couleur: Jusqu&#8217;\u00e0 600 x 600 ppp<br \/>\nVolume de pages mensuel recommand\u00e9: Jusqu&#8217;\u00e0 1 500 pages par mois<br \/>\nImpression recto\/verso: Manuelle (prise en charge des pilotes fournie)<br \/>\nFonctionne avec: 4 cartouches de toner (noir, cyan, magenta, jaune)<br \/>\nConnectivit\u00e9: USB, Fast Ethernet int\u00e9gr\u00e9<\/p>\n","protected":false},"featured_media":6673,"comment_status":"open","ping_status":"closed","template":"","meta":{"_acf_changed":false,"_monsterinsights_skip_tracking":false,"_monsterinsights_sitenote_active":false,"_monsterinsights_sitenote_note":"","_monsterinsights_sitenote_category":0,"_uf_show_specific_survey":0,"_uf_disable_surveys":false,"_joinchat":[]},"product_brand":[],"product_cat":[15,253,268],"product_tag":[],"class_list":{"0":"post-6672","1":"product","2":"type-product","3":"status-publish","4":"has-post-thumbnail","6":"product_cat-imprimante-scanner","7":"product_cat-imprimante","8":"product_cat-multifonction-laser-couleur","10":"first","11":"instock","12":"sale","13":"shipping-taxable","14":"purchasable","15":"product-type-simple"},"acf":[],"jetpack_sharing_enabled":true,"_links":{"self":[{"href":"https:\/\/digistar.ma\/index.php?rest_route=\/wp\/v2\/product\/6672","targetHints":{"allow":["GET"]}}],"collection":[{"href":"https:\/\/digistar.ma\/index.php?rest_route=\/wp\/v2\/product"}],"about":[{"href":"https:\/\/digistar.ma\/index.php?rest_route=\/wp\/v2\/types\/product"}],"replies":[{"embeddable":true,"href":"https:\/\/digistar.ma\/index.php?rest_route=%2Fwp%2Fv2%2Fcomments&post=6672"}],"version-history":[{"count":1,"href":"https:\/\/digistar.ma\/index.php?rest_route=\/wp\/v2\/product\/6672\/revisions"}],"predecessor-version":[{"id":6678,"href":"https:\/\/digistar.ma\/index.php?rest_route=\/wp\/v2\/product\/6672\/revisions\/6678"}],"wp:featuredmedia":[{"embeddable":true,"href":"https:\/\/digistar.ma\/index.php?rest_route=\/wp\/v2\/media\/6673"}],"wp:attachment":[{"href":"https:\/\/digistar.ma\/index.php?rest_route=%2Fwp%2Fv2%2Fmedia&parent=6672"}],"wp:term":[{"taxonomy":"product_brand","embeddable":true,"href":"https:\/\/digistar.ma\/index.php?rest_route=%2Fwp%2Fv2%2Fproduct_brand&post=6672"},{"taxonomy":"product_cat","embeddable":true,"href":"https:\/\/digistar.ma\/index.php?rest_route=%2Fwp%2Fv2%2Fproduct_cat&post=6672"},{"taxonomy":"product_tag","embeddable":true,"href":"https:\/\/digistar.ma\/index.php?rest_route=%2Fwp%2Fv2%2Fproduct_tag&post=6672"}],"curies":[{"name":"wp","href":"https:\/\/api.w.org\/{rel}","templated":true}]}}