{"id":6709,"date":"2023-07-22T00:42:21","date_gmt":"2023-07-22T00:42:21","guid":{"rendered":"https:\/\/digistar.ma\/?post_type=product&#038;p=6709"},"modified":"2023-07-22T00:42:22","modified_gmt":"2023-07-22T00:42:22","slug":"hp-laserjet-pro-4003dw-imprimante-laser-monochrome","status":"publish","type":"product","link":"https:\/\/digistar.ma\/?product=hp-laserjet-pro-4003dw-imprimante-laser-monochrome","title":{"rendered":"HP LaserJet Pro 4003dw Imprimante Laser Monochrome"},"content":{"rendered":"<p><strong>HP LaserJet Pro 4003dw Imprimante Laser Monochrome <\/strong><\/p>\n<div class=\"ccs-cc-inline-features-block ccs-cc-inline-single-feature\">\n<div class=\"ccs-cc-inline-feature\" data-type=\"text\">\n<div class=\"ccs-cc-inline-feature-content ccs-cc-inline-feature-description\">Imprimantes sont con\u00e7ues pour une productivit\u00e9 maximale avec des vitesses rapides et un mat\u00e9riel fiable offrant une utilisation quotidienne sans effort o\u00f9 que vous travailliez afin que vous puissiez vous concentrer davantage sur votre entreprise.<br \/>\nImprimante avec s\u00e9curit\u00e9 dynamique<br \/>\nCertaines imprimantes HP ont \u00e9t\u00e9 con\u00e7ues pour fonctionner uniquement avec des cartouches disposant d\u2019une puce ou d\u2019un circuit \u00e9lectronique HP neuf ou r\u00e9utilis\u00e9. Ces imprimantes sont \u00e9quip\u00e9es d\u2019un dispositif de s\u00e9curit\u00e9 dynamique pour bloquer les cartouches utilisant une puce ou un circuit \u00e9lectronique non-HP. Les mises \u00e0 jour p\u00e9riodiques du micrologiciel permettent d\u2019assurer l\u2019efficacit\u00e9 de ces mesures et bloquent les cartouches qui fonctionnaient auparavant. Les puces et circuits \u00e9lectroniques HP r\u00e9utilis\u00e9s permettent d\u2019utiliser des cartouches r\u00e9utilis\u00e9es, reconditionn\u00e9es ou recycl\u00e9es.<\/div>\n<\/div>\n<\/div>\n<div class=\"ccs-cc-inline-features-block ccs-cc-inline-multicolumn\" data-count=\"2\" data-media=\"false\">\n<div class=\"ccs-cc-inline-feature\">\n<div class=\"ccs-cc-inline-feature-content ccs-cc-inline-feature-description\" data-order=\"0\">\n<h3>Performances maximales<\/h3>\n<p>Soutenez votre \u00e9quipe de travail dynamique avec HP LaserJet Pro 4003dw Imprimante Laser Monochrome intelligente rapide, id\u00e9ale jusqu\u2019\u00e0 10 utilisateurs.<\/p>\n<\/div>\n<div class=\"ccs-cc-inline-feature-content ccs-cc-inline-feature-description\" data-order=\"1\">\n<h3>Une productivit\u00e9 maximale.<\/h3>\n<p>N\u2019attendez pas les travaux d\u2019impression. Sans temps de pr\u00e9chauffage, votre imprimante est toujours pr\u00eate.<\/p>\n<\/div>\n<\/div>\n<\/div>\n<div class=\"ccs-cc-inline-features-block ccs-cc-inline-multicolumn\" data-count=\"2\" data-media=\"false\">\n<div class=\"ccs-cc-inline-feature\">\n<div class=\"ccs-cc-inline-feature-content ccs-cc-inline-feature-description\" data-order=\"0\">\n<h3>Une gestion sans faille<\/h3>\n<p>Connectez vos HP LaserJet Pro 4003dw Imprimante Laser Monochrome. Des fonctionnalit\u00e9s robustes et des outils intelligents aident vos collaborateurs \u00e0 en faire plus, quel que soit l\u2019endroit o\u00f9 ils travaillent.<\/p>\n<\/div>\n<div class=\"ccs-cc-inline-feature-content ccs-cc-inline-feature-description\" data-order=\"1\">\n<h3>HP Wolf Pro Security.<\/h3>\n<p>B\u00e9n\u00e9ficiez de la s\u00e9curit\u00e9 de votre parc d\u2019imprimantes d\u00e8s la sortie de l\u2019emballage. Gr\u00e2ce aux param\u00e8tres pr\u00e9configur\u00e9s, elle est pr\u00eate quand vous l\u2019\u00eates.<\/p>\n<\/div>\n<\/div>\n<\/div>\n<h2>Sp\u00e9cifications principales<\/h2>\n<div class=\"ccs-cc-inline-features-block ccs-cc-inline-multicolumn\" data-count=\"2\" data-media=\"false\">\n<div class=\"ccs-cc-inline-feature\">\n<div class=\"ccs-cc-inline-feature-content ccs-cc-inline-feature-description\" data-order=\"0\">\n<h3>Grande solution d\u2019\u00e9quipe de travail<\/h3>\n<p>Soutenez votre \u00e9quipe de travail dynamique avec cette imprimante intelligente rapide, id\u00e9ale jusqu\u2019\u00e0 10 utilisateurs.<\/p>\n<\/div>\n<div class=\"ccs-cc-inline-feature-content ccs-cc-inline-feature-description\" data-order=\"1\">\n<h3>Vitesse d\u2019impression de cat\u00e9gorie HP Pro<\/h3>\n<p>Am\u00e9liorez votre flux de travail. La vitesse d\u2019impression de cat\u00e9gorie HP Pro atteint jusqu\u2019\u00e0 42 ppm afin de satisfaire les environnements \u00e0 forte demande.<\/p>\n<\/div>\n<\/div>\n<\/div>\n<div class=\"ccs-cc-inline-features-block ccs-cc-inline-multicolumn\" data-count=\"2\" data-media=\"false\">\n<div class=\"ccs-cc-inline-feature\">\n<div class=\"ccs-cc-inline-feature-content ccs-cc-inline-feature-description\" data-order=\"0\">\n<h3>HP Smart<\/h3>\n<p>Faites-en plus en moins de temps. Des raccourcis simples permettent \u00e0 vos employ\u00e9s d\u2019effectuer des t\u00e2ches courantes \u00e0 l\u2019aide d\u2019une simple touche.<\/p>\n<\/div>\n<div class=\"ccs-cc-inline-feature-content ccs-cc-inline-feature-description\" data-order=\"1\">\n<h3>Connexion au cloud<\/h3>\n<p>Connectez vos imprimantes HP. Des fonctionnalit\u00e9s robustes et des outils intelligents aident vos collaborateurs \u00e0 en faire plus, quel que soit l\u2019endroit o\u00f9 ils travaillent.<\/p>\n<\/div>\n<\/div>\n<\/div>\n<div class=\"ccs-cc-inline-features-block ccs-cc-inline-multicolumn\" data-count=\"2\" data-media=\"false\">\n<div class=\"ccs-cc-inline-feature\">\n<div class=\"ccs-cc-inline-feature-content ccs-cc-inline-feature-description\" data-order=\"0\">\n<h3>HP Smart Admin<\/h3>\n<p>Acc\u00e9dez \u00e0 vos imprimantes \u00e0 partir d\u2019un seul tableau de bord. HP Smart Admin vous guide tout au long de la configuration et offre au service informatique un acc\u00e8s \u00e0 l\u2019ensemble des informations relatives aux impressions.<\/p>\n<\/div>\n<div class=\"ccs-cc-inline-feature-content ccs-cc-inline-feature-description\" data-order=\"1\">\n<h3>Pr\u00eate \u00e0 l\u2019emploi en toute s\u00e9curit\u00e9<\/h3>\n<p>Utilisez votre imprimante en toute s\u00e9curit\u00e9 d\u00e8s sa sortie de l\u2019emballage. Gr\u00e2ce aux param\u00e8tres pr\u00e9configur\u00e9s, elle est pr\u00eate quand vous l\u2019\u00eates.<\/p>\n<\/div>\n<\/div>\n<\/div>\n<div class=\"ccs-cc-inline-features-block ccs-cc-inline-multicolumn\" data-count=\"2\" data-media=\"false\">\n<div class=\"ccs-cc-inline-feature\">\n<div class=\"ccs-cc-inline-feature-content ccs-cc-inline-feature-description\" data-order=\"0\">\n<h3>Fonction Wi-Fi<sup>\u00ae<\/sup>\u00a0auto-r\u00e9paratrice<\/h3>\n<\/div>\n<div class=\"ccs-cc-inline-feature-content ccs-cc-inline-feature-description\" data-order=\"1\">\n<h3>HP JetAdvantage Security Manager en option<\/h3>\n<p>D\u00e9finissez des politiques de configuration et validez les param\u00e8tres de mani\u00e8re universelle avec HP JetAdvantage Security Manager.<\/p>\n<\/div>\n<\/div>\n<\/div>\n<div class=\"ccs-cc-inline-features-block ccs-cc-inline-multicolumn\" data-count=\"2\" data-media=\"false\">\n<div class=\"ccs-cc-inline-feature\">\n<div class=\"ccs-cc-inline-feature-content ccs-cc-inline-feature-description\" data-order=\"0\">\n<h3>Toner EcoSmart<\/h3>\n<p>Imprimez intelligemment et \u00e9conomisez de l\u2019\u00e9nergie dans votre bureau avec les toners HP authentiques et JetIntelligence. Le toner noir EcoSmart authentique \u00e0 faible point de fusion sp\u00e9cialement formul\u00e9 est r\u00e9gl\u00e9 avec pr\u00e9cision pour fournir des impressions de haute qualit\u00e9 et correspondre \u00e0 une puissante performance<\/p>\n<\/div>\n<\/div>\n<\/div>\n<div class=\"ccs-cc-inline-features-block ccs-cc-inline-single-feature\">\n<div class=\"ccs-cc-inline-feature\" data-type=\"text\">\n<div class=\"ccs-cc-inline-feature-content ccs-cc-inline-feature-description\">\n<h3>Cartouches HP d\u2019origine<\/h3>\n<ul>\n<li>Toner noir LaserJet authentique HP 151A (env. 3\u00a0050 pages), W1510A<\/li>\n<li>Toner noir LaserJet authentique HP 151X (env. 9\u00a0700 pages), W1510X<\/li>\n<\/ul>\n<h3><a href=\"https:\/\/digistar.ma\/wp-content\/uploads\/2023\/07\/HP-LaserJet-Pro-4003dw-Imprimante-Laser-Monochrome.pdf\">FICHE TECHNIQUE ICI<\/a><\/h3>\n<\/div>\n<\/div>\n<\/div>\n<div class=\"ccs-cc-inline-features-block ccs-cc-inline-multicolumn\" data-count=\"2\" data-media=\"false\">\n<div class=\"ccs-cc-inline-feature\">\n<div class=\"ccs-cc-inline-feature-content ccs-cc-inline-feature-description\" data-order=\"1\"><\/div>\n<\/div>\n<\/div>\n","protected":false},"excerpt":{"rendered":"<p>Vitesse d&#8217;impression noir: Jusqu&#8217;\u00e0 40 ppm (norme ISO)<br \/>\nQualit\u00e9 d&#8217;impression noire: Lignes fines (1 200 x 1 200 ppp)<br \/>\nVolume de pages mensuel recommand\u00e9: 750 \u00e0 4 000<br \/>\nImpression \u00a0recto\/verso: Automatique<br \/>\nFonctionne avec: 1 (noir)<br \/>\nConnectivit\u00e9: 1\u00a0port USB 2.0 haut d\u00e9bit, 1\u00a0port USB h\u00f4te \u00e0 l\u2019arri\u00e8re; r\u00e9seau Gigabit Ethernet 10\/100\/1000BASE-T; 802.11b\/g\/n \/ 2,4\/5 GHZ Wi-Fi radio + Bluetooth; 802.3az(EEE)<\/p>\n<p><strong>La s\u00e9rie HP LaserJet Pro 4003 remplace la s\u00e9rie HP LaserJet Pro M404.<\/strong><\/p>\n","protected":false},"featured_media":6710,"comment_status":"open","ping_status":"closed","template":"","meta":{"_acf_changed":false,"_monsterinsights_skip_tracking":false,"_monsterinsights_sitenote_active":false,"_monsterinsights_sitenote_note":"","_monsterinsights_sitenote_category":0,"_uf_show_specific_survey":0,"_uf_disable_surveys":false,"_joinchat":[]},"product_brand":[],"product_cat":[15,253,270,290],"product_tag":[],"class_list":{"0":"post-6709","1":"product","2":"type-product","3":"status-publish","4":"has-post-thumbnail","6":"product_cat-imprimante-scanner","7":"product_cat-imprimante","8":"product_cat-imprimante-laser-monochrome","9":"product_cat-meilleures-ventes","11":"first","12":"instock","13":"sale","14":"shipping-taxable","15":"purchasable","16":"product-type-simple"},"acf":[],"jetpack_sharing_enabled":true,"_links":{"self":[{"href":"https:\/\/digistar.ma\/index.php?rest_route=\/wp\/v2\/product\/6709","targetHints":{"allow":["GET"]}}],"collection":[{"href":"https:\/\/digistar.ma\/index.php?rest_route=\/wp\/v2\/product"}],"about":[{"href":"https:\/\/digistar.ma\/index.php?rest_route=\/wp\/v2\/types\/product"}],"replies":[{"embeddable":true,"href":"https:\/\/digistar.ma\/index.php?rest_route=%2Fwp%2Fv2%2Fcomments&post=6709"}],"version-history":[{"count":1,"href":"https:\/\/digistar.ma\/index.php?rest_route=\/wp\/v2\/product\/6709\/revisions"}],"predecessor-version":[{"id":6714,"href":"https:\/\/digistar.ma\/index.php?rest_route=\/wp\/v2\/product\/6709\/revisions\/6714"}],"wp:featuredmedia":[{"embeddable":true,"href":"https:\/\/digistar.ma\/index.php?rest_route=\/wp\/v2\/media\/6710"}],"wp:attachment":[{"href":"https:\/\/digistar.ma\/index.php?rest_route=%2Fwp%2Fv2%2Fmedia&parent=6709"}],"wp:term":[{"taxonomy":"product_brand","embeddable":true,"href":"https:\/\/digistar.ma\/index.php?rest_route=%2Fwp%2Fv2%2Fproduct_brand&post=6709"},{"taxonomy":"product_cat","embeddable":true,"href":"https:\/\/digistar.ma\/index.php?rest_route=%2Fwp%2Fv2%2Fproduct_cat&post=6709"},{"taxonomy":"product_tag","embeddable":true,"href":"https:\/\/digistar.ma\/index.php?rest_route=%2Fwp%2Fv2%2Fproduct_tag&post=6709"}],"curies":[{"name":"wp","href":"https:\/\/api.w.org\/{rel}","templated":true}]}}