{"id":6748,"date":"2023-07-23T11:47:08","date_gmt":"2023-07-23T11:47:08","guid":{"rendered":"https:\/\/digistar.ma\/?post_type=product&#038;p=6748"},"modified":"2023-07-23T11:47:09","modified_gmt":"2023-07-23T11:47:09","slug":"imprimante-laser-monochrome-hp-laserjet-m111w","status":"publish","type":"product","link":"https:\/\/digistar.ma\/?product=imprimante-laser-monochrome-hp-laserjet-m111w","title":{"rendered":"Imprimante Laser Monochrome HP LaserJet M111w"},"content":{"rendered":"<p><strong>Imprimante Laser Monochrome HP LaserJet M111w<\/strong><\/p>\n<h4 class=\"h2-master\">L&#8217;imprimante laser, incroyablement compacte&#8230; et si \u00e9l\u00e9gante<\/h4>\n<section>B\u00e9n\u00e9ficiez d&#8217;une impression rapide dans votre espace r\u00e9duit, tout en ne mettant pas \u00e0 mal votre\u00a0budget, gr\u00e2ce \u00e0 l&#8217;<strong>imprimante HP LaserJet M111w<\/strong>. Id\u00e9ale pour le bureau \u00e0 domicile et les PME, elle vous permet d&#8217;am\u00e9liorer votre productivit\u00e9 avec des\u00a0<strong>vitesses d&#8217;impression pouvant atteindre 20 ppm<\/strong>, tout en profitant d&#8217;une qualit\u00e9 de rendu exceptionnelle.<\/p>\n<p>Cette\u00a0<strong>imprimante monochrome\u00a0<\/strong>int\u00e8gre \u00e9galement un\u00a0<strong>port USB 2.0<\/strong>\u00a0haut d\u00e9bit mais aussi une\u00a0<strong>connexion Bluetooth et\u00a0Wi-Fi\u00a0<\/strong>avec Apple AirPrint ou encore Google Cloud Print. <strong>Imprimante Laser Monochrome HP LaserJet M111w<\/strong> se veut peu gourmande en \u00e9nergie gr\u00e2ce \u00e0 la technologie HP Auto-On\/Auto-Off. Mais ce n&#8217;est pas tout, la particularit\u00e9 de la LaserJet M111w c&#8217;est son incroyable compacit\u00e9 qui lui permet de trouver facilement sa place m\u00eame au sein des plus petits espaces. Cette imprimante est un \u00e9quipement de choix qui vous permettra de mener \u00e0 bien tous vos projets.<\/p>\n<\/section>\n<section>\n<div class=\"desc-image\"><img decoding=\"async\" src=\"https:\/\/media.ldlc.com\/bo\/images\/fiches\/imprimante\/hp\/laserjet%20pro%20m110w\/m110w_800_1.jpg\" alt=\"\" \/><\/div>\n<div class=\"desc-text\">\n<h2>ENCHA\u00ceNEZ RAPIDEMENT LES T\u00c2CHES D&#8217;IMPRESSION QUALITATIVES<\/h2>\n<p>Cette\u00a0imprimante monochrome\u00a0am\u00e9liore votre productivit\u00e9\u00a0avec des\u00a0<strong>vitesses d&#8217;impression encore plus rapide, pouvant atteindre 20 ppm<\/strong>. Page apr\u00e8s page, elle offre une qualit\u00e9 d&#8217;impression exceptionnelle. Avec elle vous allez pouvoir encha\u00eener rapidement les t\u00e2ches d&#8217;impression.<\/p>\n<p>Vous appr\u00e9cierez aussi son\u00a0<strong>design intelligent et \u00e9l\u00e9gant<\/strong>\u00a0qui vous assurera une utilisation simple et intuitive. Cette LaserJet Pro, qui est sans aucun doute la Laser la plus\u00a0<strong>compacte<\/strong>\u00a0du march\u00e9, s&#8217;installera discr\u00e8tement n&#8217;importe o\u00f9.<\/p>\n<h4>Caract\u00e9ristiques de Imprimante Laser Monochrome HP LaserJet M111w<\/h4>\n<\/div>\n<p>Vitesse d&#8217;impression noir: 20 pages par minute (norme ISO)<br \/>\nQualit\u00e9 d&#8217;impression noire: Jusqu&#8217;\u00e0 600 x 600\u00a0ppp<br \/>\nVolume de pages mensuel recommand\u00e9: 100 \u00e0 1000<br \/>\nImpression recto\/verso: Manuelle<br \/>\nFonctionne avec: 1 (noir)<br \/>\nConnectivit\u00e9: 1 port USB 2.0\u00a0haut d\u00e9bit ; 2,4 GHz 802.11b\/g\/n sans fil avec Bluetooth\u00ae \u00e0 faible consommation \u00e9nerg\u00e9tique<\/p>\n<\/section>\n","protected":false},"excerpt":{"rendered":"<p>Vitesse d&#8217;impression noir: 20 pages par minute (norme ISO)<br \/>\nQualit\u00e9 d&#8217;impression noire: Jusqu&#8217;\u00e0 600 x 600\u00a0ppp<br \/>\nVolume de pages mensuel recommand\u00e9: 100 \u00e0 1000<br \/>\nImpression recto\/verso: Manuelle<br \/>\nFonctionne avec: 1 (noir)<br \/>\nConnectivit\u00e9: 1 port USB 2.0\u00a0haut d\u00e9bit ; 2,4 GHz 802.11b\/g\/n sans fil avec Bluetooth\u00ae \u00e0 faible consommation \u00e9nerg\u00e9tique<\/p>\n","protected":false},"featured_media":6749,"comment_status":"open","ping_status":"closed","template":"","meta":{"_acf_changed":false,"_monsterinsights_skip_tracking":false,"_monsterinsights_sitenote_active":false,"_monsterinsights_sitenote_note":"","_monsterinsights_sitenote_category":0,"_uf_show_specific_survey":0,"_uf_disable_surveys":false,"_joinchat":[]},"product_brand":[],"product_cat":[15,253,270],"product_tag":[],"class_list":{"0":"post-6748","1":"product","2":"type-product","3":"status-publish","4":"has-post-thumbnail","6":"product_cat-imprimante-scanner","7":"product_cat-imprimante","8":"product_cat-imprimante-laser-monochrome","10":"first","11":"instock","12":"sale","13":"shipping-taxable","14":"purchasable","15":"product-type-simple"},"acf":[],"jetpack_sharing_enabled":true,"_links":{"self":[{"href":"https:\/\/digistar.ma\/index.php?rest_route=\/wp\/v2\/product\/6748","targetHints":{"allow":["GET"]}}],"collection":[{"href":"https:\/\/digistar.ma\/index.php?rest_route=\/wp\/v2\/product"}],"about":[{"href":"https:\/\/digistar.ma\/index.php?rest_route=\/wp\/v2\/types\/product"}],"replies":[{"embeddable":true,"href":"https:\/\/digistar.ma\/index.php?rest_route=%2Fwp%2Fv2%2Fcomments&post=6748"}],"version-history":[{"count":2,"href":"https:\/\/digistar.ma\/index.php?rest_route=\/wp\/v2\/product\/6748\/revisions"}],"predecessor-version":[{"id":6754,"href":"https:\/\/digistar.ma\/index.php?rest_route=\/wp\/v2\/product\/6748\/revisions\/6754"}],"wp:featuredmedia":[{"embeddable":true,"href":"https:\/\/digistar.ma\/index.php?rest_route=\/wp\/v2\/media\/6749"}],"wp:attachment":[{"href":"https:\/\/digistar.ma\/index.php?rest_route=%2Fwp%2Fv2%2Fmedia&parent=6748"}],"wp:term":[{"taxonomy":"product_brand","embeddable":true,"href":"https:\/\/digistar.ma\/index.php?rest_route=%2Fwp%2Fv2%2Fproduct_brand&post=6748"},{"taxonomy":"product_cat","embeddable":true,"href":"https:\/\/digistar.ma\/index.php?rest_route=%2Fwp%2Fv2%2Fproduct_cat&post=6748"},{"taxonomy":"product_tag","embeddable":true,"href":"https:\/\/digistar.ma\/index.php?rest_route=%2Fwp%2Fv2%2Fproduct_tag&post=6748"}],"curies":[{"name":"wp","href":"https:\/\/api.w.org\/{rel}","templated":true}]}}