{"id":6797,"date":"2023-07-23T22:56:14","date_gmt":"2023-07-23T22:56:14","guid":{"rendered":"https:\/\/digistar.ma\/?post_type=product&#038;p=6797"},"modified":"2023-07-23T22:57:50","modified_gmt":"2023-07-23T22:57:50","slug":"imprimante-multifonction-laser-monochrome-hp-laserjet-m236d","status":"publish","type":"product","link":"https:\/\/digistar.ma\/?product=imprimante-multifonction-laser-monochrome-hp-laserjet-m236d","title":{"rendered":"Imprimante Multifonction Laser Monochrome HP LaserJet M236d"},"content":{"rendered":"<p><strong>Imprimante Multifonction Laser Monochrome HP LaserJet M236d<\/strong><\/p>\n<p>Est une imprimante multifonction\u00a0 laser 3-en-1 monochrome compacte qui met \u00e0 votre disposition une impression recto verso rapide, un chargeur automatique et l\u2019application HP Smart. Avec elle, vous pourrez scanner, num\u00e9riser et obtenir des impressions qui vous en donneront plus.<\/p>\n<p>Avec Imprimante Multifonction Laser Monochrome HP LaserJet M236d\u00a0vous serez s\u00fbr de pouvoir compter sur des connexions fiables (Wi-Fi, Fast Ethernet et USB 2.0) pour des exp\u00e9riences d\u2019impression des plus satisfaisantes. Avec une qualit\u00e9 d\u2019impression de 600 ppp et une vitesse de 29 ppm, cette imprimante LaserJet M234dw vous apportera satisfaction pour tous vos projets professionnels.<\/p>\n<p>L&#8217;imprimante multifonction monochrome HP LaserJet M236d est un outil efficace pour les petits groupes de travail ou les bureaux \u00e0 domicile.<\/p>\n<p>Elle offre une vitesse d&#8217;impression \u00e9lev\u00e9e jusqu&#8217;\u00e0 30 pages par minute et peut num\u00e9riser, copier et faxer des documents. L&#8217;impression recto verso automatique permet de r\u00e9duire les co\u00fbts de papier, tandis que le bac d&#8217;alimentation automatique de 35 feuilles facilite la num\u00e9risation de documents volumineux.<\/p>\n<p>Imprimante Multifonction Laser Monochrome HP LaserJet M236d est \u00e9galement \u00e9quip\u00e9e d&#8217;un \u00e9cran LCD intuitif pour faciliter la configuration et l&#8217;utilisation. La connectivit\u00e9 sans fil et l&#8217;application HP Smart permettent une impression facile depuis un smartphone ou une tablette.<\/p>\n<p>La qualit\u00e9 d&#8217;impression est nette et professionnelle gr\u00e2ce \u00e0 la r\u00e9solution de 1200 x 1200 dpi.<\/p>\n<h4 class=\"group_head\">Caract\u00e9ristiques de <strong>Imprimante Multifonction Laser Monochrome HP LaserJet M236d<\/strong><\/h4>\n<div>Impression, copie, num\u00e9risation<br \/>\nVitesse d&#8217;impression noir: 29 pages par minute (norme ISO)<br \/>\nQualit\u00e9 d&#8217;impression noire: Jusqu&#8217;\u00e0 600 x 600\u00a0ppp<br \/>\nVolume de pages mensuel recommand\u00e9: 200 \u00e0 2 000<br \/>\nImpression recto\/verso: Recto-verso automatique<br \/>\nFonctionne avec: 1 Cartouche de toner (noire)<br \/>\nConnectivit\u00e9: 1 port USB 2.0 haut d\u00e9bit<\/div>\n","protected":false},"excerpt":{"rendered":"<p>Impression, copie, num\u00e9risation<br \/>\nVitesse d&#8217;impression noir: 29 pages par minute (norme ISO)<br \/>\nQualit\u00e9 d&#8217;impression noire: Jusqu&#8217;\u00e0 600 x 600\u00a0ppp<br \/>\nVolume de pages mensuel recommand\u00e9: 200 \u00e0 2 000<br \/>\nImpression recto\/verso: Recto-verso automatique<br \/>\nFonctionne avec: 1 Cartouche de toner (noire)<br \/>\nConnectivit\u00e9: 1 port USB 2.0 haut d\u00e9bit<\/p>\n","protected":false},"featured_media":6798,"comment_status":"open","ping_status":"closed","template":"","meta":{"_acf_changed":false,"_monsterinsights_skip_tracking":false,"_monsterinsights_sitenote_active":false,"_monsterinsights_sitenote_note":"","_monsterinsights_sitenote_category":0,"_uf_show_specific_survey":0,"_uf_disable_surveys":false,"_joinchat":[]},"product_brand":[],"product_cat":[15,253,271],"product_tag":[],"class_list":{"0":"post-6797","1":"product","2":"type-product","3":"status-publish","4":"has-post-thumbnail","6":"product_cat-imprimante-scanner","7":"product_cat-imprimante","8":"product_cat-multifonction-laser-monochrome","10":"first","11":"instock","12":"sale","13":"shipping-taxable","14":"purchasable","15":"product-type-simple"},"acf":[],"jetpack_sharing_enabled":true,"_links":{"self":[{"href":"https:\/\/digistar.ma\/index.php?rest_route=\/wp\/v2\/product\/6797","targetHints":{"allow":["GET"]}}],"collection":[{"href":"https:\/\/digistar.ma\/index.php?rest_route=\/wp\/v2\/product"}],"about":[{"href":"https:\/\/digistar.ma\/index.php?rest_route=\/wp\/v2\/types\/product"}],"replies":[{"embeddable":true,"href":"https:\/\/digistar.ma\/index.php?rest_route=%2Fwp%2Fv2%2Fcomments&post=6797"}],"version-history":[{"count":2,"href":"https:\/\/digistar.ma\/index.php?rest_route=\/wp\/v2\/product\/6797\/revisions"}],"predecessor-version":[{"id":6803,"href":"https:\/\/digistar.ma\/index.php?rest_route=\/wp\/v2\/product\/6797\/revisions\/6803"}],"wp:featuredmedia":[{"embeddable":true,"href":"https:\/\/digistar.ma\/index.php?rest_route=\/wp\/v2\/media\/6798"}],"wp:attachment":[{"href":"https:\/\/digistar.ma\/index.php?rest_route=%2Fwp%2Fv2%2Fmedia&parent=6797"}],"wp:term":[{"taxonomy":"product_brand","embeddable":true,"href":"https:\/\/digistar.ma\/index.php?rest_route=%2Fwp%2Fv2%2Fproduct_brand&post=6797"},{"taxonomy":"product_cat","embeddable":true,"href":"https:\/\/digistar.ma\/index.php?rest_route=%2Fwp%2Fv2%2Fproduct_cat&post=6797"},{"taxonomy":"product_tag","embeddable":true,"href":"https:\/\/digistar.ma\/index.php?rest_route=%2Fwp%2Fv2%2Fproduct_tag&post=6797"}],"curies":[{"name":"wp","href":"https:\/\/api.w.org\/{rel}","templated":true}]}}