{"id":6831,"date":"2023-07-24T00:31:13","date_gmt":"2023-07-24T00:31:13","guid":{"rendered":"https:\/\/digistar.ma\/?post_type=product&#038;p=6831"},"modified":"2023-07-24T00:33:26","modified_gmt":"2023-07-24T00:33:26","slug":"imprimante-multifonction-laser-monochrome-hp-laserjet-m236sdw","status":"publish","type":"product","link":"https:\/\/digistar.ma\/?product=imprimante-multifonction-laser-monochrome-hp-laserjet-m236sdw","title":{"rendered":"Imprimante Multifonction Laser Monochrome HP LaserJet M236sdw"},"content":{"rendered":"<p><strong>Imprimante Multifonction Laser Monochrome HP LaserJet M236sdw<\/strong><\/p>\n<p>Une imprimante MFP haute productivit\u00e9 dot\u00e9e de l\u2019impression recto-verso la plus rapide de sa cat\u00e9gorie\u00a0<span class=\"m-text-nowrap\">HP, <\/span>\u00a0un chargeur automatique et l\u2019application HP Smart qui vous fait gagner du\u00a0<span class=\"m-text-nowrap\">temps. <\/span>\u00a0Vous pouvez compter sur des connexions plus\u00a0<span class=\"m-text-nowrap\">fiables<\/span>\u00a0pour votre tranquillit\u00e9 d\u2019esprit et sur une exp\u00e9rience sans tracas avec la configuration simplifi\u00e9e.<\/p>\n<div class=\"c-split-module__image\">\n<div class=\"c-image-container hp-image-e5ab-f992 with-ratio\"><img decoding=\"async\" class=\"inner-image\" src=\"https:\/\/ssl-product-images.www8-hp.com\/digmedialib\/prodimg\/lowres\/c07024618.png\" alt=\"HP LaserJet MFP M236sdw (Light Basalt) front facing\" \/><\/div>\n<\/div>\n<div class=\"c-split-module__text\">\n<h3 class=\"h2 c-split-module__title\">Travaillez rapidement. Travaillez intelligemment.<\/h3>\n<p class=\"h4 c-split-module__description\">Optimisez la productivit\u00e9 avec la rapidit\u00e9 d\u2019impression\u00a0<span class=\"m-text-nowrap\">recto-verso, <\/span>\u00a0le chargeur automatique de 40 pages et la Wi-Fi\u2122 double\u00a0<span class=\"m-text-nowrap\">bande, <\/span>\u00a0r\u00e9unis dans une seule imprimante multifonction compacte.<\/p>\n<h3 class=\"h2 c-split-module__title\">Rester productif quel que soit l&#8217;endroit<\/h3>\n<p class=\"h4 c-split-module__description\">B\u00e9n\u00e9ficiez d\u2019une num\u00e9risation de haute qualit\u00e9 \u00e0 partir de votre t\u00e9l\u00e9phone &#8211; vous pouvez \u00e9galement imprimer et gagner du temps avec des raccourcis, gr\u00e2ce \u00e0 l\u2019application HP Smart, la meilleure de sa cat\u00e9gorie\u00a0<span class=\"m-text-nowrap\">HP.\u00a0<\/span><\/p>\n<h3 class=\"h2 c-split-module__title\">Facile \u00e0 utiliser et \u00e0 configurer<\/h3>\n<p class=\"h4 c-split-module__description\">Achevez ais\u00e9ment vos projets avec une configuration transparente ainsi que des boutons et un \u00e9clairage intelligents con\u00e7us pour une exp\u00e9rience intuitive.<\/p>\n<div class=\"c-column-module-feature\">\n<h4 class=\"c-column-module-feature__title h4\">Impression recto-verso automatique la plus rapide de sa cat\u00e9gorie<\/h4>\n<div class=\"c-column-module-feature__description h5\">\n<p>Encha\u00eenez les documents de plusieurs pages avec l&#8217;impression recto-verso la plus rapide de sa cat\u00e9gorie\u00a0<span class=\"m-text-nowrap\">HP Imprimante Multifonction Laser Monochrome HP LaserJet M236sdw<\/span><\/p>\n<\/div>\n<\/div>\n<div class=\"c-column-module-feature\">\n<h4 class=\"c-column-module-feature__title h4\">Taille r\u00e9duite. De grandes performances.<\/h4>\n<div class=\"c-column-module-feature__description h5\">\n<p>Imprimante Multifonction Laser Monochrome HP LaserJet M236sdw tellement compacte qu&#8217;elle peut s&#8217;installer quasiment n&#8217;importe o\u00f9.<\/p>\n<\/div>\n<\/div>\n<div class=\"c-column-module-feature\">\n<h4 class=\"c-column-module-feature__title h4\">La fiabilit\u00e9 de votre connexion<\/h4>\n<div class=\"c-column-module-feature__description h5\">\n<p>Profitez d&#8217;une meilleure port\u00e9e et de connexions plus rapides et plus fiables gr\u00e2ce au Wi-Fi\u2122 bi-bande avec r\u00e9initialisation\u00a0<span class=\"m-text-nowrap\">automatique.<\/span><\/p>\n<\/div>\n<\/div>\n<\/div>\n","protected":false},"excerpt":{"rendered":"<p>Impression, copie, num\u00e9risation<br \/>\nVitesse d&#8217;impression noir: 29 pages par minute (norme ISO)<br \/>\nQualit\u00e9 d&#8217;impression noire: \u00a0Jusqu&#8217;\u00e0 600 x 600\u00a0ppp<br \/>\nVolume de pages mensuel recommand\u00e9: 200 \u00e0 2 000<br \/>\nImpression recto\/verso: Recto-verso automatique<br \/>\nFonctionne avec: 1 Cartouche de toner (noire)<br \/>\nConnectivit\u00e9: 1\u00a0port USB haut d\u00e9bit 2.0\u00a0; 1\u00a0port Fast Ethernet 10\/100Base-TX; 1\u00a0sans-fil bi-bande (2,4\/5,0\u00a0GHz) 802.11 b\/g\/n avec Bluetooth\u00ae Low Energy<\/p>\n","protected":false},"featured_media":6832,"comment_status":"open","ping_status":"closed","template":"","meta":{"_acf_changed":false,"_monsterinsights_skip_tracking":false,"_monsterinsights_sitenote_active":false,"_monsterinsights_sitenote_note":"","_monsterinsights_sitenote_category":0,"_uf_show_specific_survey":0,"_uf_disable_surveys":false,"_joinchat":[]},"product_brand":[],"product_cat":[15,253,271],"product_tag":[],"class_list":{"0":"post-6831","1":"product","2":"type-product","3":"status-publish","4":"has-post-thumbnail","6":"product_cat-imprimante-scanner","7":"product_cat-imprimante","8":"product_cat-multifonction-laser-monochrome","10":"first","11":"instock","12":"sale","13":"shipping-taxable","14":"purchasable","15":"product-type-simple"},"acf":[],"jetpack_sharing_enabled":true,"_links":{"self":[{"href":"https:\/\/digistar.ma\/index.php?rest_route=\/wp\/v2\/product\/6831","targetHints":{"allow":["GET"]}}],"collection":[{"href":"https:\/\/digistar.ma\/index.php?rest_route=\/wp\/v2\/product"}],"about":[{"href":"https:\/\/digistar.ma\/index.php?rest_route=\/wp\/v2\/types\/product"}],"replies":[{"embeddable":true,"href":"https:\/\/digistar.ma\/index.php?rest_route=%2Fwp%2Fv2%2Fcomments&post=6831"}],"version-history":[{"count":1,"href":"https:\/\/digistar.ma\/index.php?rest_route=\/wp\/v2\/product\/6831\/revisions"}],"predecessor-version":[{"id":6836,"href":"https:\/\/digistar.ma\/index.php?rest_route=\/wp\/v2\/product\/6831\/revisions\/6836"}],"wp:featuredmedia":[{"embeddable":true,"href":"https:\/\/digistar.ma\/index.php?rest_route=\/wp\/v2\/media\/6832"}],"wp:attachment":[{"href":"https:\/\/digistar.ma\/index.php?rest_route=%2Fwp%2Fv2%2Fmedia&parent=6831"}],"wp:term":[{"taxonomy":"product_brand","embeddable":true,"href":"https:\/\/digistar.ma\/index.php?rest_route=%2Fwp%2Fv2%2Fproduct_brand&post=6831"},{"taxonomy":"product_cat","embeddable":true,"href":"https:\/\/digistar.ma\/index.php?rest_route=%2Fwp%2Fv2%2Fproduct_cat&post=6831"},{"taxonomy":"product_tag","embeddable":true,"href":"https:\/\/digistar.ma\/index.php?rest_route=%2Fwp%2Fv2%2Fproduct_tag&post=6831"}],"curies":[{"name":"wp","href":"https:\/\/api.w.org\/{rel}","templated":true}]}}