{"id":6891,"date":"2023-07-25T00:45:59","date_gmt":"2023-07-25T00:45:59","guid":{"rendered":"https:\/\/digistar.ma\/?post_type=product&#038;p=6891"},"modified":"2023-07-25T00:45:59","modified_gmt":"2023-07-25T00:45:59","slug":"imprimante-multifonction-hp-laserjet-tank-mfp-2602dn","status":"publish","type":"product","link":"https:\/\/digistar.ma\/?product=imprimante-multifonction-hp-laserjet-tank-mfp-2602dn","title":{"rendered":"Imprimante Multifonction HP LaserJet Tank MFP 2602dn"},"content":{"rendered":"<h4><strong>Imprimante Multifonction HP LaserJet Tank MFP 2602dn<\/strong><\/h4>\n<h4>Pr\u00e9sentation du produit<\/h4>\n<div class=\"ccs-cc-inline-features-block ccs-cc-inline-single-feature\">\n<div class=\"ccs-cc-inline-feature\" data-type=\"text\">\n<div class=\"ccs-cc-inline-feature-content ccs-cc-inline-feature-description\">D\u00e9couvrez des fonctionnalit\u00e9s pr\u00eates \u00e0 l&#8217;emploi et faites des \u00e9conomies avec l&#8217;imprimante multifonction tout-en-un HP LaserJet Tank 2602dn pr\u00e9-remplie de toner HP authentique (jusqu&#8217;\u00e0 5 000 pages).<a id=\"ccs-f2inline-b00ff5\" href=\"https:\/\/www.iris.ma\/15870-imprimante-multifonction-hp-laserjet-tank-mfp-2602dn-2r3f0a.html#ccs-ft2inline-b00ff5\" target=\"_blank\" rel=\"noopener\"><\/a><\/div>\n<\/div>\n<\/div>\n<div class=\"ccs-cc-inline-features-block ccs-cc-inline-multicolumn\" data-count=\"2\" data-media=\"false\">\n<div class=\"ccs-cc-inline-feature\">\n<div class=\"ccs-cc-inline-feature-content ccs-cc-inline-feature-description\" data-order=\"0\">\n<h3>Obtenez une impression de haute qualit\u00e9 avec un co\u00fbt par page extr\u00eamement bas<\/h3>\n<p>Con\u00e7u pour l\u2019impression \u00e0 grand volume &#8211; pr\u00e9-rempli avec 5 000 pages de toner dans le r\u00e9servoir<a id=\"ccs-f2inline-b00ff5\" href=\"https:\/\/www.iris.ma\/15870-imprimante-multifonction-hp-laserjet-tank-mfp-2602dn-2r3f0a.html#ccs-ft2inline-b00ff5\" target=\"_blank\" rel=\"noopener\"><\/a>.<\/div>\n<div class=\"ccs-cc-inline-feature-content ccs-cc-inline-feature-description\" data-order=\"1\">\n<h3>Recharge facile du toner en 15 secondes gr\u00e2ce au toner HP authentique<\/h3>\n<p>Rechargez facilement le toner HP authentique en 15 secondes.<\/p><\/div>\n<\/div>\n<\/div>\n<div class=\"ccs-cc-inline-features-block ccs-cc-inline-multicolumn\" data-count=\"2\" data-media=\"false\">\n<div class=\"ccs-cc-inline-feature\">\n<div class=\"ccs-cc-inline-feature-content ccs-cc-inline-feature-description\" data-order=\"0\">\n<h3>Des fonctionnalit\u00e9s compl\u00e8tes pour une productivit\u00e9 \u00e9lev\u00e9e.<\/h3>\n<p>Rapidit\u00e9 gr\u00e2ce \u00e0 des documents de plusieurs pages avec impression recto-verso automatique.<\/p><\/div>\n<\/div>\n<\/div>\n<h2>Sp\u00e9cifications principales<\/h2>\n<div class=\"ccs-cc-inline-features-block ccs-cc-inline-multicolumn\" data-count=\"2\" data-media=\"false\">\n<div class=\"ccs-cc-inline-feature\">\n<div class=\"ccs-cc-inline-feature-content ccs-cc-inline-feature-description\" data-order=\"0\">\n<h3>La performance d\u2019une imprimante multifonction<\/h3>\n<p>G\u00e9rez facilement les t\u00e2ches et obtenez \u00e9norm\u00e9ment d\u2019un seul appareil : impression, num\u00e9risation et copie<\/p><\/div>\n<div class=\"ccs-cc-inline-feature-content ccs-cc-inline-feature-description\" data-order=\"1\">\n<h3>Kit de recharge de toner HP \u00e0 rendement \u00e9lev\u00e9<\/h3>\n<p>G\u00e9rez facilement les travaux d&#8217;impression \u00e0 haut volume et rechargez le toner moins souvent gr\u00e2ce aux kits de recharge de toner HP de 2\u00a0500 et 5\u00a0000\u00a0pages.<\/p><\/div>\n<\/div>\n<\/div>\n<div class=\"ccs-cc-inline-features-block ccs-cc-inline-multicolumn\" data-count=\"2\" data-media=\"false\">\n<div class=\"ccs-cc-inline-feature\">\n<div class=\"ccs-cc-inline-feature-content ccs-cc-inline-feature-description\" data-order=\"0\">\n<h3>Application HP Smart<\/h3>\n<p>Imprimez, num\u00e9risez, copiez et partagez avec l\u2019application HP Smart avec Imprimante Multifonction HP LaserJet Tank MFP 2602dn<\/p><\/div>\n<div class=\"ccs-cc-inline-feature-content ccs-cc-inline-feature-description\" data-order=\"1\">\n<h3>La qualit\u00e9 laser sans compromis<\/h3>\n<p>Comptez sur des impressions toujours superbes avec du texte net et des noirs \u00e9clatants produits par votre imprimante \u00e0 r\u00e9servoir laser.<\/p><\/div>\n<\/div>\n<\/div>\n<div class=\"ccs-cc-inline-features-block ccs-cc-inline-multicolumn\" data-count=\"2\" data-media=\"false\">\n<div class=\"ccs-cc-inline-feature\">\n<div class=\"ccs-cc-inline-feature-content ccs-cc-inline-feature-description\" data-order=\"0\">\n<h3>Tambour d\u2019imagerie jusqu\u2019\u00e0 50\u00a0000 pages<\/h3>\n<p>Imprimez jusqu\u2019\u00e0 50\u00a0000 pages sans vous soucier du remplacement du tambour d\u2019imagerie.<\/p><\/div>\n<div class=\"ccs-cc-inline-feature-content ccs-cc-inline-feature-description\" data-order=\"1\">\n<h3>HP Wolf Essential Security<\/h3>\n<p>Prot\u00e9gez vos documents et vos m\u00e9moires d\u00e8s l\u2019installation avec une puissante d\u00e9fense contre les cybermenaces.<\/p><\/div>\n<\/div>\n<\/div>\n<div class=\"ccs-cc-inline-features-block ccs-cc-inline-multicolumn\" data-count=\"2\" data-media=\"false\">\n<div class=\"ccs-cc-inline-feature\">\n<div class=\"ccs-cc-inline-feature-content ccs-cc-inline-feature-description\" data-order=\"0\">\n<h3>Impression recto-verso automatique<\/h3>\n<p>Encha\u00eenez rapidement les documents multipages gr\u00e2ce \u00e0 une impression recto-verso automatique avec Imprimante Multifonction HP LaserJet Tank MFP 2602dn.<\/p><\/div>\n<div class=\"ccs-cc-inline-feature-content ccs-cc-inline-feature-description\" data-order=\"1\">\n<h3>Ethernet int\u00e9gr\u00e9<\/h3>\n<p>Partagez ais\u00e9ment les ressources\u00a0: acc\u00e8s et impression via la mise en r\u00e9seau Ethernet.<\/p><\/div>\n<\/div>\n<\/div>\n<div class=\"ccs-cc-inline-features-block ccs-cc-inline-multicolumn\" data-count=\"2\" data-media=\"false\">\n<div class=\"ccs-cc-inline-feature\">\n<div class=\"ccs-cc-inline-feature-content ccs-cc-inline-feature-description\" data-order=\"0\">\n<h3>Boutons intelligents<\/h3>\n<p>G\u00e9rez facilement vos t\u00e2ches gr\u00e2ce \u00e0 des boutons guid\u00e9s intelligents qui s\u2019allument et vous guident tout au long du processus d\u2019impression<\/p><\/div>\n<div class=\"ccs-cc-inline-feature-content ccs-cc-inline-feature-description\" data-order=\"1\">\n<h3>Bac \u00e0 papier de 250\u00a0feuilles int\u00e9gr\u00e9<\/h3>\n<p>G\u00e9rez ais\u00e9ment les t\u00e2ches d&#8217;impression grand volume et rechargez du papier moins souvent gr\u00e2ce au bac papier de 250 feuilles.<\/p><\/div>\n<\/div>\n<\/div>\n<div class=\"ccs-cc-inline-features-block ccs-cc-inline-single-feature\">\n<div class=\"ccs-cc-inline-feature\" data-type=\"text\">\n<div class=\"ccs-cc-inline-feature-content ccs-cc-inline-feature-description\">\n<h3>Cartouches HP d&#8217;origine<\/h3>\n<ul>\n<li>Kit de recharge de toner noir HP 154A LaserJet Tank\u00a0(Rendement ~2\u00a0500 pages)<\/li>\n<li>Kit de recharge de toner noir HP 154X LaserJet Tank\u00a0(Rendement ~5\u00a0000 pages)<\/li>\n<\/ul>\n<\/div>\n<\/div>\n<\/div>\n","protected":false},"excerpt":{"rendered":"<p>Impression recto-verso; Num\u00e9risation vers e-mail; Num\u00e9riser vers PDF<br \/>\nVitesse d&#8217;impression noir: 22 pages par minute (norme ISO)<br \/>\nQualit\u00e9 d&#8217;impression noire: Jusqu&#8217;\u00e0 600 x 600 ppp<br \/>\nVolume de pages mensuel recommand\u00e9: 250 \u00e0 2500<br \/>\nImpression recto\/verso: Automatique<br \/>\nFonctionne avec: 1 (noir)<br \/>\nConnectivit\u00e9: USB haut d\u00e9bit (compatible avec les sp\u00e9cifications USB 2.0); Ethernet 10\/100 Base-TX<\/p>\n","protected":false},"featured_media":6892,"comment_status":"open","ping_status":"closed","template":"","meta":{"_acf_changed":false,"_monsterinsights_skip_tracking":false,"_monsterinsights_sitenote_active":false,"_monsterinsights_sitenote_note":"","_monsterinsights_sitenote_category":0,"_uf_show_specific_survey":0,"_uf_disable_surveys":false,"_joinchat":[]},"product_brand":[],"product_cat":[15,253,271],"product_tag":[],"class_list":{"0":"post-6891","1":"product","2":"type-product","3":"status-publish","4":"has-post-thumbnail","6":"product_cat-imprimante-scanner","7":"product_cat-imprimante","8":"product_cat-multifonction-laser-monochrome","10":"first","11":"instock","12":"sale","13":"shipping-taxable","14":"purchasable","15":"product-type-simple"},"acf":[],"jetpack_sharing_enabled":true,"_links":{"self":[{"href":"https:\/\/digistar.ma\/index.php?rest_route=\/wp\/v2\/product\/6891","targetHints":{"allow":["GET"]}}],"collection":[{"href":"https:\/\/digistar.ma\/index.php?rest_route=\/wp\/v2\/product"}],"about":[{"href":"https:\/\/digistar.ma\/index.php?rest_route=\/wp\/v2\/types\/product"}],"replies":[{"embeddable":true,"href":"https:\/\/digistar.ma\/index.php?rest_route=%2Fwp%2Fv2%2Fcomments&post=6891"}],"version-history":[{"count":1,"href":"https:\/\/digistar.ma\/index.php?rest_route=\/wp\/v2\/product\/6891\/revisions"}],"predecessor-version":[{"id":6897,"href":"https:\/\/digistar.ma\/index.php?rest_route=\/wp\/v2\/product\/6891\/revisions\/6897"}],"wp:featuredmedia":[{"embeddable":true,"href":"https:\/\/digistar.ma\/index.php?rest_route=\/wp\/v2\/media\/6892"}],"wp:attachment":[{"href":"https:\/\/digistar.ma\/index.php?rest_route=%2Fwp%2Fv2%2Fmedia&parent=6891"}],"wp:term":[{"taxonomy":"product_brand","embeddable":true,"href":"https:\/\/digistar.ma\/index.php?rest_route=%2Fwp%2Fv2%2Fproduct_brand&post=6891"},{"taxonomy":"product_cat","embeddable":true,"href":"https:\/\/digistar.ma\/index.php?rest_route=%2Fwp%2Fv2%2Fproduct_cat&post=6891"},{"taxonomy":"product_tag","embeddable":true,"href":"https:\/\/digistar.ma\/index.php?rest_route=%2Fwp%2Fv2%2Fproduct_tag&post=6891"}],"curies":[{"name":"wp","href":"https:\/\/api.w.org\/{rel}","templated":true}]}}