{"id":6940,"date":"2023-07-27T23:53:15","date_gmt":"2023-07-27T23:53:15","guid":{"rendered":"https:\/\/digistar.ma\/?post_type=product&#038;p=6940"},"modified":"2023-07-27T23:53:15","modified_gmt":"2023-07-27T23:53:15","slug":"traceur-hp-designjet-t730-36-pouces-f9a29d","status":"publish","type":"product","link":"https:\/\/digistar.ma\/?product=traceur-hp-designjet-t730-36-pouces-f9a29d","title":{"rendered":"Traceur HP DesignJet T730 36 pouces (F9A29D)"},"content":{"rendered":"<p><strong>Traceur HP DesignJet T730 36 pouces (F9A29D)<\/strong><\/p>\n<h4>UN CHOIX JUDICIEUX<\/h4>\n<p>Robuste, compacte et professionnelle, cette imprimante s&#8217;adapte \u00e0 votre activit\u00e9 et vous donne l&#8217;espace n\u00e9cessaire pour travailler.<\/p>\n<p>R\u00e9alisez des impressions 3 fois plus rapidement qu&#8217;avec d&#8217;anciens mod\u00e8les HP. Imprimez au format A1 en 25 secondes.<\/p>\n<p>Choisissez parmi une s\u00e9lection de cartouches d&#8217;encre HP de 40 \u00e0 300 ml pour r\u00e9pondre \u00e0 votre volume d&#8217;impression. De l&#8217;encre en grande quantit\u00e9 peut r\u00e9duire les interventions.<\/p>\n<h4>FACILE<\/h4>\n<p>R\u00e9duisez le gaspillage de 50 % en imprimant \u00e0 demi-\u00e9chelle \u00e0 partir du bac de documents automatique ; r\u00e9duisez le travail suppl\u00e9mentaire et la g\u00e2che de papier li\u00e9s \u00e0 l&#8217;utilisation de rouleaux larges.<\/p>\n<p>Le panneau de contr\u00f4le fonctionne comme un smartphone : passez facilement d&#8217;une t\u00e2che \u00e0 l&#8217;autre sur l&#8217;\u00e9cran tactile.<\/p>\n<p>Pas besoin de r\u00e9seau &#8211; gr\u00e2ce \u00e0 la connectivit\u00e9 sans fil placez cette imprimante o\u00f9 vous le voulez , partout o\u00f9 il est possible de recevoir un signal Wi-Fi .<\/p>\n<h4>MOBILE<\/h4>\n<p>Imprimez \u00e0 partir de p\u00e9riph\u00e9riques mobiles en quelques clics avec l&#8217;Impression Mobile HP . Effectuez rapidement des r\u00e9visions.<\/p>\n<p>Si vous \u00eates en d\u00e9placement, joignez votre document \u00e0 un e-mail et envoyez-le directement sur votre imprimante via ePrint.<\/p>\n<p>Utilisez l&#8217;application HP AiO Printer Remote pour acc\u00e9der \u00e0 des fonctions d&#8217;impression suppl\u00e9mentaires lorsque vous imprimez \u00e0 partir d&#8217;un p\u00e9riph\u00e9rique mobile.<\/p>\n<p>L&#8217;imprimante cr\u00e9e son propre r\u00e9seau Wi-Fi pour une connectivit\u00e9 ais\u00e9e avec Wi-Fi Direct.<\/p>\n","protected":false},"excerpt":{"rendered":"<p>Fonctions: Impression<br \/>\nTaille: 36&#8243; &#8211; 914 mm<br \/>\nNombre de couleurs: 4<br \/>\nR\u00e9solution d\u2019impression: Jusqu\u2019\u00e0 2400 x 1200 ppp optimis\u00e9s.<br \/>\nCouleurs: Encres teint\u00e9es (cyan, magenta, jaune) &#8211; encre pigment\u00e9e (mK)<br \/>\nPr\u00e9cision du \u00a0trac\u00e9: \u00b1 0,1%<br \/>\nM\u00e9moire: 1 Go<br \/>\nEthernet, Wi-Fi<\/p>\n","protected":false},"featured_media":6941,"comment_status":"open","ping_status":"closed","template":"","meta":{"_acf_changed":false,"_monsterinsights_skip_tracking":false,"_monsterinsights_sitenote_active":false,"_monsterinsights_sitenote_note":"","_monsterinsights_sitenote_category":0,"_uf_show_specific_survey":0,"_uf_disable_surveys":false,"_joinchat":[]},"product_brand":[],"product_cat":[15,253,272],"product_tag":[],"class_list":{"0":"post-6940","1":"product","2":"type-product","3":"status-publish","4":"has-post-thumbnail","6":"product_cat-imprimante-scanner","7":"product_cat-imprimante","8":"product_cat-traceur","10":"first","11":"instock","12":"sale","13":"shipping-taxable","14":"purchasable","15":"product-type-simple"},"acf":[],"jetpack_sharing_enabled":true,"_links":{"self":[{"href":"https:\/\/digistar.ma\/index.php?rest_route=\/wp\/v2\/product\/6940","targetHints":{"allow":["GET"]}}],"collection":[{"href":"https:\/\/digistar.ma\/index.php?rest_route=\/wp\/v2\/product"}],"about":[{"href":"https:\/\/digistar.ma\/index.php?rest_route=\/wp\/v2\/types\/product"}],"replies":[{"embeddable":true,"href":"https:\/\/digistar.ma\/index.php?rest_route=%2Fwp%2Fv2%2Fcomments&post=6940"}],"version-history":[{"count":1,"href":"https:\/\/digistar.ma\/index.php?rest_route=\/wp\/v2\/product\/6940\/revisions"}],"predecessor-version":[{"id":6945,"href":"https:\/\/digistar.ma\/index.php?rest_route=\/wp\/v2\/product\/6940\/revisions\/6945"}],"wp:featuredmedia":[{"embeddable":true,"href":"https:\/\/digistar.ma\/index.php?rest_route=\/wp\/v2\/media\/6941"}],"wp:attachment":[{"href":"https:\/\/digistar.ma\/index.php?rest_route=%2Fwp%2Fv2%2Fmedia&parent=6940"}],"wp:term":[{"taxonomy":"product_brand","embeddable":true,"href":"https:\/\/digistar.ma\/index.php?rest_route=%2Fwp%2Fv2%2Fproduct_brand&post=6940"},{"taxonomy":"product_cat","embeddable":true,"href":"https:\/\/digistar.ma\/index.php?rest_route=%2Fwp%2Fv2%2Fproduct_cat&post=6940"},{"taxonomy":"product_tag","embeddable":true,"href":"https:\/\/digistar.ma\/index.php?rest_route=%2Fwp%2Fv2%2Fproduct_tag&post=6940"}],"curies":[{"name":"wp","href":"https:\/\/api.w.org\/{rel}","templated":true}]}}