{"id":6976,"date":"2023-07-28T00:51:02","date_gmt":"2023-07-28T00:51:02","guid":{"rendered":"https:\/\/digistar.ma\/?post_type=product&#038;p=6976"},"modified":"2023-12-27T15:39:28","modified_gmt":"2023-12-27T15:39:28","slug":"imprimante-matricielle-a-impact-epson-lq-350","status":"publish","type":"product","link":"https:\/\/digistar.ma\/?product=imprimante-matricielle-a-impact-epson-lq-350","title":{"rendered":"Imprimante matricielle \u00e0 impact Epson LQ-350"},"content":{"rendered":"<p><strong>Imprimante matricielle \u00e0 impact Epson LQ-350<\/strong><\/p>\n<p><strong>Imprimante matricielle \u00e0 impact 24 aiguilles<\/strong><\/p>\n<p>Imprimante 24 aiguilles et 80 colonnes rapide et de qualit\u00e9 sup\u00e9rieure propos\u00e9e par le leader mondial des matricielles \u00e0 impacts.<\/p>\n<p>L&#8217;<strong>Epson LQ-350<\/strong>\u00a0est tr\u00e8s fiable et poss\u00e8de un temps de bon fonctionnement moyen sans intervention de 10 000 heures. Elle est id\u00e9ale pour les applications de front-office et de back-office n\u00e9cessitant un papier continu ou plusieurs articles de papeterie.<\/p>\n<p>La LQ-350 est une imprimante tr\u00e8s \u00e9conomique qui permet de r\u00e9duire les co\u00fbts d&#8217;exploitation gr\u00e2ce \u00e0 son ruban disposant d&#8217;une longue dur\u00e9e de vie (<em>2,5 millions de caract\u00e8res<\/em>) et sa faible consommation \u00e9lectrique. La LQ-350 n&#8217;utilise que 1,3 W en veille et 23 W en impression. Elle est donc certifi\u00e9e ENERGY STAR pour son excellente efficacit\u00e9 \u00e9nerg\u00e9tique. Facile \u00e0 int\u00e9grer, la LQ-350 poss\u00e8de des interfaces Parall\u00e8le, S\u00e9rie et USB de s\u00e9rie et trouvera facilement une place sur le bureau gr\u00e2ce \u00e0 sa conception compacte et \u00e0 son syst\u00e8me de gestion des c\u00e2bles.<\/p>\n<p><strong>Caract\u00e9ristiques techniques de Imprimante matricielle \u00e0 impact Epson LQ-350<\/strong><\/p>\n<ul>\n<li><b>Grande fiabilit\u00e9<\/b><\/li>\n<li><strong>\u00c9conomies d&#8217;\u00e9nergie<\/strong>\u00a0: 1,3 W en veille, 22 W en impression<\/li>\n<li><strong>\u00c9conomique<\/strong>\u00a0: autonomie du ruban de 2,5 millions de caract\u00e8res<\/li>\n<li><strong>Int\u00e9gration simplifi\u00e9e<\/strong>\u00a0: interfaces parall\u00e8le, s\u00e9rie et USB<\/li>\n<li><strong>Conception compacte<\/strong>\u00a0: facile \u00e0 placer sur un bureau<\/li>\n<\/ul>\n","protected":false},"excerpt":{"rendered":"<p>Imprimante matricielle \u00e0 impact 24 Aiguilles, 80 colonnes &#8211; Vitesse d\u2019impression: HighSpeed-Draft: 10 cpi: 347 car.\/sec, LQ: 10 cpi: 86 car.\/sec, Draft: 10 cpi: 260 car.\/sec &#8211; Connectivit\u00e9: USB 2.0 type B, RS-232, Parall\u00e8le bidirectionnel &#8211; Capacit\u00e9 bac papier: Feuille individuelle derri\u00e8re, Papier en continu derri\u00e8re, Sortie papier derri\u00e8re &#8211;\u00a0Poids: 4,1 kg<\/p>\n","protected":false},"featured_media":6977,"comment_status":"open","ping_status":"closed","template":"","meta":{"_acf_changed":false,"_monsterinsights_skip_tracking":false,"_monsterinsights_sitenote_active":false,"_monsterinsights_sitenote_note":"","_monsterinsights_sitenote_category":0,"_uf_show_specific_survey":0,"_uf_disable_surveys":false,"_joinchat":[]},"product_brand":[],"product_cat":[253,15,380,273],"product_tag":[],"class_list":{"0":"post-6976","1":"product","2":"type-product","3":"status-publish","4":"has-post-thumbnail","6":"product_cat-imprimante","7":"product_cat-imprimante-scanner","8":"product_cat-epson","9":"product_cat-imprimante-matricielle","11":"first","12":"instock","13":"sale","14":"shipping-taxable","15":"purchasable","16":"product-type-simple"},"acf":[],"jetpack_sharing_enabled":true,"_links":{"self":[{"href":"https:\/\/digistar.ma\/index.php?rest_route=\/wp\/v2\/product\/6976","targetHints":{"allow":["GET"]}}],"collection":[{"href":"https:\/\/digistar.ma\/index.php?rest_route=\/wp\/v2\/product"}],"about":[{"href":"https:\/\/digistar.ma\/index.php?rest_route=\/wp\/v2\/types\/product"}],"replies":[{"embeddable":true,"href":"https:\/\/digistar.ma\/index.php?rest_route=%2Fwp%2Fv2%2Fcomments&post=6976"}],"version-history":[{"count":1,"href":"https:\/\/digistar.ma\/index.php?rest_route=\/wp\/v2\/product\/6976\/revisions"}],"predecessor-version":[{"id":6980,"href":"https:\/\/digistar.ma\/index.php?rest_route=\/wp\/v2\/product\/6976\/revisions\/6980"}],"wp:featuredmedia":[{"embeddable":true,"href":"https:\/\/digistar.ma\/index.php?rest_route=\/wp\/v2\/media\/6977"}],"wp:attachment":[{"href":"https:\/\/digistar.ma\/index.php?rest_route=%2Fwp%2Fv2%2Fmedia&parent=6976"}],"wp:term":[{"taxonomy":"product_brand","embeddable":true,"href":"https:\/\/digistar.ma\/index.php?rest_route=%2Fwp%2Fv2%2Fproduct_brand&post=6976"},{"taxonomy":"product_cat","embeddable":true,"href":"https:\/\/digistar.ma\/index.php?rest_route=%2Fwp%2Fv2%2Fproduct_cat&post=6976"},{"taxonomy":"product_tag","embeddable":true,"href":"https:\/\/digistar.ma\/index.php?rest_route=%2Fwp%2Fv2%2Fproduct_tag&post=6976"}],"curies":[{"name":"wp","href":"https:\/\/api.w.org\/{rel}","templated":true}]}}