{"id":7071,"date":"2023-07-29T18:03:40","date_gmt":"2023-07-29T18:03:40","guid":{"rendered":"https:\/\/digistar.ma\/?post_type=product&#038;p=7071"},"modified":"2023-12-27T15:29:13","modified_gmt":"2023-12-27T15:29:13","slug":"imprimante-epson-tm-u220a-noire-port-serie","status":"publish","type":"product","link":"https:\/\/digistar.ma\/?product=imprimante-epson-tm-u220a-noire-port-serie","title":{"rendered":"Imprimante Epson TM-U220A noire port s\u00e9rie"},"content":{"rendered":"<h4><strong>Imprimante Epson TM-U220A noire port s\u00e9rie<\/strong><\/h4>\n<h4 class=\"h1 productpage_title\"><strong>(avec alim &#8211; sans cordon secteur)<\/strong><\/h4>\n<div class=\"container-fluid\">\n<div class=\"product-summary\">\n<div class=\"product-summary__details\">\n<div class=\"product-summary__information product-summary__details-container\">\n<div class=\"product-summary__secondary-information\">\n<div class=\"product-summary__description\">Cette gamme d&#8217;imprimantes matricielles, robustes et faciles \u00e0 utiliser, se d\u00e9cline en 3 versions pour r\u00e9pondre aux besoins de nombreuses applications.<\/div>\n<\/div>\n<\/div>\n<\/div>\n<\/div>\n<\/div>\n<div class=\"tab-panel js-tab-panel\">\n<div class=\"container-fluid\">\n<div class=\"tab-panel__tab-bar js-tab-bar\">\n<p class=\"tab-panel__tab-container tab-panel__container js-tab-panel-tab-container\">Optimisez votre efficacit\u00e9 avec l&#8217;imprimante Epson TM-U220A noire port s\u00e9rie. Cette imprimante matricielle \u00e0 impact en s\u00e9rie \u00e0 9 aiguilles offre une vitesse impressionnante de 4,70 lps (40 Colonnes, \u00a016,00 cpp). Avec une capacit\u00e9 de colonnes de 76 mm, 33\/40, elle produit des caract\u00e8res nets et clairs avec une hauteur de 1,6 (L) x 3,1 (H) mm \/ 1,2 (L) x 3,1 (H) mm. Son aptitude \u00e0 la copie vous permet de r\u00e9aliser facilement des copies pr\u00e9cises. Les connexions RS-232 et l&#8217;ouverture du tiroir facilitent son int\u00e9gration dans votre syst\u00e8me. Avec son poids de 2,7 kg, Imprimante Epson TM-U220A noire port s\u00e9rie est l\u00e9g\u00e8re et compacte. Notez que les c\u00e2bles secteur et de branchement ne sont pas fournis. Am\u00e9liorez votre productivit\u00e9 d\u00e8s aujourd&#8217;hui !<\/p>\n<h4>Caract\u00e9ristiques de Imprimante Epson TM-U220A noire port s\u00e9rie<\/h4>\n<p>Matricielle \u00e0 impact en s\u00e9rie \u00e0 9 aiguilles &#8211; Vitesse : 4,70 lps (40 Colonnes, 16,00 cpp) &#8211; Capacit\u00e9 de colonnes: Largeur de papier 76 mm, 33 \/ 40 &#8211; Hauteur de caract\u00e8res: 1,6 (L) x 3,1 (H) mm \/ 1,2 (L) x 3,1 (H) mm &#8211; Aptitude \u00e0 la copie: Un copies plus un original &#8211; Connexions: RS-232, Ouverture du tiroir &#8211; Alimentation: Adaptateur CA, C &#8211; Poids 2,7 kg<\/p>\n<\/div>\n<h3><a href=\"https:\/\/digistar.ma\/wp-content\/uploads\/2023\/07\/epson-tm-u220a-057-serial-ps-edg-datasheet.pdf\">FICHE TECHNIQUE ICI<\/a><\/h3>\n<\/div>\n<\/div>\n","protected":false},"excerpt":{"rendered":"<p>Optimisez votre efficacit\u00e9 avec l&#8217;imprimante Epson TM-U220A noire port s\u00e9rie. Cette imprimante matricielle \u00e0 impact en s\u00e9rie \u00e0 9 aiguilles offre une vitesse impressionnante de 4,70 lps (40 Colonnes, \u00a016,00 cpp). Avec une capacit\u00e9 de colonnes de 76 mm, 33\/40, elle produit des caract\u00e8res nets et clairs avec une hauteur de 1,6 (L) x 3,1 (H) mm \/ 1,2 (L) x 3,1 (H) mm. Son aptitude \u00e0 la copie vous permet de r\u00e9aliser facilement des copies pr\u00e9cises. Les connexions RS-232 et l&#8217;ouverture du tiroir facilitent son int\u00e9gration dans votre syst\u00e8me. Avec son poids de 2,7 kg, elle est l\u00e9g\u00e8re et compacte. Notez que les c\u00e2bles secteur et de branchement ne sont pas fournis. Am\u00e9liorez votre productivit\u00e9 d\u00e8s aujourd&#8217;hui !<\/p>\n<h4 class=\"h1 productpage_title\"><strong>NB (avec alim &#8211; sans cordon secteur)<\/strong><\/h4>\n","protected":false},"featured_media":7074,"comment_status":"open","ping_status":"closed","template":"","meta":{"_acf_changed":false,"_monsterinsights_skip_tracking":false,"_monsterinsights_sitenote_active":false,"_monsterinsights_sitenote_note":"","_monsterinsights_sitenote_category":0,"_uf_show_specific_survey":0,"_uf_disable_surveys":false,"_joinchat":[]},"product_brand":[],"product_cat":[15,380,292,253],"product_tag":[],"class_list":{"0":"post-7071","1":"product","2":"type-product","3":"status-publish","4":"has-post-thumbnail","6":"product_cat-imprimante-scanner","7":"product_cat-epson","8":"product_cat-etiqueteuse-imprimante-de-tickets","9":"product_cat-imprimante","11":"first","12":"instock","13":"sale","14":"shipping-taxable","15":"purchasable","16":"product-type-simple"},"acf":[],"jetpack_sharing_enabled":true,"_links":{"self":[{"href":"https:\/\/digistar.ma\/index.php?rest_route=\/wp\/v2\/product\/7071","targetHints":{"allow":["GET"]}}],"collection":[{"href":"https:\/\/digistar.ma\/index.php?rest_route=\/wp\/v2\/product"}],"about":[{"href":"https:\/\/digistar.ma\/index.php?rest_route=\/wp\/v2\/types\/product"}],"replies":[{"embeddable":true,"href":"https:\/\/digistar.ma\/index.php?rest_route=%2Fwp%2Fv2%2Fcomments&post=7071"}],"version-history":[{"count":1,"href":"https:\/\/digistar.ma\/index.php?rest_route=\/wp\/v2\/product\/7071\/revisions"}],"predecessor-version":[{"id":7079,"href":"https:\/\/digistar.ma\/index.php?rest_route=\/wp\/v2\/product\/7071\/revisions\/7079"}],"wp:featuredmedia":[{"embeddable":true,"href":"https:\/\/digistar.ma\/index.php?rest_route=\/wp\/v2\/media\/7074"}],"wp:attachment":[{"href":"https:\/\/digistar.ma\/index.php?rest_route=%2Fwp%2Fv2%2Fmedia&parent=7071"}],"wp:term":[{"taxonomy":"product_brand","embeddable":true,"href":"https:\/\/digistar.ma\/index.php?rest_route=%2Fwp%2Fv2%2Fproduct_brand&post=7071"},{"taxonomy":"product_cat","embeddable":true,"href":"https:\/\/digistar.ma\/index.php?rest_route=%2Fwp%2Fv2%2Fproduct_cat&post=7071"},{"taxonomy":"product_tag","embeddable":true,"href":"https:\/\/digistar.ma\/index.php?rest_route=%2Fwp%2Fv2%2Fproduct_tag&post=7071"}],"curies":[{"name":"wp","href":"https:\/\/api.w.org\/{rel}","templated":true}]}}