{"id":7095,"date":"2023-07-29T19:04:28","date_gmt":"2023-07-29T19:04:28","guid":{"rendered":"https:\/\/digistar.ma\/?post_type=product&#038;p=7095"},"modified":"2023-12-27T15:28:33","modified_gmt":"2023-12-27T15:28:33","slug":"imprimante-tickets-epson-tm-t88v-ps-180","status":"publish","type":"product","link":"https:\/\/digistar.ma\/?product=imprimante-tickets-epson-tm-t88v-ps-180","title":{"rendered":"Imprimante tickets Epson TM-T88V + PS 180"},"content":{"rendered":"<h4>Imprimante tickets Epson TM-T88V + PS 180<\/h4>\n<p>Imprimante de tickets thermique (coloris noir) + alimentation<\/p>\n<h4>PERFORMANCES ET FIABILIT\u00c9 \u00c0 TOUTE \u00c9PREUVE<\/h4>\n<p>Produit phare de la gamme Epson, Imprimante tickets Epson TM-T88V est une r\u00e9f\u00e9rence sur le march\u00e9 des imprimantes tickets thermiques, qui se perfectionne avec la nouvelle version <strong>TM-T88V<\/strong>.<\/p>\n<p>D&#8217;une fiabilit\u00e9 renforc\u00e9e, elle est dot\u00e9e d&#8217;une double interface en standard et affiche une vitesse d&#8217;impression de\u00a0<strong>300mm\/s<\/strong>. Ses fonctionnalit\u00e9s de r\u00e9duction de la longueur du ticket et sa faible consommation \u00e9lectrique en font l&#8217;imprimante la plus \u00e9cologique du march\u00e9.<\/p>\n<p>La \u00a0TM-T88V\u00a0est la premi\u00e8re imprimante thermique de tickets au monde \u00e0 \u00eatre certifi\u00e9e ENERGY STAR, gr\u00e2ce \u00e0 son efficacit\u00e9 \u00e9nerg\u00e9tique. Une performance \u00e9cologique pour une optimisation des impressions et une r\u00e9duction des co\u00fbts d\u2019exploitation.<\/p>\n<p><strong>Caract\u00e9ristiques Imprimante tickets Epson TM-T88V + PS 180<\/strong><\/p>\n<p>&nbsp;<\/p>\n<ul>\n<li>Grande vitesse d&#8217;impression :\u00a0<strong>300mm\/s<\/strong>, pour le texte et les graphiques, en mode noir &amp; blanc<\/li>\n<li>Double interface, dont USB 2.0 en standard<\/li>\n<li>Fonctions de r\u00e9duction de la longueur du ticket : une fonction permet de r\u00e9duire automatiquement l\u2019espacement entre les lignes de chaque ticket, pour r\u00e9duire de 15% \u00e0 30% la longueur de papier utilis\u00e9e, suppression des marges inutiles aux extr\u00e9mit\u00e9s des re\u00e7us<\/li>\n<li>Cutter longue dur\u00e9e : jusqu&#8217;\u00e0 deux millions de coupes, soit +33% par rapport au mod\u00e8le pr\u00e9c\u00e9dent<\/li>\n<li>Le MCBF s\u2019\u00e9l\u00e8ve \u00e0 70 millions de lignes, soit +35% par rapport au mod\u00e8le pr\u00e9c\u00e9dent<\/li>\n<li>La dur\u00e9e de vie de la t\u00eate d\u2019impression est de 50 % sup\u00e9rieure \u00e0 celle de la TM-T88IV<\/li>\n<li>Nombreuses interfaces<\/li>\n<li>Alimentation PS-180, 24V<\/li>\n<\/ul>\n<h3><a href=\"https:\/\/digistar.ma\/wp-content\/uploads\/2023\/07\/epson-tm-t88v-series-datasheet.pdf\">FICHE TECHNIQUE ICI<\/a><\/h3>\n","protected":false},"excerpt":{"rendered":"<ul>\n<li>Grande vitesse d&#8217;impression :\u00a0<strong>300mm\/s<\/strong>, pour le texte et les graphiques, en mode noir &amp; blanc<\/li>\n<li>Double interface, dont USB 2.0 en standard<\/li>\n<li>Fonctions de r\u00e9duction de la longueur du ticket : une fonction permet de r\u00e9duire automatiquement l\u2019espacement entre les lignes de chaque ticket, pour r\u00e9duire de 15% \u00e0 30% la longueur de papier utilis\u00e9e, suppression des marges inutiles aux extr\u00e9mit\u00e9s des re\u00e7us<\/li>\n<li>Cutter longue dur\u00e9e : jusqu&#8217;\u00e0 deux millions de coupes, soit +33% par rapport au mod\u00e8le pr\u00e9c\u00e9dent<\/li>\n<li>Le MCBF s\u2019\u00e9l\u00e8ve \u00e0 70 millions de lignes, soit +35% par rapport au mod\u00e8le pr\u00e9c\u00e9dent<\/li>\n<li>La dur\u00e9e de vie de la t\u00eate d\u2019impression est de 50 % sup\u00e9rieure \u00e0 celle de la TM-T88IV<\/li>\n<li>Nombreuses interfaces<\/li>\n<li>Alimentation PS-180, 24V<\/li>\n<\/ul>\n","protected":false},"featured_media":7097,"comment_status":"open","ping_status":"closed","template":"","meta":{"_acf_changed":false,"_monsterinsights_skip_tracking":false,"_monsterinsights_sitenote_active":false,"_monsterinsights_sitenote_note":"","_monsterinsights_sitenote_category":0,"_uf_show_specific_survey":0,"_uf_disable_surveys":false,"_joinchat":[]},"product_brand":[],"product_cat":[15,380,292,253],"product_tag":[],"class_list":{"0":"post-7095","1":"product","2":"type-product","3":"status-publish","4":"has-post-thumbnail","6":"product_cat-imprimante-scanner","7":"product_cat-epson","8":"product_cat-etiqueteuse-imprimante-de-tickets","9":"product_cat-imprimante","11":"first","12":"instock","13":"sale","14":"shipping-taxable","15":"purchasable","16":"product-type-simple"},"acf":[],"jetpack_sharing_enabled":true,"_links":{"self":[{"href":"https:\/\/digistar.ma\/index.php?rest_route=\/wp\/v2\/product\/7095","targetHints":{"allow":["GET"]}}],"collection":[{"href":"https:\/\/digistar.ma\/index.php?rest_route=\/wp\/v2\/product"}],"about":[{"href":"https:\/\/digistar.ma\/index.php?rest_route=\/wp\/v2\/types\/product"}],"replies":[{"embeddable":true,"href":"https:\/\/digistar.ma\/index.php?rest_route=%2Fwp%2Fv2%2Fcomments&post=7095"}],"version-history":[{"count":4,"href":"https:\/\/digistar.ma\/index.php?rest_route=\/wp\/v2\/product\/7095\/revisions"}],"predecessor-version":[{"id":7106,"href":"https:\/\/digistar.ma\/index.php?rest_route=\/wp\/v2\/product\/7095\/revisions\/7106"}],"wp:featuredmedia":[{"embeddable":true,"href":"https:\/\/digistar.ma\/index.php?rest_route=\/wp\/v2\/media\/7097"}],"wp:attachment":[{"href":"https:\/\/digistar.ma\/index.php?rest_route=%2Fwp%2Fv2%2Fmedia&parent=7095"}],"wp:term":[{"taxonomy":"product_brand","embeddable":true,"href":"https:\/\/digistar.ma\/index.php?rest_route=%2Fwp%2Fv2%2Fproduct_brand&post=7095"},{"taxonomy":"product_cat","embeddable":true,"href":"https:\/\/digistar.ma\/index.php?rest_route=%2Fwp%2Fv2%2Fproduct_cat&post=7095"},{"taxonomy":"product_tag","embeddable":true,"href":"https:\/\/digistar.ma\/index.php?rest_route=%2Fwp%2Fv2%2Fproduct_tag&post=7095"}],"curies":[{"name":"wp","href":"https:\/\/api.w.org\/{rel}","templated":true}]}}