{"id":7126,"date":"2023-07-29T21:38:46","date_gmt":"2023-07-29T21:38:46","guid":{"rendered":"https:\/\/digistar.ma\/?post_type=product&#038;p=7126"},"modified":"2023-12-27T15:28:02","modified_gmt":"2023-12-27T15:28:02","slug":"imprimante-de-tickets-epson-tm-t88v-ps-180-cable-ac","status":"publish","type":"product","link":"https:\/\/digistar.ma\/?product=imprimante-de-tickets-epson-tm-t88v-ps-180-cable-ac","title":{"rendered":"Imprimante de tickets EPSON TM-T88V + PS-180 + C\u00c2BLE AC"},"content":{"rendered":"<p><strong>Imprimante de tickets EPSON TM-T88V + PS-180 + C\u00c2BLE AC <\/strong><\/p>\n<p><strong>Performances et fiabilit\u00e9 \u00e0 toute \u00e9preuve<\/strong><\/p>\n<p>Produit phare de la gamme Epson, la TM-T88 est une r\u00e9f\u00e9rence sur le march\u00e9 des imprimantes tickets thermiques, qui se perfectionne avec la nouvelle version\u00a0<strong>TM-T88V<\/strong>.<\/p>\n<p>D&#8217;une fiabilit\u00e9 renforc\u00e9e, elle est dot\u00e9e d&#8217;une double interface en standard et affiche une vitesse d&#8217;impression de\u00a0<strong>300mm\/s<\/strong>. Ses fonctionnalit\u00e9s de r\u00e9duction de la longueur du ticket et sa faible consommation \u00e9lectrique en font l&#8217;imprimante la plus \u00e9cologique du march\u00e9.<\/p>\n<p>La\u00a0<strong>TM-T88V<\/strong>\u00a0est la premi\u00e8re imprimante thermique de tickets au monde \u00e0 \u00eatre certifi\u00e9e ENERGY STAR, gr\u00e2ce \u00e0 son efficacit\u00e9 \u00e9nerg\u00e9tique. Une performance \u00e9cologique pour une optimisation des impressions et une r\u00e9duction des co\u00fbts d\u2019exploitation.<\/p>\n<p><strong>Principales caract\u00e9ristiques :<\/strong><\/p>\n<ul>\n<li>Grande vitesse d&#8217;impression :\u00a0<strong>300mm\/s<\/strong>, pour le texte et les graphiques, en mode noir &amp; blanc<\/li>\n<li>Double interface, dont USB 2.0 en standard<\/li>\n<li>Fonctions de r\u00e9duction de la longueur du ticket : une fonction permet de r\u00e9duire automatiquement l\u2019espacement entre les lignes de chaque ticket, pour r\u00e9duire de 15% \u00e0 30% la longueur de papier utilis\u00e9e, suppression des marges inutiles aux extr\u00e9mit\u00e9s des re\u00e7us<\/li>\n<li>Cutter longue dur\u00e9e : jusqu&#8217;\u00e0 deux millions de coupes, soit +33% par rapport au mod\u00e8le pr\u00e9c\u00e9dent<\/li>\n<li>Le MCBF s\u2019\u00e9l\u00e8ve \u00e0 70 millions de lignes, soit +35% par rapport au mod\u00e8le pr\u00e9c\u00e9dent<\/li>\n<li>La dur\u00e9e de vie de la t\u00eate d\u2019impression est de 50 % sup\u00e9rieure \u00e0 celle de la TM-T88IV<\/li>\n<li>Nombreuses interfaces<\/li>\n<li>Alimentation PS-180, 24V<\/li>\n<\/ul>\n","protected":false},"excerpt":{"rendered":"<p>Optimisez vos investissements tout en prot\u00e9geant l&#8217;environnement avec l&#8217;imprimante de tickets Epson TM-T88V. Certifi\u00e9e ENERGY STAR, elle r\u00e9duit la consommation \u00e9lectrique de 14% par rapport au mod\u00e8le pr\u00e9c\u00e9dent, vous permettant ainsi de r\u00e9duire vos co\u00fbts d&#8217;exploitation. Sa vitesse d&#8217;impression rapide de 300 mm\/s et sa durabilit\u00e9 accrue en font un choix fiable pour les volumes de transactions importants. Gr\u00e2ce \u00e0 sa fonctionnalit\u00e9 de r\u00e9duction automatique de l&#8217;espacement entre les lignes de chaque ticket, vous \u00e9conomiserez jusqu&#8217;\u00e0 30% de papier, ce qui repr\u00e9sente des\u00a0\u00e9conomies substantielles.<\/p>\n","protected":false},"featured_media":7127,"comment_status":"open","ping_status":"closed","template":"","meta":{"_acf_changed":false,"_monsterinsights_skip_tracking":false,"_monsterinsights_sitenote_active":false,"_monsterinsights_sitenote_note":"","_monsterinsights_sitenote_category":0,"_uf_show_specific_survey":0,"_uf_disable_surveys":false,"_joinchat":[]},"product_brand":[],"product_cat":[15,380,292,253],"product_tag":[],"class_list":{"0":"post-7126","1":"product","2":"type-product","3":"status-publish","4":"has-post-thumbnail","6":"product_cat-imprimante-scanner","7":"product_cat-epson","8":"product_cat-etiqueteuse-imprimante-de-tickets","9":"product_cat-imprimante","11":"first","12":"instock","13":"sale","14":"shipping-taxable","15":"purchasable","16":"product-type-simple"},"acf":[],"jetpack_sharing_enabled":true,"_links":{"self":[{"href":"https:\/\/digistar.ma\/index.php?rest_route=\/wp\/v2\/product\/7126","targetHints":{"allow":["GET"]}}],"collection":[{"href":"https:\/\/digistar.ma\/index.php?rest_route=\/wp\/v2\/product"}],"about":[{"href":"https:\/\/digistar.ma\/index.php?rest_route=\/wp\/v2\/types\/product"}],"replies":[{"embeddable":true,"href":"https:\/\/digistar.ma\/index.php?rest_route=%2Fwp%2Fv2%2Fcomments&post=7126"}],"version-history":[{"count":2,"href":"https:\/\/digistar.ma\/index.php?rest_route=\/wp\/v2\/product\/7126\/revisions"}],"predecessor-version":[{"id":7132,"href":"https:\/\/digistar.ma\/index.php?rest_route=\/wp\/v2\/product\/7126\/revisions\/7132"}],"wp:featuredmedia":[{"embeddable":true,"href":"https:\/\/digistar.ma\/index.php?rest_route=\/wp\/v2\/media\/7127"}],"wp:attachment":[{"href":"https:\/\/digistar.ma\/index.php?rest_route=%2Fwp%2Fv2%2Fmedia&parent=7126"}],"wp:term":[{"taxonomy":"product_brand","embeddable":true,"href":"https:\/\/digistar.ma\/index.php?rest_route=%2Fwp%2Fv2%2Fproduct_brand&post=7126"},{"taxonomy":"product_cat","embeddable":true,"href":"https:\/\/digistar.ma\/index.php?rest_route=%2Fwp%2Fv2%2Fproduct_cat&post=7126"},{"taxonomy":"product_tag","embeddable":true,"href":"https:\/\/digistar.ma\/index.php?rest_route=%2Fwp%2Fv2%2Fproduct_tag&post=7126"}],"curies":[{"name":"wp","href":"https:\/\/api.w.org\/{rel}","templated":true}]}}