{"id":7238,"date":"2023-07-30T13:48:29","date_gmt":"2023-07-30T13:48:29","guid":{"rendered":"https:\/\/digistar.ma\/?post_type=product&#038;p=7238"},"modified":"2023-12-27T15:14:36","modified_gmt":"2023-12-27T15:14:36","slug":"bouteille-dencre-101-noir-epson-ecotank-dorigine-c13t03v14a","status":"publish","type":"product","link":"https:\/\/digistar.ma\/?product=bouteille-dencre-101-noir-epson-ecotank-dorigine-c13t03v14a","title":{"rendered":"Bouteille d&#8217;encre 101 Noir Epson EcoTank d&#8217;origine (C13T03V14A)-+"},"content":{"rendered":"<p><strong>Bouteille d&#8217;encre 101 Noir Epson EcoTank d&#8217;origine (C13T03V14A)<\/strong><\/p>\n<h2>Pour des impressions au quotidien<\/h2>\n<p>Que vous imprimiez des devoirs scolaires ou des billets d\u2019avion, cette s\u00e9rie comprenant quatre encres couleur \u00e0 base de colorants offre une solution fiable et sans difficult\u00e9.<\/p>\n<h2>R\u00e9duisez le co\u00fbt de l\u2019encre<\/h2>\n<p>Vous recherchez une solution d\u2019impression ultra \u00e9conomique ? D\u00e8s le premier kit d\u2019encre fourni avec l\u2019imprimante, vous pouvez \u00e9conomiser en moyenne 90 % sur le co\u00fbt de l\u2019encre. En plus d\u2019\u00eatre abordable, un seul kit permet d\u2019imprimer un nombre de pages impressionnant : jusqu\u2019\u00e0 4 500 pages en noir et 7 500 en couleur.<\/p>\n<h2>Con\u00e7ues sp\u00e9cialement pour \u00eatre faciles \u00e0 utiliser<\/h2>\n<p>Bouteille d&#8217;encre 101 Noir Epson EcoTank d&#8217;origine (C13T03V14A) plus faciles \u00e0 utiliser que jamais gr\u00e2ce \u00e0 leur conception de nouvelle g\u00e9n\u00e9ration. Les bouteilles compl\u00e8tement repens\u00e9es permettent des recharges faciles et sont dot\u00e9es de d\u00e9trompeurs pour ne plus se tromper de couleur en remplissant le r\u00e9servoir.<\/p>\n<h2>L\u2019article d\u2019origine Bouteille d&#8217;encre 101 Noir Epson<\/h2>\n<p>R\u00e9alisez des impressions fiables et sans difficult\u00e9 avec les encres d\u2019origine Epson. Nous r\u00e9alisons de lourds investissements en Recherche et D\u00e9veloppement et en usines de fabrication high-tech, et nous soumettons nos produits \u00e0 des tests rigoureux pour vous offrir une qualit\u00e9 exceptionnelle.<\/p>\n<p><strong>Bouteille d&#8217;encre 101 Noir Epson Pour les imprimantes :<\/strong><\/p>\n<p>Epson EcoTank ITS L4150<br \/>\nEpson EcoTank ITS L4160<br \/>\nEpson EcoTank ITS L6160<br \/>\nEpson EcoTank ITS L6170<br \/>\nEpson EcoTank ITS L6190<br \/>\nEpson EcoTank ITS L4160<br \/>\nEpson EcoTank ITS L6160<br \/>\nEpson EcoTank ITS L6170<br \/>\nEpson EcoTank ITS L6190<\/p>\n","protected":false},"excerpt":{"rendered":"<p><strong>Pour les imprimantes :<\/strong><\/p>\n<p>Epson EcoTank ITS L4150<br \/>\nEpson EcoTank ITS L4160<br \/>\nEpson EcoTank ITS L6160<br \/>\nEpson EcoTank ITS L6170<br \/>\nEpson EcoTank ITS L6190<br \/>\nEpson EcoTank ITS L4160<br \/>\nEpson EcoTank ITS L6160<br \/>\nEpson EcoTank ITS L6170<br \/>\nEpson EcoTank ITS L6190<\/p>\n","protected":false},"featured_media":7239,"comment_status":"open","ping_status":"closed","template":"","meta":{"_acf_changed":false,"_monsterinsights_skip_tracking":false,"_monsterinsights_sitenote_active":false,"_monsterinsights_sitenote_note":"","_monsterinsights_sitenote_category":0,"_uf_show_specific_survey":0,"_uf_disable_surveys":false,"_joinchat":[]},"product_brand":[],"product_cat":[15,251,238,380],"product_tag":[],"class_list":{"0":"post-7238","1":"product","2":"type-product","3":"status-publish","4":"has-post-thumbnail","6":"product_cat-imprimante-scanner","7":"product_cat-bouteille-dencre","8":"product_cat-consommables","9":"product_cat-epson","11":"first","12":"instock","13":"sale","14":"shipping-taxable","15":"purchasable","16":"product-type-simple"},"acf":[],"jetpack_sharing_enabled":true,"_links":{"self":[{"href":"https:\/\/digistar.ma\/index.php?rest_route=\/wp\/v2\/product\/7238","targetHints":{"allow":["GET"]}}],"collection":[{"href":"https:\/\/digistar.ma\/index.php?rest_route=\/wp\/v2\/product"}],"about":[{"href":"https:\/\/digistar.ma\/index.php?rest_route=\/wp\/v2\/types\/product"}],"replies":[{"embeddable":true,"href":"https:\/\/digistar.ma\/index.php?rest_route=%2Fwp%2Fv2%2Fcomments&post=7238"}],"version-history":[{"count":4,"href":"https:\/\/digistar.ma\/index.php?rest_route=\/wp\/v2\/product\/7238\/revisions"}],"predecessor-version":[{"id":9894,"href":"https:\/\/digistar.ma\/index.php?rest_route=\/wp\/v2\/product\/7238\/revisions\/9894"}],"wp:featuredmedia":[{"embeddable":true,"href":"https:\/\/digistar.ma\/index.php?rest_route=\/wp\/v2\/media\/7239"}],"wp:attachment":[{"href":"https:\/\/digistar.ma\/index.php?rest_route=%2Fwp%2Fv2%2Fmedia&parent=7238"}],"wp:term":[{"taxonomy":"product_brand","embeddable":true,"href":"https:\/\/digistar.ma\/index.php?rest_route=%2Fwp%2Fv2%2Fproduct_brand&post=7238"},{"taxonomy":"product_cat","embeddable":true,"href":"https:\/\/digistar.ma\/index.php?rest_route=%2Fwp%2Fv2%2Fproduct_cat&post=7238"},{"taxonomy":"product_tag","embeddable":true,"href":"https:\/\/digistar.ma\/index.php?rest_route=%2Fwp%2Fv2%2Fproduct_tag&post=7238"}],"curies":[{"name":"wp","href":"https:\/\/api.w.org\/{rel}","templated":true}]}}