{"id":7849,"date":"2023-08-10T11:36:02","date_gmt":"2023-08-10T11:36:02","guid":{"rendered":"https:\/\/digistar.ma\/?post_type=product&#038;p=7849"},"modified":"2026-01-22T11:25:54","modified_gmt":"2026-01-22T11:25:54","slug":"souris-sans-fil-hp-x200-6vy95aa","status":"publish","type":"product","link":"https:\/\/digistar.ma\/?product=souris-sans-fil-hp-x200-6vy95aa","title":{"rendered":"Souris sans fil HP X200 (6VY95AA)"},"content":{"rendered":"<h4>Souris sans fil HP X200 (6VY95AA)<\/h4>\n<div class=\"split-module aem-GridColumn aem-GridColumn--default--12\">\n<section class=\"c-split-module m-bg-accessories-type-3\">\n<div class=\"c-default-container\">\n<div class=\"c-split-module__item \">\n<div class=\"c-split-module__image\">\n<div class=\"c-image-container hp-image-6fb3-889c with-ratio\"><img fetchpriority=\"high\" decoding=\"async\" class=\"inner-image\" src=\"https:\/\/ssl-product-images.www8-hp.com\/digmedialib\/prodimg\/lowres\/c06462867.png\" alt=\"19C2 - HP Wireless Mouse X200\" width=\"635\" height=\"476\" \/><\/div>\n<\/div>\n<div class=\"c-split-module__text\">\n<h3 class=\"h2 c-split-module__title\">Une connexion sans fil 2,4\u00a0GHz fiable<\/h3>\n<p class=\"h4 c-split-module__description\">Travaillez et jouez sans d\u00e9calage ni interruption gr\u00e2ce \u00e0 une connexion sans fil\u00a0<span class=\"m-text-nowrap\">fiable\u00a0<span class=\"c-footnote-container\"><sup><span class=\"footnote__number\">1<\/span><\/sup><\/span><\/span>.<\/p>\n<\/div>\n<\/div>\n<div class=\"c-split-module__item c-split-module--no-image\">\n<div class=\"c-split-module__text\">\n<h3 class=\"h2 c-split-module__title\">Une batterie qui dure<\/h3>\n<p class=\"h4 c-split-module__description\">Cette souris est con\u00e7ue pour vous suivre au quotidien gr\u00e2ce \u00e0 une batterie qui dure jusqu\u2019\u00e0 18\u00a0<span class=\"m-text-nowrap\">mois\u00a0<span class=\"c-footnote-container\"><sup><span class=\"footnote__number\">2<\/span><\/sup><\/span><\/span>.<\/p>\n<\/div>\n<\/div>\n<div class=\"c-split-module__item \">\n<div class=\"c-split-module__image\">\n<div class=\"c-image-container hp-image-d6b8-ff44 with-ratio\"><img decoding=\"async\" class=\"inner-image\" src=\"https:\/\/ssl-product-images.www8-hp.com\/digmedialib\/prodimg\/lowres\/c06462948.png\" alt=\"19C2 - HP Wireless Mouse X200\" width=\"607\" height=\"455\" \/><\/div>\n<\/div>\n<div class=\"c-split-module__text\">\n<h3 class=\"h2 c-split-module__title\">PPP r\u00e9glables<\/h3>\n<p class=\"h4 c-split-module__description\">Acc\u00e9l\u00e9rez ou ralentissez le suivi avec des param\u00e8tres DPI r\u00e9glables (800\/1\u00a0200\/1\u00a0600).<\/p>\n<\/div>\n<\/div>\n<\/div>\n<\/section>\n<\/div>\n<div class=\"anchor aem-GridColumn aem-GridColumn--default--12\">\n<div id=\"features\">\n<div>\n<div class=\"column-module\">\n<section class=\"c-column-module m-bg-accessories-type-2\" data-metrics-link-placement=\"catalog:column\">\n<div class=\"c-column-module__title m-bg-accessories\">\n<div class=\"c-default-container\">\n<h3 class=\"h1\">Adieu les c\u00e2bles. Bonjour le confort.<\/h3>\n<\/div>\n<\/div>\n<div class=\"c-default-container\">\n<div class=\"c-column-module__content\">\n<div class=\"c-column-module__image\">\n<div class=\"c-image-container hp-image-171c-76f4 with-ratio\"><img decoding=\"async\" class=\"inner-image\" src=\"https:\/\/ssl-product-images.www8-hp.com\/digmedialib\/prodimg\/lowres\/c06462972.png\" alt=\"19C2 - HP Wireless Mouse X200\" width=\"530\" height=\"398\" data-wec-listener-initialized=\"true\" \/><\/div>\n<\/div>\n<div class=\"c-column-module__features\">\n<div class=\"c-column-module-feature\">\n<h4 class=\"c-column-module-feature__title h4\">Le confort avant tout<\/h4>\n<div class=\"c-column-module-feature__description h5\">\n<p>Con\u00e7ue pour tenir naturellement et parfaitement dans la paume de votre main avec un design profil\u00e9.<\/p>\n<\/div>\n<\/div>\n<div class=\"c-column-module-feature\">\n<h4 class=\"c-column-module-feature__title h4\">Indicateur de batterie faible<\/h4>\n<div class=\"c-column-module-feature__description h5\">\n<p>Vous savez quand les piles s\u2019affaiblissent gr\u00e2ce \u00e0 un voyant int\u00e9gr\u00e9.<\/p>\n<\/div>\n<\/div>\n<div class=\"c-column-module-feature\">\n<h4 class=\"c-column-module-feature__title h4\">Design ambidextre<\/h4>\n<div class=\"c-column-module-feature__description h5\">\n<p>Que vous soyez droitier ou gaucher, cette souris est con\u00e7ue pour convenir \u00e0 chacun.<\/p>\n<\/div>\n<\/div>\n<\/div>\n<\/div>\n<\/div>\n<\/section>\n<\/div>\n<\/div>\n<\/div>\n<\/div>\n<div class=\"anchor aem-GridColumn aem-GridColumn--default--12\">\n<div id=\"techSpecs\">\n<div>\n<div class=\"tech-specs\">\n<section class=\"c-product-specs m-bg-accessories-type-3\" data-metrics-link-placement=\"catalog:tech-specs\">\n<div class=\"c-default-container\">\n<h2 class=\"h3 c-product-specs__title\">Caract\u00e9ristiques techniques<\/h2>\n<div class=\"c-product-specs__list-wrapper\">\n<ul class=\"c-product-specs__list body-2\">\n<li class=\"c-product-specs__item\">\n<div>\n<p>Poids:0,06 kg<\/p>\n<\/div>\n<\/li>\n<li class=\"c-product-specs__item\">\n<div>\n<p>Dimensions minimales (L x P x H):11,5 x\u00a06,33 x\u00a03,62\u00a0cm<\/p>\n<h1 class=\"c-product-all-details-table__title h3 m-text-rtl-symbols\">Souris sans fil HP\u00a0X200 (6VY95AA)<\/h1>\n<table class=\"c-product-all-details-table__table\" role=\"table\">\n<caption class=\"c-product-all-details-table__caption\">Souris sans fil HP&amp;nbsp;X200 (6VY95AA) Toutes les caract\u00e9ristiques techniques<\/caption>\n<tbody>\n<tr class=\"c-product-all-details-table__tr\" role=\"row\">\n<th class=\"c-product-all-details-table__th\" role=\"rowheader\">Compatibilit\u00e9 mat\u00e9rielle<\/th>\n<td class=\"c-product-all-details-table__td m-text-rte\" role=\"cell\">Compatible avec les ordinateurs HP ayant un port USB-A disponible.<\/td>\n<\/tr>\n<tr class=\"c-product-all-details-table__tr\" role=\"row\">\n<th class=\"c-product-all-details-table__th\" role=\"rowheader\">Sous-groupe de produit<\/th>\n<td class=\"c-product-all-details-table__td m-text-rte\" role=\"cell\">Souris<\/td>\n<\/tr>\n<tr class=\"c-product-all-details-table__tr\" role=\"row\">\n<th class=\"c-product-all-details-table__th\" role=\"rowheader\">Couleur<\/th>\n<td class=\"c-product-all-details-table__td m-text-rte\" role=\"cell\">Noir<\/td>\n<\/tr>\n<tr class=\"c-product-all-details-table__tr\" role=\"row\">\n<th class=\"c-product-all-details-table__th\" role=\"rowheader\">Autonomie de la batterie<\/th>\n<td class=\"c-product-all-details-table__td m-text-rte\" role=\"cell\">Up to 18 months<\/td>\n<\/tr>\n<tr class=\"c-product-all-details-table__tr\" role=\"row\">\n<th class=\"c-product-all-details-table__th\" role=\"rowheader\">Type de batterie<\/th>\n<td class=\"c-product-all-details-table__td m-text-rte\" role=\"cell\">1 x AA<\/td>\n<\/tr>\n<tr class=\"c-product-all-details-table__tr\" role=\"row\">\n<th class=\"c-product-all-details-table__th\" role=\"rowheader\">R\u00e9solution<\/th>\n<td class=\"c-product-all-details-table__td m-text-rte\" role=\"cell\">Up to 1600 dpi<\/td>\n<\/tr>\n<tr class=\"c-product-all-details-table__tr\" role=\"row\">\n<th class=\"c-product-all-details-table__th\" role=\"rowheader\">Boutons<\/th>\n<td class=\"c-product-all-details-table__td m-text-rte\" role=\"cell\">3<\/td>\n<\/tr>\n<tr class=\"c-product-all-details-table__tr\" role=\"row\">\n<th class=\"c-product-all-details-table__th\" role=\"rowheader\">Syst\u00e8mes d&#8217;exploitation support\u00e9s<\/th>\n<td class=\"c-product-all-details-table__td m-text-rte\" role=\"cell\">Windows\u00a010 ; Windows\u00a08 ; Windows\u00a07 ; MacOS\u00a010.1 ou version ult\u00e9rieure<\/td>\n<\/tr>\n<tr class=\"c-product-all-details-table__tr\" role=\"row\">\n<th class=\"c-product-all-details-table__th\" role=\"rowheader\">Dimensions minimales (L x P x H)<\/th>\n<td class=\"c-product-all-details-table__td m-text-rte\" role=\"cell\">11,5 x\u00a06,33 x\u00a03,62\u00a0cm<\/td>\n<\/tr>\n<tr class=\"c-product-all-details-table__tr\" role=\"row\">\n<th class=\"c-product-all-details-table__th\" role=\"rowheader\">Dimensions de l&#8217;emballage (L x P x H)<\/th>\n<td class=\"c-product-all-details-table__td m-text-rte\" role=\"cell\">5,08 x 3,07 x 1,85 in<\/td>\n<\/tr>\n<tr class=\"c-product-all-details-table__tr\" role=\"row\">\n<th class=\"c-product-all-details-table__th\" role=\"rowheader\">Poids<\/th>\n<td class=\"c-product-all-details-table__td m-text-rte\" role=\"cell\">0,06 kg<\/td>\n<\/tr>\n<tr class=\"c-product-all-details-table__tr\" role=\"row\">\n<th class=\"c-product-all-details-table__th\" role=\"rowheader\">Poids du carton\/paquet<\/th>\n<td class=\"c-product-all-details-table__td m-text-rte\" role=\"cell\">0,13 kg<\/td>\n<\/tr>\n<tr class=\"c-product-all-details-table__tr\" role=\"row\">\n<th class=\"c-product-all-details-table__th\" role=\"rowheader\">Contenu de l\u2019emballage<\/th>\n<td class=\"c-product-all-details-table__td m-text-rte\" role=\"cell\">Souris sans fil HP\u00a0X200\u00a0; Guide de mise en route rapide\u00a0; Carte de garantie\u00a0; Informations sur le produit\u00a0; R.E.D. Carte RTF<\/td>\n<\/tr>\n<tr class=\"c-product-all-details-table__tr\" role=\"row\">\n<th class=\"c-product-all-details-table__th\" role=\"rowheader\">Garantie fabricant<\/th>\n<td class=\"c-product-all-details-table__td m-text-rte\" role=\"cell\">Garantie limit\u00e9e de deux ans.<\/td>\n<\/tr>\n<\/tbody>\n<\/table>\n<\/div>\n<\/li>\n<\/ul>\n<\/div>\n<\/div>\n<\/section>\n<\/div>\n<\/div>\n<\/div>\n<\/div>\n","protected":false},"excerpt":{"rendered":"<p>Restez productif avec la souris sans fil HP X200.<\/p>\n<p>Profitez d&#8217;une connexion sans fil 2,4 GHz fiable pour travailler et jouer sans interruption.<\/p>\n<p>Les param\u00e8tres DPI r\u00e9glables et le capteur optique pr\u00e9cis garantissent un suivi pr\u00e9cis sur diff\u00e9rentes surfaces.<\/p>\n<p>Son design profil\u00e9 offre un confort optimal, et l&#8217;indicateur de batterie faible vous permet de rester inform\u00e9.<\/p>\n<p>Compatible avec Windows et MacOS.<\/p>\n","protected":false},"featured_media":7860,"comment_status":"open","ping_status":"closed","template":"","meta":{"_acf_changed":false,"_monsterinsights_skip_tracking":false,"_monsterinsights_sitenote_active":false,"_monsterinsights_sitenote_note":"","_monsterinsights_sitenote_category":0,"_uf_show_specific_survey":0,"_uf_disable_surveys":false,"_joinchat":[]},"product_brand":[],"product_cat":[246,263,323],"product_tag":[],"class_list":{"0":"post-7849","1":"product","2":"type-product","3":"status-publish","4":"has-post-thumbnail","6":"product_cat-peripherique","7":"product_cat-souris-clavier","8":"product_cat-souris-sans-fil","10":"first","11":"outofstock","12":"sale","13":"shipping-taxable","14":"purchasable","15":"product-type-simple"},"acf":[],"jetpack_sharing_enabled":true,"_links":{"self":[{"href":"https:\/\/digistar.ma\/index.php?rest_route=\/wp\/v2\/product\/7849","targetHints":{"allow":["GET"]}}],"collection":[{"href":"https:\/\/digistar.ma\/index.php?rest_route=\/wp\/v2\/product"}],"about":[{"href":"https:\/\/digistar.ma\/index.php?rest_route=\/wp\/v2\/types\/product"}],"replies":[{"embeddable":true,"href":"https:\/\/digistar.ma\/index.php?rest_route=%2Fwp%2Fv2%2Fcomments&post=7849"}],"version-history":[{"count":3,"href":"https:\/\/digistar.ma\/index.php?rest_route=\/wp\/v2\/product\/7849\/revisions"}],"predecessor-version":[{"id":7863,"href":"https:\/\/digistar.ma\/index.php?rest_route=\/wp\/v2\/product\/7849\/revisions\/7863"}],"wp:featuredmedia":[{"embeddable":true,"href":"https:\/\/digistar.ma\/index.php?rest_route=\/wp\/v2\/media\/7860"}],"wp:attachment":[{"href":"https:\/\/digistar.ma\/index.php?rest_route=%2Fwp%2Fv2%2Fmedia&parent=7849"}],"wp:term":[{"taxonomy":"product_brand","embeddable":true,"href":"https:\/\/digistar.ma\/index.php?rest_route=%2Fwp%2Fv2%2Fproduct_brand&post=7849"},{"taxonomy":"product_cat","embeddable":true,"href":"https:\/\/digistar.ma\/index.php?rest_route=%2Fwp%2Fv2%2Fproduct_cat&post=7849"},{"taxonomy":"product_tag","embeddable":true,"href":"https:\/\/digistar.ma\/index.php?rest_route=%2Fwp%2Fv2%2Fproduct_tag&post=7849"}],"curies":[{"name":"wp","href":"https:\/\/api.w.org\/{rel}","templated":true}]}}