{"id":7887,"date":"2023-08-10T13:10:50","date_gmt":"2023-08-10T13:10:50","guid":{"rendered":"https:\/\/digistar.ma\/?post_type=product&#038;p=7887"},"modified":"2023-08-10T13:12:22","modified_gmt":"2023-08-10T13:12:22","slug":"souris-sans-fil-logitech-m190-gris-moyen-910-005906","status":"publish","type":"product","link":"https:\/\/digistar.ma\/?product=souris-sans-fil-logitech-m190-gris-moyen-910-005906","title":{"rendered":"Souris sans fil Logitech M190 Gris moyen (910-005906)"},"content":{"rendered":"<h3><strong>Souris sans fil Logitech M190 Gris moyen (910-005906)<\/strong><\/h3>\n<div class=\"product-information\">\n<div id=\"product-description-short-4911\" class=\"product-description-short mb-3 truncate_block st_showless_block_0 truncate_cate_desc_0\">\n<div class=\"st_read_more_box\">\n<ul>\n<li>Technologie de capteur Suivi optique fluide<\/li>\n<li>R\u00e9solution du capteur 1 000 ppp<\/li>\n<li>Nombre de boutons 3<\/li>\n<li>Roulette de d\u00e9filement Pr\u00e9cision par palier<\/li>\n<li>Batterie 18 mois<\/li>\n<li>Port\u00e9e de la connexion sans fil 10 m<\/li>\n<li>Technologie sans fil Nano-r\u00e9cepteur de Logitech<\/li>\n<li>Dimensions Hauteur 115,4 mm Largeur 66,1 mm \u00c9paisseur 40,3 mm<\/li>\n<li>Poids (avec piles) 89,9 g<\/li>\n<li>La port\u00e9e sans fil et l&#8217;autonomie de la batterie sont susceptibles de varier en fonction de l&#8217;utilisateur, des conditions environnementales et du mode d&#8217;utilisation.<\/li>\n<\/ul>\n<h3><strong>Souris sans fil Logitech M190 Gris moyen (910-005906)<\/strong><\/h3>\n<table>\n<tbody>\n<tr>\n<td colspan=\"2\">G\u00e9n\u00e9ral<\/td>\n<\/tr>\n<tr>\n<td>Type de p\u00e9riph\u00e9rique<\/td>\n<td>Souris<\/td>\n<\/tr>\n<tr>\n<td>R\u00e9cepteur sans fil<\/td>\n<td>Nano r\u00e9cepteur sans fil USB<\/td>\n<\/tr>\n<tr>\n<td>Largeur<\/td>\n<td>6.61 cm<\/td>\n<\/tr>\n<tr>\n<td><a href=\"https:\/\/www.crenova.ma\/clavier-et-souris-sans-fil-dell-km3322w.html\" target=\"_blank\" rel=\"noopener\">P<\/a>rofondeur<\/td>\n<td>11.54 cm<\/td>\n<\/tr>\n<tr>\n<td>Hauteur<\/td>\n<td>4.03 cm<\/td>\n<\/tr>\n<tr>\n<td>Poids<\/td>\n<td>89.9 g<\/td>\n<\/tr>\n<tr>\n<td>Couleur<\/td>\n<td>Gris interm\u00e9diaire<\/td>\n<\/tr>\n<tr>\n<td>Localisation<\/td>\n<td>EMEA<\/td>\n<\/tr>\n<tr>\n<td colspan=\"2\">Appareil d&#8217;entr\u00e9e<\/td>\n<\/tr>\n<tr>\n<td>Technologie de connectivit\u00e9<\/td>\n<td>Sans fil<\/td>\n<\/tr>\n<tr>\n<td>Distance de fonctionnement max.<\/td>\n<td>Jusqu&#8217;\u00e0 10 m<\/td>\n<\/tr>\n<tr>\n<td>Technologie de d\u00e9tection de mouvements<\/td>\n<td>Optique<\/td>\n<\/tr>\n<tr>\n<td>Nombre de boutons<\/td>\n<td>3<\/td>\n<\/tr>\n<tr>\n<td><a href=\"https:\/\/www.crenova.ma\/souris-sans-fil-ngs-fog-blue-fogblue.html\" target=\"_blank\" rel=\"noopener\">R<\/a>\u00e9solution<\/td>\n<td>1000 dpi<\/td>\n<\/tr>\n<tr>\n<td>Caract\u00e9ristiques<\/td>\n<td>Roue de d\u00e9filement m\u00e9canique<\/td>\n<\/tr>\n<tr>\n<td colspan=\"2\">Extension\/connectivit\u00e9<\/td>\n<\/tr>\n<tr>\n<td>Interfaces<\/td>\n<td>1 x USB &#8211; USB de type A 4 broches<\/td>\n<\/tr>\n<tr>\n<td colspan=\"2\">Divers<\/td>\n<\/tr>\n<tr>\n<td><a href=\"https:\/\/www.crenova.ma\/souris-sans-fil-logitech-mx-anywhere-2s-sarcelle-de-minuit-910-005154.html\" target=\"_blank\" rel=\"noopener\">A<\/a>ccessoires inclus<\/td>\n<td>1 pile AA<\/td>\n<\/tr>\n<tr>\n<td colspan=\"2\">Batterie<\/td>\n<\/tr>\n<tr>\n<td>Type<\/td>\n<td>Type AA<\/td>\n<\/tr>\n<tr>\n<td>Autonomie (max.)<\/td>\n<td>18 mois<\/td>\n<\/tr>\n<tr>\n<td colspan=\"2\">Logiciels \/ Configuration requise<\/td>\n<\/tr>\n<tr>\n<td><a href=\"https:\/\/www.crenova.ma\/souris-sans-fil-logitech-m171-bleu-noir-910-004640.html\" target=\"_blank\" rel=\"noopener\">S<\/a>yst\u00e8me d&#8217;exploitation requis<\/td>\n<td>Microsoft Windows 7, Linux 2.6 ou ult\u00e9rieur, Apple MacOS X 10.10 ou plus r\u00e9cent, Windows 10 ou sup\u00e9rieur<\/td>\n<\/tr>\n<tr>\n<td colspan=\"2\">Garantie du fabricant<\/td>\n<\/tr>\n<\/tbody>\n<\/table>\n<\/div>\n<\/div>\n<\/div>\n","protected":false},"excerpt":{"rendered":"<p>Optimisez votre productivit\u00e9 avec la souris sans fil Logitech M190 Gris moyen.<\/p>\n<p>Compacte et l\u00e9g\u00e8re, elle offre une prise en main confortable pour des heures d&#8217;utilisation sans fatigue.<\/p>\n<p>Son capteur optique fluide assure une pr\u00e9cision exceptionnelle, tandis que ses trois boutons et son d\u00e9filement par paliers simplifient la navigation.<\/p>\n<p>Gr\u00e2ce \u00e0 sa technologie sans fil Nano-r\u00e9cepteur, vous b\u00e9n\u00e9ficiez d&#8217;une connexion stable sur une port\u00e9e de 10 m\u00e8tres.<\/p>\n<p>Ne perdez plus de temps, essayez-la d\u00e8s maintenant !<\/p>\n","protected":false},"featured_media":7888,"comment_status":"open","ping_status":"closed","template":"","meta":{"_acf_changed":false,"_monsterinsights_skip_tracking":false,"_monsterinsights_sitenote_active":false,"_monsterinsights_sitenote_note":"","_monsterinsights_sitenote_category":0,"_uf_show_specific_survey":0,"_uf_disable_surveys":false,"_joinchat":[]},"product_brand":[],"product_cat":[246,263,323],"product_tag":[],"class_list":{"0":"post-7887","1":"product","2":"type-product","3":"status-publish","4":"has-post-thumbnail","6":"product_cat-peripherique","7":"product_cat-souris-clavier","8":"product_cat-souris-sans-fil","10":"first","11":"instock","12":"sale","13":"shipping-taxable","14":"purchasable","15":"product-type-simple"},"acf":[],"jetpack_sharing_enabled":true,"_links":{"self":[{"href":"https:\/\/digistar.ma\/index.php?rest_route=\/wp\/v2\/product\/7887","targetHints":{"allow":["GET"]}}],"collection":[{"href":"https:\/\/digistar.ma\/index.php?rest_route=\/wp\/v2\/product"}],"about":[{"href":"https:\/\/digistar.ma\/index.php?rest_route=\/wp\/v2\/types\/product"}],"replies":[{"embeddable":true,"href":"https:\/\/digistar.ma\/index.php?rest_route=%2Fwp%2Fv2%2Fcomments&post=7887"}],"version-history":[{"count":3,"href":"https:\/\/digistar.ma\/index.php?rest_route=\/wp\/v2\/product\/7887\/revisions"}],"predecessor-version":[{"id":7893,"href":"https:\/\/digistar.ma\/index.php?rest_route=\/wp\/v2\/product\/7887\/revisions\/7893"}],"wp:featuredmedia":[{"embeddable":true,"href":"https:\/\/digistar.ma\/index.php?rest_route=\/wp\/v2\/media\/7888"}],"wp:attachment":[{"href":"https:\/\/digistar.ma\/index.php?rest_route=%2Fwp%2Fv2%2Fmedia&parent=7887"}],"wp:term":[{"taxonomy":"product_brand","embeddable":true,"href":"https:\/\/digistar.ma\/index.php?rest_route=%2Fwp%2Fv2%2Fproduct_brand&post=7887"},{"taxonomy":"product_cat","embeddable":true,"href":"https:\/\/digistar.ma\/index.php?rest_route=%2Fwp%2Fv2%2Fproduct_cat&post=7887"},{"taxonomy":"product_tag","embeddable":true,"href":"https:\/\/digistar.ma\/index.php?rest_route=%2Fwp%2Fv2%2Fproduct_tag&post=7887"}],"curies":[{"name":"wp","href":"https:\/\/api.w.org\/{rel}","templated":true}]}}