{"id":8057,"date":"2023-08-19T10:01:10","date_gmt":"2023-08-19T10:01:10","guid":{"rendered":"https:\/\/digistar.ma\/?post_type=product&#038;p=8057"},"modified":"2023-08-19T10:12:27","modified_gmt":"2023-08-19T10:12:27","slug":"hp-207a-noir-w2210a-toner-hp-laserjet-dorigine","status":"publish","type":"product","link":"https:\/\/digistar.ma\/?product=hp-207a-noir-w2210a-toner-hp-laserjet-dorigine","title":{"rendered":"HP 207A Noir (W2210A) &#8211; Toner HP LaserJet d&#8217;origine"},"content":{"rendered":"<p><strong>HP 207A Noir (W2210A) &#8211; Toner HP LaserJet d&#8217;origine<\/strong><\/p>\n<p>HP 207A Noir &#8211; Toner original\u00a0<strong>HP W2210A<\/strong>. Ce toner HP 207A\u00a0<strong>100% authentique<\/strong>\u00a0vous permettra d&#8217;imprimer\u00a0<strong>jusqu&#8217;\u00e0 1350 pages en noir<\/strong>\u00a0\u00e0 un taux de couverture de 5%.<\/p>\n<p>Hp Color LaserJet Pro M255dw , Hp Color LaserJet Pro M255nw , Hp Color LaserJet Pro MFP M282nw , Hp Color LaserJet Pro MFP M283cdw , Hp Color LaserJet Pro MFP M283fdn , Hp Color LaserJet Pro MFP M283fdw<\/p>\n<p>Obtenez des r\u00e9sultats fiables avec le Toner HP 207A Noir (W2210A). Imprimez avec fiabilit\u00e9 des couleurs \u00e9clatantes et des textes nets gr\u00e2ce aux cartouches HP authentiques. Prot\u00e9gez l&#8217;environnement avec un recyclage facile et une r\u00e9duction des d\u00e9chets. Suivez les niveaux de toner pour une gestion efficace de l&#8217;encre.<\/p>\n<p>Profitez d&#8217;impressions\u00a0\u00a0rapides de qualit\u00e9 professionnelle gr\u00e2ce \u00e0 la technologie JetIntelligence. Ne vous laissez pas tromper par les contrefa\u00e7ons gr\u00e2ce \u00e0 la technologie anti-contrefa\u00e7on. Faciles \u00e0 installer, ces cartouches vous permettent de passer directement \u00e0 l&#8217;action.<\/p>\n<section class=\"ProductDetailsPage_productDetailsBannerWrapper__2VwJ7\">\n<div class=\"ProductDescription_productDescription__2iTwQ\">Imprimez tous vos documents professionnels rapidement et efficacement et de faites correspondre les performances de votre HP Color LaserJet Pro avec les cartouches de toner HP d\u2019origine avec JetIntelligence. Faites confiance \u00e0 la qualit\u00e9 et fiabilit\u00e9 pour des r\u00e9sultats d\u2019impression HP.<\/div>\n<\/section>\n<div class=\"KeySellingPointsContainer_container__h7h42\">\n<section class=\"ProductKeySellingPoints_root__2LZ6p KeySellingPointsContainer_keySellingPoints__RHxIr\" data-test-hook=\"@hpstellar\/storefront-ui-product-key-selling-points\">\n<div class=\"ProductKeySellingPoints_kspSection__3Fumw\">\n<h4 class=\"ProductKeySellingPoints_title__EfldW\">Plus de pages d&#8217;options \u00e0 rendement \u00e9lev\u00e9[1]<\/h4>\n<div class=\"ProductKeySellingPoints_description__1LCVX\">Imprimez plus longtemps et obtenez plus de pages avec les cartouches grande capacit\u00e9 en option.[1]<\/div>\n<\/div>\n<div class=\"ProductKeySellingPoints_kspSection__3Fumw\">\n<h4 class=\"ProductKeySellingPoints_title__EfldW\">Imprimez \u00e0 haute vitesse sans renoncer \u00e0 la qualit\u00e9<\/h4>\n<div class=\"ProductKeySellingPoints_description__1LCVX\">Continuez \u00e0 b\u00e9n\u00e9ficier d&#8217;une qualit\u00e9 professionnelle constante \u00e0 haute vitesse avec un toner HP ColorSphere 3.<\/div>\n<\/div>\n<div class=\"ProductKeySellingPoints_kspSection__3Fumw\">\n<h4 class=\"ProductKeySellingPoints_title__EfldW\">Aidez \u00e0 lutter contre la fraude<\/h4>\n<div class=\"ProductKeySellingPoints_description__1LCVX\">Obtenez la qualit\u00e9 HP authentique que vous attendez avec l&#8217;innovante technologie anti-fraude.<\/div>\n<\/div>\n<div class=\"ProductKeySellingPoints_kspSection__3Fumw\">\n<h4 class=\"ProductKeySellingPoints_title__EfldW\">Prot\u00e9gez votre investissement<\/h4>\n<div class=\"ProductKeySellingPoints_description__1LCVX\">Les cartouches de toner HP authentiques avec JetIntelligence produisent des r\u00e9sultats impressionnants de la premi\u00e8re \u00e0 la derni\u00e8re page.<\/div>\n<div><\/div>\n<\/div>\n<\/section>\n<\/div>\n<p>&nbsp;<\/p>\n<p>&nbsp;<\/p>\n<p>&nbsp;<\/p>\n<p>&nbsp;<\/p>\n","protected":false},"excerpt":{"rendered":"<p>Obtenez des r\u00e9sultats fiables avec le Toner HP 207A Noir (W2210A). Imprimez avec fiabilit\u00e9 des couleurs \u00e9clatantes et des textes nets gr\u00e2ce aux cartouches HP authentiques. Prot\u00e9gez l&#8217;environnement avec un recyclage facile et une r\u00e9duction des d\u00e9chets. Suivez les niveaux de toner pour une gestion efficace de l&#8217;encre. Profitez d&#8217;impressions rapides de qualit\u00e9 professionnelle gr\u00e2ce \u00e0 la technologie JetIntelligence. Ne vous laissez pas tromper par les contrefa\u00e7ons gr\u00e2ce \u00e0\u00a0 la technologie anti-contrefa\u00e7on. Faciles \u00e0 installer, ces cartouches vous permettent de passer directement \u00e0 l&#8217;action<\/p>\n","protected":false},"featured_media":8059,"comment_status":"open","ping_status":"closed","template":"","meta":{"_acf_changed":false,"_monsterinsights_skip_tracking":false,"_monsterinsights_sitenote_active":false,"_monsterinsights_sitenote_note":"","_monsterinsights_sitenote_category":0,"_uf_show_specific_survey":0,"_uf_disable_surveys":false,"_joinchat":[]},"product_brand":[],"product_cat":[15,238,248],"product_tag":[],"class_list":{"0":"post-8057","1":"product","2":"type-product","3":"status-publish","4":"has-post-thumbnail","6":"product_cat-imprimante-scanner","7":"product_cat-consommables","8":"product_cat-toner","10":"first","11":"instock","12":"sale","13":"shipping-taxable","14":"purchasable","15":"product-type-simple"},"acf":[],"jetpack_sharing_enabled":true,"_links":{"self":[{"href":"https:\/\/digistar.ma\/index.php?rest_route=\/wp\/v2\/product\/8057","targetHints":{"allow":["GET"]}}],"collection":[{"href":"https:\/\/digistar.ma\/index.php?rest_route=\/wp\/v2\/product"}],"about":[{"href":"https:\/\/digistar.ma\/index.php?rest_route=\/wp\/v2\/types\/product"}],"replies":[{"embeddable":true,"href":"https:\/\/digistar.ma\/index.php?rest_route=%2Fwp%2Fv2%2Fcomments&post=8057"}],"version-history":[{"count":3,"href":"https:\/\/digistar.ma\/index.php?rest_route=\/wp\/v2\/product\/8057\/revisions"}],"predecessor-version":[{"id":8067,"href":"https:\/\/digistar.ma\/index.php?rest_route=\/wp\/v2\/product\/8057\/revisions\/8067"}],"wp:featuredmedia":[{"embeddable":true,"href":"https:\/\/digistar.ma\/index.php?rest_route=\/wp\/v2\/media\/8059"}],"wp:attachment":[{"href":"https:\/\/digistar.ma\/index.php?rest_route=%2Fwp%2Fv2%2Fmedia&parent=8057"}],"wp:term":[{"taxonomy":"product_brand","embeddable":true,"href":"https:\/\/digistar.ma\/index.php?rest_route=%2Fwp%2Fv2%2Fproduct_brand&post=8057"},{"taxonomy":"product_cat","embeddable":true,"href":"https:\/\/digistar.ma\/index.php?rest_route=%2Fwp%2Fv2%2Fproduct_cat&post=8057"},{"taxonomy":"product_tag","embeddable":true,"href":"https:\/\/digistar.ma\/index.php?rest_route=%2Fwp%2Fv2%2Fproduct_tag&post=8057"}],"curies":[{"name":"wp","href":"https:\/\/api.w.org\/{rel}","templated":true}]}}