{"id":8140,"date":"2023-08-19T16:02:02","date_gmt":"2023-08-19T16:02:02","guid":{"rendered":"https:\/\/digistar.ma\/?post_type=product&#038;p=8140"},"modified":"2023-08-19T16:09:34","modified_gmt":"2023-08-19T16:09:34","slug":"hp-203a-noir-cf540a-toner-hp-laserjet-dorigine","status":"publish","type":"product","link":"https:\/\/digistar.ma\/?product=hp-203a-noir-cf540a-toner-hp-laserjet-dorigine","title":{"rendered":"HP 203A Noir (CF540A) &#8211; Toner HP LaserJet d&#8217;origine"},"content":{"rendered":"<p style=\"text-align: left;\">HP 203A Noir (CF540A) &#8211; Toner HP LaserJet d&#8217;origine<\/p>\n<p>e toner noir\u00a0<strong>HP LaserJet 203A<\/strong> vous assure une qualit\u00e9 d&#8217;impression optimale avec une capacit\u00e9 de 1 400 pages. Profitez de la technologie JetIntelligence, de tout le savoir-faire de HP et d&#8217;une utilisation pratique.<\/p>\n<div><strong>Caract\u00e9ristiques principales :<br \/>\n<\/strong><\/div>\n<ul>\n<li><strong>Couleur\u00a0<\/strong>: Noir<\/li>\n<li>Nombre total de pages :\u00a0<strong>1 400 pages<\/strong><\/li>\n<li><strong>Compatibilit\u00e9<\/strong>\u00a0: Imprimante multifonction HP Color LaserJet Pro M254dw (T6B60A), HP Color LaserJet Pro M254nw (T6B59A), Imprimante multifonction HP Color LaserJet Pro M280nw (T6B80A), Imprimante multifonction HP Color LaserJet Pro M281fdn (T6B81A),\u00a0 Imprimante multifonction HP Color LaserJet Pro M281fdw (T6B82A)<\/li>\n<li>Toner original\u00a0<strong>HP CF540A<\/strong>\u00a0pour imprimantes laser HP Laserjet Pro M254, M280 et M281. Ce toner\u00a0<strong>HP 203A noir<\/strong>\u00a0est un consommable HP\u00a0<strong>100% authentique<\/strong>. Il utilise la technologie HP JetIntelligence qui permet d&#8217;en r\u00e9duire la taille des consommables tout en diminuant la consommation \u00e9lectrique de l&#8217;imprimante. Cette cartouche laser vous permettra d&#8217;imprimer environ\u00a0<strong>1400 pages<\/strong>\u00a0\u00e0 un taux de couverture de 5%.<\/li>\n<li>Hp LaserJet Pro M254 , Hp LaserJet Pro M254dw , Hp LaserJet Pro M254nw , Hp LaserJet Pro M280nw , Hp LaserJet Pro M281fdn , Hp LaserJet Pro M281fdw , Hp LaserJet Pro MFP M280 , Hp LaserJet Pro MFP M281<\/li>\n<li>\n<section class=\"ProductDetailsPage_productDetailsBannerWrapper__2VwJ7\">\n<div class=\"ProductDescription_productDescription__2iTwQ\">Imprimez tous vos documents professionnels rapidement et efficacement et de faites correspondre les performances de votre HP Color LaserJet Pro avec les cartouches de toner HP d\u2019origine avec JetIntelligence. Faites confiance \u00e0 la qualit\u00e9 et fiabilit\u00e9 pour des r\u00e9sultats d\u2019impression HP.<\/div>\n<\/section>\n<div class=\"KeySellingPointsContainer_container__h7h42\">\n<section class=\"ProductKeySellingPoints_root__2LZ6p KeySellingPointsContainer_keySellingPoints__RHxIr\" data-test-hook=\"@hpstellar\/storefront-ui-product-key-selling-points\">\n<div class=\"ProductKeySellingPoints_kspSection__3Fumw\">\n<h4 class=\"ProductKeySellingPoints_title__EfldW\">Optimisez votre cartouche.<\/h4>\n<div class=\"ProductKeySellingPoints_description__1LCVX\">Imprimez plus longtemps et obtenez plus de pages avec les cartouches haute capacit\u00e9 en option.<\/div>\n<\/div>\n<div class=\"ProductKeySellingPoints_kspSection__3Fumw\">\n<h4 class=\"ProductKeySellingPoints_title__EfldW\">Imprimez \u00e0 haute vitesse sans renoncer \u00e0 la qualit\u00e9<\/h4>\n<div class=\"ProductKeySellingPoints_description__1LCVX\">Continuez \u00e0 b\u00e9n\u00e9ficier d&#8217;une qualit\u00e9 professionnelle constante \u00e0 haute vitesse avec un toner HP ColorSphere .<\/div>\n<\/div>\n<div class=\"ProductKeySellingPoints_kspSection__3Fumw\">\n<h4 class=\"ProductKeySellingPoints_title__EfldW\">Aidez \u00e0 lutter contre la fraude<\/h4>\n<div class=\"ProductKeySellingPoints_description__1LCVX\">Obtenez la qualit\u00e9 HP authentique que vous attendez avec l&#8217;innovante technologie anti-fraude.<\/div>\n<\/div>\n<div class=\"ProductKeySellingPoints_kspSection__3Fumw\">\n<h4 class=\"ProductKeySellingPoints_title__EfldW\">Prot\u00e9gez votre investissement<\/h4>\n<div class=\"ProductKeySellingPoints_description__1LCVX\">Continuez \u00e0 b\u00e9n\u00e9ficier d&#8217;une qualit\u00e9 professionnelle \u00e0 haute vitesse, page apr\u00e8s page, avec un toner HP ColorSphere .<\/div>\n<div>Couleur(s): Noir<br \/>\nCapacit\u00e9 \u00a0d&#8217;impression: environ 1400 pages<br \/>\nTechnologie d&#8217;impression: Laser<br \/>\nPoids: environ 0,53 kg<\/div>\n<\/div>\n<\/section>\n<\/div>\n<\/li>\n<\/ul>\n","protected":false},"excerpt":{"rendered":"<p>Couleur(s): Noir<br \/>\nCapacit\u00e9\u00a0 d&#8217;impression: environ 1400 pages<br \/>\nTechnologie d&#8217;impression: Laser<br \/>\nPoids: environ 0,53 kg<\/p>\n","protected":false},"featured_media":8141,"comment_status":"open","ping_status":"closed","template":"","meta":{"_acf_changed":false,"_monsterinsights_skip_tracking":false,"_monsterinsights_sitenote_active":false,"_monsterinsights_sitenote_note":"","_monsterinsights_sitenote_category":0,"_uf_show_specific_survey":0,"_uf_disable_surveys":false,"_joinchat":[]},"product_brand":[],"product_cat":[15,238,248],"product_tag":[],"class_list":{"0":"post-8140","1":"product","2":"type-product","3":"status-publish","4":"has-post-thumbnail","6":"product_cat-imprimante-scanner","7":"product_cat-consommables","8":"product_cat-toner","10":"first","11":"instock","12":"sale","13":"shipping-taxable","14":"purchasable","15":"product-type-simple"},"acf":[],"jetpack_sharing_enabled":true,"_links":{"self":[{"href":"https:\/\/digistar.ma\/index.php?rest_route=\/wp\/v2\/product\/8140","targetHints":{"allow":["GET"]}}],"collection":[{"href":"https:\/\/digistar.ma\/index.php?rest_route=\/wp\/v2\/product"}],"about":[{"href":"https:\/\/digistar.ma\/index.php?rest_route=\/wp\/v2\/types\/product"}],"replies":[{"embeddable":true,"href":"https:\/\/digistar.ma\/index.php?rest_route=%2Fwp%2Fv2%2Fcomments&post=8140"}],"version-history":[{"count":1,"href":"https:\/\/digistar.ma\/index.php?rest_route=\/wp\/v2\/product\/8140\/revisions"}],"predecessor-version":[{"id":8145,"href":"https:\/\/digistar.ma\/index.php?rest_route=\/wp\/v2\/product\/8140\/revisions\/8145"}],"wp:featuredmedia":[{"embeddable":true,"href":"https:\/\/digistar.ma\/index.php?rest_route=\/wp\/v2\/media\/8141"}],"wp:attachment":[{"href":"https:\/\/digistar.ma\/index.php?rest_route=%2Fwp%2Fv2%2Fmedia&parent=8140"}],"wp:term":[{"taxonomy":"product_brand","embeddable":true,"href":"https:\/\/digistar.ma\/index.php?rest_route=%2Fwp%2Fv2%2Fproduct_brand&post=8140"},{"taxonomy":"product_cat","embeddable":true,"href":"https:\/\/digistar.ma\/index.php?rest_route=%2Fwp%2Fv2%2Fproduct_cat&post=8140"},{"taxonomy":"product_tag","embeddable":true,"href":"https:\/\/digistar.ma\/index.php?rest_route=%2Fwp%2Fv2%2Fproduct_tag&post=8140"}],"curies":[{"name":"wp","href":"https:\/\/api.w.org\/{rel}","templated":true}]}}