{"id":8340,"date":"2023-08-23T11:04:06","date_gmt":"2023-08-23T11:04:06","guid":{"rendered":"https:\/\/digistar.ma\/?post_type=product&#038;p=8340"},"modified":"2025-07-23T17:28:40","modified_gmt":"2025-07-23T17:28:40","slug":"wacom-signature-tablette-graphique-stu-430-ch2","status":"publish","type":"product","link":"https:\/\/digistar.ma\/?product=wacom-signature-tablette-graphique-stu-430-ch2","title":{"rendered":"Wacom Signature Tablette graphique STU-430-CH2"},"content":{"rendered":"<p><strong>Wacom Signature Tablette graphique STU-430-CH2<\/strong><\/p>\n<h4 class=\"h2-master\">Un format compact pour un confort au quotidien<\/h4>\n<section>La tablette\u00a0<strong>Wacom Signature STU-430-CH2<\/strong>\u00a0facilitera vos t\u00e2ches quotidiennes en proposant une solution efficace pour la gestion des signatures \u00e9lectroniques. Livr\u00e9e avec le logiciel sign pro PDF, elle d\u00e9voile toutes ses qualit\u00e9s pour r\u00e9pondre aux exigences professionnelles.<\/section>\n<section>\n<div class=\"desc-image\"><img decoding=\"async\" src=\"https:\/\/media.ldlc.com\/bo\/images\/fiches\/tablette_graphique\/wacom\/stu430\/tablette_signature.jpg\" alt=\"\" \/><\/div>\n<div class=\"desc-text\">\n<h4><strong>PROFIL OPTIMIS\u00c9, EFFICACIT\u00c9 TOTALE<\/strong><\/h4>\n<p>La STU-430 est une\u00a0<strong>tablette de signature monochrome<\/strong>\u00a0dot\u00e9e d&#8217;une<strong>\u00a0conception fine<\/strong>, d&#8217;un profil bas et d&#8217;une surface plate. Son<strong>\u00a0\u00e9cran\u00a0de 4.5\u2033<\/strong>\u00a0est suffisamment grand pour capturer des signatures plus longues et y loger les boutons logiciels en plus de la zone de signature. L\u2019\u00e9cran r\u00e9flectif \u00e0 matrice passive est parfaitement lisible et int\u00e8gre un verre tremp\u00e9 r\u00e9sistant.<\/p>\n<p>La tablette Signagture STU-430-CH2 int\u00e8gre la technologie EMR sans maintenance brevet\u00e9e Wacom et pas moins de\u00a0<strong>1 024 niveaux de pression<\/strong>. Le syst\u00e8me de chiffrement AES-256 \/ RSA-2048 garantit une excellente s\u00e9curit\u00e9. Le porte-stylet int\u00e9gr\u00e9 fait \u00e9galement office de blocage de c\u00e2ble USB ce qui permet d\u2019\u00e9viter toute d\u00e9connexion fortuite du c\u00e2ble USB.<\/p>\n<\/div>\n<\/section>\n<section>\n<h4><strong>CARACT\u00c9RISTIQUES PRINCIPALES Wacom Signature Tablette graphique STU-430-CH2 :<\/strong><\/h4>\n<ul>\n<li><strong>Tablette de signature<\/strong><\/li>\n<li>Lecture \u00e0 r\u00e9sonance \u00e9lectromagn\u00e9tique (EMR)<\/li>\n<li>Surface active : 96 x 60 mm<\/li>\n<li><strong>1024 niveaux de pression du stylet pour une pr\u00e9cision extr\u00eame<\/strong><\/li>\n<li>Ecran F-STN 320 x 200 pixels avec verre tremp\u00e9<\/li>\n<li>Chiffrement AES256 et RSA2048<\/li>\n<li>Range-stylet, syst\u00e8me de verrouillage du c\u00e2ble USB<\/li>\n<li><strong>Logiciel sign pro PDF inclus<\/strong><\/li>\n<\/ul>\n<h3><a href=\"https:\/\/digistar.ma\/wp-content\/uploads\/2023\/08\/wacom-for-business-datasheet-stu-430-fr-eu-20210915.pdf\">FICHE TECHNIQUE ICI<\/a><\/h3>\n<\/section>\n","protected":false},"excerpt":{"rendered":"<ul>\n<li><strong>Tablette de signature<\/strong><\/li>\n<li>Lecture \u00e0 r\u00e9sonance \u00e9lectromagn\u00e9tique (EMR)<\/li>\n<li>Surface active : 96 x 60 mm<\/li>\n<li><strong>1024 niveaux de pression du stylet pour une pr\u00e9cision extr\u00eame<\/strong><\/li>\n<li>Ecran F-STN 320 x 200 pixels avec verre tremp\u00e9<\/li>\n<li>Chiffrement AES256 et RSA2048<\/li>\n<li>Range-stylet, syst\u00e8me de verrouillage du c\u00e2ble USB<\/li>\n<li><strong>Logiciel sign pro PDF inclus<\/strong><\/li>\n<\/ul>\n","protected":false},"featured_media":8347,"comment_status":"open","ping_status":"closed","template":"","meta":{"_acf_changed":false,"_monsterinsights_skip_tracking":false,"_monsterinsights_sitenote_active":false,"_monsterinsights_sitenote_note":"","_monsterinsights_sitenote_category":0,"_uf_show_specific_survey":0,"_uf_disable_surveys":false,"_joinchat":[]},"product_brand":[],"product_cat":[245],"product_tag":[],"class_list":{"0":"post-8340","1":"product","2":"type-product","3":"status-publish","4":"has-post-thumbnail","6":"product_cat-tablette-graphique","8":"first","9":"instock","10":"sale","11":"shipping-taxable","12":"purchasable","13":"product-type-simple"},"acf":[],"jetpack_sharing_enabled":true,"_links":{"self":[{"href":"https:\/\/digistar.ma\/index.php?rest_route=\/wp\/v2\/product\/8340","targetHints":{"allow":["GET"]}}],"collection":[{"href":"https:\/\/digistar.ma\/index.php?rest_route=\/wp\/v2\/product"}],"about":[{"href":"https:\/\/digistar.ma\/index.php?rest_route=\/wp\/v2\/types\/product"}],"replies":[{"embeddable":true,"href":"https:\/\/digistar.ma\/index.php?rest_route=%2Fwp%2Fv2%2Fcomments&post=8340"}],"version-history":[{"count":4,"href":"https:\/\/digistar.ma\/index.php?rest_route=\/wp\/v2\/product\/8340\/revisions"}],"predecessor-version":[{"id":8376,"href":"https:\/\/digistar.ma\/index.php?rest_route=\/wp\/v2\/product\/8340\/revisions\/8376"}],"wp:featuredmedia":[{"embeddable":true,"href":"https:\/\/digistar.ma\/index.php?rest_route=\/wp\/v2\/media\/8347"}],"wp:attachment":[{"href":"https:\/\/digistar.ma\/index.php?rest_route=%2Fwp%2Fv2%2Fmedia&parent=8340"}],"wp:term":[{"taxonomy":"product_brand","embeddable":true,"href":"https:\/\/digistar.ma\/index.php?rest_route=%2Fwp%2Fv2%2Fproduct_brand&post=8340"},{"taxonomy":"product_cat","embeddable":true,"href":"https:\/\/digistar.ma\/index.php?rest_route=%2Fwp%2Fv2%2Fproduct_cat&post=8340"},{"taxonomy":"product_tag","embeddable":true,"href":"https:\/\/digistar.ma\/index.php?rest_route=%2Fwp%2Fv2%2Fproduct_tag&post=8340"}],"curies":[{"name":"wp","href":"https:\/\/api.w.org\/{rel}","templated":true}]}}