{"id":8583,"date":"2023-08-24T17:27:45","date_gmt":"2023-08-24T17:27:45","guid":{"rendered":"https:\/\/digistar.ma\/?post_type=product&#038;p=8583"},"modified":"2023-08-24T17:27:46","modified_gmt":"2023-08-24T17:27:46","slug":"hp-smart-tank-725-imprimante-multifonction-a-reservoirs-rechargeables","status":"publish","type":"product","link":"https:\/\/digistar.ma\/?product=hp-smart-tank-725-imprimante-multifonction-a-reservoirs-rechargeables","title":{"rendered":"HP Smart Tank 725 Imprimante multifonction \u00e0 r\u00e9servoirs rechargeables"},"content":{"rendered":"<p><strong>HP Smart Tank 725 Imprimante multifonction \u00e0 r\u00e9servoirs rechargeables<\/strong><\/p>\n<p><span class=\"m-text-nowrap\"><span>la configuration mobile<\/span> <\/span><span>, impression recto verso automatique, boutons intelligents et moins d&#8217;interruptions.\u00a0De plus, obtenez plus de valeur gr\u00e2ce \u00e0 l&#8217;encre en grand volume : jusqu&#8217;\u00e0 trois ans d&#8217;encre HP d&#8217;origine incluse dans la\u00a0<\/span><span class=\"m-text-nowrap\"><span>bo\u00eete.<\/span><\/span><\/p>\n<div class=\"c-split-module__image\">\n<div class=\"c-image-container hp-image-8200-99b0 with-ratio\"><img decoding=\"async\" class=\"inner-image\" src=\"https:\/\/ssl-product-images.www8-hp.com\/digmedialib\/prodimg\/lowres\/c07824463.png\" alt=\"HP Smart Tank 725 Tout-en-un Dark Surf Blue Coreset FrontOutput\" \/><\/div>\n<\/div>\n<div class=\"c-split-module__text\">\n<h3 class=\"h2 c-split-module__title\">Impression fluide, aussi simple que 1,2,3<\/h3>\n<p class=\"h4 c-split-module__description\">Imprimez facilement gr\u00e2ce \u00e0\u00a0<span class=\"m-text-nowrap\">une configuration mobile simple <\/span>, des boutons r\u00e9tro\u00e9clair\u00e9s \u00e0 guidage intelligent et des capteurs d&#8217;encre et de papier.\u00a0<span class=\"m-text-nowrap\">Wi-Fi\u00ae<\/span>\u00a0double bande auto-r\u00e9parateur <span class=\"m-text-nowrap\">et l&#8217; application<\/span>\u00a0HP Smart facilite l&#8217;impression de n&#8217;importe o\u00f9.<\/p>\n<h3 class=\"h2 c-split-module__title\">Une augmentation de la productivit\u00e9 \u00e0 domicile<\/h3>\n<p class=\"h4 c-split-module__description\">Gagnez du temps et faites plus avec une qualit\u00e9 d&#8217;impression exceptionnelle, l&#8217;impression recto verso et l&#8217;\u00a0<span class=\"m-text-nowrap\">application HP Smart.<span class=\"c-footnote-container\">\u00a0<\/span><\/span><\/p>\n<h3 class=\"h2 c-split-module__title\">Plein d\u2019\u00e9conomies avec HP Smart Tank 725 Imprimante multifonction \u00e0 r\u00e9servoirs rechargeables<\/h3>\n<p class=\"h4 c-split-module__description\">Id\u00e9al pour l&#8217;impression de gros volumes \u00e0 faible co\u00fbt : jusqu&#8217;\u00e0 trois ans d&#8217;encre HP d&#8217;origine incluse dans la\u00a0<span class=\"m-text-nowrap\">bo\u00eete.<\/span><\/p>\n<div class=\"c-column-module-feature\">\n<h4 class=\"c-column-module-feature__title h4\"><span>Con\u00e7u pour l&#8217;impression de gros volumes<\/span><\/h4>\n<div class=\"c-column-module-feature__description h5\">\n<p><span>Obtenez jusqu&#8217;\u00e0 18 000 pages en noir ou 8 000 pages en couleur d&#8217;encre HP d&#8217;origine incluses dans la\u00a0<\/span><span class=\"m-text-nowrap\"><span>bo\u00eete.<\/span><\/span><\/p>\n<\/div>\n<\/div>\n<div class=\"c-column-module-feature\">\n<h4 class=\"c-column-module-feature__title h4\"><span>Impression recto verso automatique<\/span><\/h4>\n<div class=\"c-column-module-feature__description h5\">\n<p><span>Parcourez rapidement des documents de plusieurs pages gr\u00e2ce \u00e0 l\u2019impression recto verso automatique.<\/span><\/p>\n<\/div>\n<\/div>\n<div class=\"c-column-module-feature\">\n<h4 class=\"c-column-module-feature__title h4\"><span>Votre connexion fiable<\/span><\/h4>\n<div class=\"c-column-module-feature__description h5\">\n<p><span>Obtenez des connexions plus rapides et plus fiables gr\u00e2ce au Wi-Fi\u00ae double bande avec\u00a0<\/span><span class=\"m-text-nowrap\"><span>auto-r\u00e9paration.<\/span><\/span><\/p>\n<\/div>\n<\/div>\n<div class=\"c-column-module-feature\">\n<h4 class=\"c-column-module-feature__title h4\"><span>Application HP intelligente<\/span><\/h4>\n<div class=\"c-column-module-feature__description h5\">\n<p><span>Imprimez, num\u00e9risez et copiez depuis votre t\u00e9l\u00e9phone, o\u00f9 que vous\u00a0<\/span><span>soyez. Profitez\u00a0d&#8217;une num\u00e9risation avanc\u00e9e pendant 12 mois avec HP Smart\u00a0<\/span><span class=\"m-text-nowrap\"><span>Tank.<\/span><\/span><\/p>\n<\/div>\n<\/div>\n<\/div>\n","protected":false},"excerpt":{"rendered":"<p>Impression, scan, copie<br \/>\nLivr\u00e9 avec 3 bouteilles d\u2019encre noire authentique HP GT53XL 135 ml; bouteille d\u2019encre\u00a0cyan authentique HP GT52; bouteille d\u2019encre magenta authentique HP GT52; bouteille d\u2019encre jaune authentique HP GT52<br \/>\nVitesse d&#8217;impression noir: 23 pages\/min (15 pages\/min en norme ISO)<br \/>\nVitesse d&#8217;impression couleur: 22 pages\/min (9 pages\/min en norme ISO)<br \/>\nQualit\u00e9 d&#8217;impression noire: Jusqu&#8217;\u00e0 1 200 x 1 200 ppp rendus<br \/>\nQualit\u00e9 d&#8217;impression couleur: Jusqu&#8217;\u00e0 4800 x 1200 ppp optimis\u00e9s en couleurs pour l&#8217;impression depuis un ordinateur et 1200 ppp en entr\u00e9e<br \/>\nVolume de pages mensuel recommand\u00e9: 400 \u00e0 800<br \/>\nImpression recto\/verso: Automatique<br \/>\nFonctionne avec: Noir; Cyan; Magenta; Jaune<br \/>\nConnectivit\u00e9: USB 2.0 haut d\u00e9bit ; Wi-Fi ; Bluetooth LE<\/p>\n","protected":false},"featured_media":8590,"comment_status":"open","ping_status":"closed","template":"","meta":{"_acf_changed":false,"_monsterinsights_skip_tracking":false,"_monsterinsights_sitenote_active":false,"_monsterinsights_sitenote_note":"","_monsterinsights_sitenote_category":0,"_uf_show_specific_survey":0,"_uf_disable_surveys":false,"_joinchat":[]},"product_brand":[],"product_cat":[15,253,265,266],"product_tag":[],"class_list":{"0":"post-8583","1":"product","2":"type-product","3":"status-publish","4":"has-post-thumbnail","6":"product_cat-imprimante-scanner","7":"product_cat-imprimante","8":"product_cat-imprimante-a-reservoirs-rechargeables","9":"product_cat-multifonction-jet-dencre","11":"first","12":"instock","13":"sale","14":"shipping-taxable","15":"purchasable","16":"product-type-simple"},"acf":[],"jetpack_sharing_enabled":true,"_links":{"self":[{"href":"https:\/\/digistar.ma\/index.php?rest_route=\/wp\/v2\/product\/8583","targetHints":{"allow":["GET"]}}],"collection":[{"href":"https:\/\/digistar.ma\/index.php?rest_route=\/wp\/v2\/product"}],"about":[{"href":"https:\/\/digistar.ma\/index.php?rest_route=\/wp\/v2\/types\/product"}],"replies":[{"embeddable":true,"href":"https:\/\/digistar.ma\/index.php?rest_route=%2Fwp%2Fv2%2Fcomments&post=8583"}],"version-history":[{"count":1,"href":"https:\/\/digistar.ma\/index.php?rest_route=\/wp\/v2\/product\/8583\/revisions"}],"predecessor-version":[{"id":8595,"href":"https:\/\/digistar.ma\/index.php?rest_route=\/wp\/v2\/product\/8583\/revisions\/8595"}],"wp:featuredmedia":[{"embeddable":true,"href":"https:\/\/digistar.ma\/index.php?rest_route=\/wp\/v2\/media\/8590"}],"wp:attachment":[{"href":"https:\/\/digistar.ma\/index.php?rest_route=%2Fwp%2Fv2%2Fmedia&parent=8583"}],"wp:term":[{"taxonomy":"product_brand","embeddable":true,"href":"https:\/\/digistar.ma\/index.php?rest_route=%2Fwp%2Fv2%2Fproduct_brand&post=8583"},{"taxonomy":"product_cat","embeddable":true,"href":"https:\/\/digistar.ma\/index.php?rest_route=%2Fwp%2Fv2%2Fproduct_cat&post=8583"},{"taxonomy":"product_tag","embeddable":true,"href":"https:\/\/digistar.ma\/index.php?rest_route=%2Fwp%2Fv2%2Fproduct_tag&post=8583"}],"curies":[{"name":"wp","href":"https:\/\/api.w.org\/{rel}","templated":true}]}}