{"id":8730,"date":"2023-08-30T15:34:24","date_gmt":"2023-08-30T15:34:24","guid":{"rendered":"https:\/\/digistar.ma\/?post_type=product&#038;p=8730"},"modified":"2023-08-30T15:34:25","modified_gmt":"2023-08-30T15:34:25","slug":"ordinateur-portable-dell-latitude-3440-dl-lat3440-i5","status":"publish","type":"product","link":"https:\/\/digistar.ma\/?product=ordinateur-portable-dell-latitude-3440-dl-lat3440-i5","title":{"rendered":"Ordinateur portable Dell Latitude 3440 (DL-LAT3440-I5)"},"content":{"rendered":"<h4>Ordinateur portable Dell Latitude 3440 (DL-LAT3440-I5)<\/h4>\n<div class=\"pd-feature-wrap TextLeftImageRight \">\n<div class=\"pd-feature-item\">\n<div class=\"pd-content-wrap\">\n<h2 class=\"pd-bottom-title\">Une conception moderne pour optimiser la productivit\u00e9 avec l Ordinateur portable Dell Latitude 3440 (DL-LAT3440-I5)<\/h2>\n<div class=\"pd-item-desc\"><b>Bo\u00eetier compact\u00a0revisit\u00e9<\/b>\u00a0: nouveau coloris, nouvelle texture.<\/p>\n<p><b>Am\u00e9lioration g\u00e9n\u00e9rationnelle<\/b>\u00a0du clavier avec des touches grav\u00e9es au laser durables et une course des touches plus longue pour gagner en confort d\u2019utilisation.<\/p>\n<p><b>Pav\u00e9 tactile optimis\u00e9<\/b>\u00a0: gage de meilleures sensations, il favorise une hausse de la productivit\u00e9 par rapport aux mod\u00e8les de la g\u00e9n\u00e9ration pr\u00e9c\u00e9dente.<\/div>\n<div><\/div>\n<\/div>\n<\/div>\n<\/div>\n<div class=\"pd-feature-wrap TextRightImageLeft Light\">\n<div class=\"pd-feature-item\">\n<div class=\"pd-media-container\">\n<div class=\"\">\n<div class=\"dell-media-bc-video dell-media-y-video-container dell-media-bc-video-container\"><img fetchpriority=\"high\" decoding=\"async\" class=\"u-max-full-width\" title=\"Latitude\" src=\"https:\/\/i.dell.com\/sites\/csimages\/Video_Imagery\/all\/lati3340-2n1-camera-video-thumb-updated.jpg\" alt=\"Latitude\" width=\"744\" height=\"418\" \/><\/div>\n<\/div>\n<div>\n<div class=\"pd-item-desc\">\n<h2 class=\"pd-bottom-title\">Quand l\u2019union fait la force\u2026<\/h2>\n<div class=\"pd-item-desc\">\n<ul>\n<li>La fonctionnalit\u00e9\u00a0<b>Intelligent\u00a0Audio<\/b>\u00a0permet de supprimer les bruits de fond et l\u2019\u00e9cho aux deux bouts de la ligne et le syst\u00e8me\u00a0<b>Voice\u00a0Quality\u00a0Monitoring<\/b>\u00a0avertit d\u2019un probl\u00e8me de qualit\u00e9 vocale.<\/li>\n<\/ul>\n<ul>\n<li><b>Choisissez entre plusieurs mod\u00e8les de webcam<\/b>, y compris la webcam\u00a0FHD+IR con\u00e7ue pour refl\u00e9ter et mettre en valeur la r\u00e9alit\u00e9 avec une qualit\u00e9 d\u2019image irr\u00e9prochable.<\/li>\n<li>\n<p class=\"msg-text\"><b>Large choix d\u2019\u00e9crans<\/b>, dont le mod\u00e8le\u00a0tactile\u00a0FHD.<\/p>\n<\/li>\n<\/ul>\n<\/div>\n<\/div>\n<\/div>\n<\/div>\n<\/div>\n<\/div>\n<div class=\"pd-feature-wrap TextLeftImageRight \">\n<div class=\"pd-feature-item\">\n<div class=\"pd-media-container\">\n<div class=\"pd-item-image-wrap \"><picture><source srcset=\"https:\/\/i.dell.com\/is\/image\/DellContent\/content\/dam\/ss2\/product-images\/dell-client-products\/notebooks\/latitude-notebooks\/latitude-14-3440-laptop\/pdp\/latitude-14-3440-laptop-pdp-module-06.psd?wid=432&amp;hei=355&amp;fmt=png-alpha&amp;qlt=100%2c0&amp;op_usm=1.75%2c0.3%2c2%2c0&amp;resMode=sharp2&amp;pscan=auto&amp;fit=constrain%2c1&amp;align=0%2c0\" media=\"(max-width: 432px)\" \/><source srcset=\"https:\/\/i.dell.com\/is\/image\/DellContent\/content\/dam\/ss2\/product-images\/dell-client-products\/notebooks\/latitude-notebooks\/latitude-14-3440-laptop\/pdp\/latitude-14-3440-laptop-pdp-module-06.psd?wid=726&amp;hei=597&amp;fmt=png-alpha&amp;qlt=100%2c0&amp;op_usm=1.75%2c0.3%2c2%2c0&amp;resMode=sharp2&amp;pscan=auto&amp;fit=constrain%2c1&amp;align=0%2c0\" media=\"(max-width: 767px)\" \/><source srcset=\"https:\/\/i.dell.com\/is\/image\/DellContent\/content\/dam\/ss2\/product-images\/dell-client-products\/notebooks\/latitude-notebooks\/latitude-14-3440-laptop\/pdp\/latitude-14-3440-laptop-pdp-module-06.psd?wid=550&amp;hei=452&amp;fmt=png-alpha&amp;qlt=100%2c0&amp;op_usm=1.75%2c0.3%2c2%2c0&amp;resMode=sharp2&amp;pscan=auto&amp;fit=constrain%2c1&amp;align=0%2c0\" media=\"(max-width: 1170px)\" \/><source srcset=\"https:\/\/i.dell.com\/is\/image\/DellContent\/content\/dam\/ss2\/product-images\/dell-client-products\/notebooks\/latitude-notebooks\/latitude-14-3440-laptop\/pdp\/latitude-14-3440-laptop-pdp-module-06.psd?wid=950&amp;hei=781&amp;fmt=png-alpha&amp;qlt=100%2c0&amp;op_usm=1.75%2c0.3%2c2%2c0&amp;resMode=sharp2&amp;pscan=auto&amp;fit=constrain%2c1&amp;align=0%2c0\" media=\"(max-width: 1919px)\" \/><source srcset=\"https:\/\/i.dell.com\/is\/image\/DellContent\/content\/dam\/ss2\/product-images\/dell-client-products\/notebooks\/latitude-notebooks\/latitude-14-3440-laptop\/pdp\/latitude-14-3440-laptop-pdp-module-06.psd?wid=1920&amp;hei=1580&amp;fmt=png-alpha&amp;qlt=100%2c0&amp;op_usm=1.75%2c0.3%2c2%2c0&amp;resMode=sharp2&amp;pscan=auto&amp;fit=constrain%2c1&amp;align=0%2c0\" media=\"(min-width: 1920px)\" \/><img decoding=\"async\" class=\"u-max-full-width\" src=\"data:;base64,<svg xmlns='http:\/\/www.w3.org\/2000\/svg' viewBox='0 0 390 321'\/>&#8221; alt=&#8221;Ordinateur portable\u00a0Dell\u00a0Latitude\u00a014\u00a03440.&#8221; data-src=&#8221;https:\/\/i.dell.com\/is\/image\/DellContent\/content\/dam\/ss2\/product-images\/dell-client-products\/notebooks\/latitude-notebooks\/latitude-14-3440-laptop\/pdp\/latitude-14-3440-laptop-pdp-module-06.psd?qlt=95&amp;fit=constrain%2c1&amp;hei=321&amp;wid=390&amp;fmt=png-alpha&#8221; \/><\/picture><\/div>\n<\/div>\n<div class=\"pd-content-wrap\">\n<h2 class=\"pd-bottom-title\">La garantie d\u2019une connectivit\u00e9 sans compromis<\/h2>\n<div class=\"pd-item-desc\">\n<ul>\n<li><b>Wi-Fi\u00a06E<\/b><b>et 4G\u00a0LTE\u00a0en option<\/b>\u00a0: b\u00e9n\u00e9ficiez \u00e0 tout moment d\u2019une connexion\u00a0Internet haut d\u00e9bit et restez productif m\u00eame en d\u00e9placement.<\/li>\n<\/ul>\n<ul>\n<li><b>ExpressConnect<\/b>\u00a0: connectez-vous au meilleur r\u00e9seau disponible, donnez la priorit\u00e9 aux applications de conf\u00e9rence et b\u00e9n\u00e9ficiez de t\u00e9l\u00e9chargements de donn\u00e9es et de vid\u00e9os rapides avec la premi\u00e8re connexion multir\u00e9seau simultan\u00e9e au monde.<\/li>\n<\/ul>\n<\/div>\n<\/div>\n<\/div>\n<\/div>\n<div class=\"pd-feature-wrap TextRightImageLeft \">\n<div class=\"pd-feature-item\">\n<div class=\"pd-media-container\">\n<div class=\"pd-item-image-wrap \"><picture><source srcset=\"https:\/\/i.dell.com\/is\/image\/DellContent\/content\/dam\/ss2\/product-images\/dell-client-products\/notebooks\/latitude-notebooks\/latitude-14-3440-laptop\/pdp\/latitude-14-3440-laptop-pdp-module-04-privacy.psd?wid=432&amp;hei=355&amp;fmt=png-alpha&amp;qlt=100%2c0&amp;op_usm=1.75%2c0.3%2c2%2c0&amp;resMode=sharp2&amp;pscan=auto&amp;fit=constrain%2c1&amp;align=0%2c0\" media=\"(max-width: 432px)\" \/><source srcset=\"https:\/\/i.dell.com\/is\/image\/DellContent\/content\/dam\/ss2\/product-images\/dell-client-products\/notebooks\/latitude-notebooks\/latitude-14-3440-laptop\/pdp\/latitude-14-3440-laptop-pdp-module-04-privacy.psd?wid=726&amp;hei=597&amp;fmt=png-alpha&amp;qlt=100%2c0&amp;op_usm=1.75%2c0.3%2c2%2c0&amp;resMode=sharp2&amp;pscan=auto&amp;fit=constrain%2c1&amp;align=0%2c0\" media=\"(max-width: 767px)\" \/><source srcset=\"https:\/\/i.dell.com\/is\/image\/DellContent\/content\/dam\/ss2\/product-images\/dell-client-products\/notebooks\/latitude-notebooks\/latitude-14-3440-laptop\/pdp\/latitude-14-3440-laptop-pdp-module-04-privacy.psd?wid=550&amp;hei=452&amp;fmt=png-alpha&amp;qlt=100%2c0&amp;op_usm=1.75%2c0.3%2c2%2c0&amp;resMode=sharp2&amp;pscan=auto&amp;fit=constrain%2c1&amp;align=0%2c0\" media=\"(max-width: 1170px)\" \/><source srcset=\"https:\/\/i.dell.com\/is\/image\/DellContent\/content\/dam\/ss2\/product-images\/dell-client-products\/notebooks\/latitude-notebooks\/latitude-14-3440-laptop\/pdp\/latitude-14-3440-laptop-pdp-module-04-privacy.psd?wid=950&amp;hei=781&amp;fmt=png-alpha&amp;qlt=100%2c0&amp;op_usm=1.75%2c0.3%2c2%2c0&amp;resMode=sharp2&amp;pscan=auto&amp;fit=constrain%2c1&amp;align=0%2c0\" media=\"(max-width: 1919px)\" \/><source srcset=\"https:\/\/i.dell.com\/is\/image\/DellContent\/content\/dam\/ss2\/product-images\/dell-client-products\/notebooks\/latitude-notebooks\/latitude-14-3440-laptop\/pdp\/latitude-14-3440-laptop-pdp-module-04-privacy.psd?wid=1920&amp;hei=1580&amp;fmt=png-alpha&amp;qlt=100%2c0&amp;op_usm=1.75%2c0.3%2c2%2c0&amp;resMode=sharp2&amp;pscan=auto&amp;fit=constrain%2c1&amp;align=0%2c0\" media=\"(min-width: 1920px)\" \/><img decoding=\"async\" class=\"u-max-full-width\" src=\"data:;base64,<svg xmlns='http:\/\/www.w3.org\/2000\/svg' viewBox='0 0 390 321'\/>&#8221; alt=&#8221;Ordinateur portable\u00a0Dell\u00a0Latitude\u00a014\u00a03440.&#8221; data-src=&#8221;https:\/\/i.dell.com\/is\/image\/DellContent\/content\/dam\/ss2\/product-images\/dell-client-products\/notebooks\/latitude-notebooks\/latitude-14-3440-laptop\/pdp\/latitude-14-3440-laptop-pdp-module-04-privacy.psd?qlt=95&amp;fit=constrain%2c1&amp;hei=321&amp;wid=390&amp;fmt=png-alpha&#8221; \/><\/picture><\/div>\n<\/div>\n<div class=\"pd-content-wrap\">\n<h2 class=\"pd-bottom-title\">La confidentialit\u00e9 en toute s\u00e9r\u00e9nit\u00e9 avec l Ordinateur portable Dell Latitude 3440 (DL-LAT3440-I5)<\/h2>\n<div class=\"pd-item-desc\">\n<ul>\n<li><b>S\u00e9curit\u00e9 renforc\u00e9e<\/b>\u00a0: le lecteur d\u2019empreintes digitales et la d\u00e9tection d\u2019intrusion dans le bo\u00eetier figurent parmi les options disponibles pour assurer une protection optimale.<\/li>\n<li><b>Connexion simple et s\u00e9curis\u00e9e<\/b>\u00a0avec la fonction\u00a0Windows\u00a0Hello (disponible en option) prise en charge par la webcam\u00a0FHD+IR.<\/li>\n<li><b>Confidentialit\u00e9<\/b>\u00a0et tranquillit\u00e9 d\u2019esprit garanties avec l\u2019obturateur m\u00e9canique de la cam\u00e9ra et le bouton de d\u00e9sactivation du microphone \u00e0 port\u00e9e de main.<\/li>\n<\/ul>\n<\/div>\n<\/div>\n<\/div>\n<\/div>\n<div class=\"pd-feature-wrap ImageTop \">\n<div class=\"pd-feature-item\">\n<div class=\"pd-media-container\">\n<div>\n<div id=\"s7gvwt-holder-1\" class=\"s7gvwt-holder\">\n<div id=\"s7gvwt-container-1\" class=\"s7container\" lang=\"en\" role=\"region\" data-description=\"Scene7ComponentHolder\" data-component=\"Container\" aria-label=\"\">\n<div id=\"s7gvwt-container-1_inner\" class=\"s7container s7innercontainer\">\n<div class=\"s7gvwt-components-container s7gvwt-nozoom\">\n<div id=\"s7gvwt-zoomview-container-1\" class=\"s7gvwt-zoomview-container\">\n<div id=\"s7ZoomView_1\" class=\"s7zoomview\" lang=\"en\" tabindex=\"0\" role=\"application\" data-description=\"Scene7ComponentHolder\" data-component=\"ZoomView\" aria-roledescription=\"zoomable image\" aria-describedby=\"s7ZoomView_1_hint\">\n<div>\n<div><\/div>\n<\/div>\n<\/div>\n<\/div>\n<\/div>\n<\/div>\n<\/div>\n<\/div>\n<\/div>\n<\/div>\n<\/div>\n<\/div>\n","protected":false},"excerpt":{"rendered":"<p>Intel\u00ae Core\u2122 i5-1335U (12 MB cache, 10 cores, 12 threads, up to 4.60 GHz Turbo)<br \/>\nRAM: 8 Go (1x8GB, DDR4, 3200 MT\/s)<br \/>\nDisque dur: 512GB M.2 2230, PCIe NVMe, SSD Class 35<br \/>\n\u00c9cran: 14&#8243;, FHD 1920&#215;1080, 60Hz, WVA\/IPS, Non-Touch, Anti-Glare,\u00a0250 nit, NTSC 45%, FHD Camera, WLAN<br \/>\nCarte graphique: Integrated Intel\u00ae Iris\u00ae Xe or UHD Graphics for i5-1335U Processor<br \/>\nWindows 11 Professionnel<br \/>\nClavier: Fran\u00e7ais (AZERTY)<br \/>\nPoids: 1.54 kg<\/p>\n","protected":false},"featured_media":8731,"comment_status":"open","ping_status":"closed","template":"","meta":{"_acf_changed":false,"_monsterinsights_skip_tracking":false,"_monsterinsights_sitenote_active":false,"_monsterinsights_sitenote_note":"","_monsterinsights_sitenote_category":0,"_uf_show_specific_survey":0,"_uf_disable_surveys":false,"_joinchat":[]},"product_brand":[],"product_cat":[237,255,300],"product_tag":[],"class_list":{"0":"post-8730","1":"product","2":"type-product","3":"status-publish","4":"has-post-thumbnail","6":"product_cat-ordinateur","7":"product_cat-pc-portable","8":"product_cat-pc-portable-pc-portable","10":"first","11":"instock","12":"sale","13":"shipping-taxable","14":"purchasable","15":"product-type-simple"},"acf":[],"jetpack_sharing_enabled":true,"_links":{"self":[{"href":"https:\/\/digistar.ma\/index.php?rest_route=\/wp\/v2\/product\/8730","targetHints":{"allow":["GET"]}}],"collection":[{"href":"https:\/\/digistar.ma\/index.php?rest_route=\/wp\/v2\/product"}],"about":[{"href":"https:\/\/digistar.ma\/index.php?rest_route=\/wp\/v2\/types\/product"}],"replies":[{"embeddable":true,"href":"https:\/\/digistar.ma\/index.php?rest_route=%2Fwp%2Fv2%2Fcomments&post=8730"}],"version-history":[{"count":1,"href":"https:\/\/digistar.ma\/index.php?rest_route=\/wp\/v2\/product\/8730\/revisions"}],"predecessor-version":[{"id":8734,"href":"https:\/\/digistar.ma\/index.php?rest_route=\/wp\/v2\/product\/8730\/revisions\/8734"}],"wp:featuredmedia":[{"embeddable":true,"href":"https:\/\/digistar.ma\/index.php?rest_route=\/wp\/v2\/media\/8731"}],"wp:attachment":[{"href":"https:\/\/digistar.ma\/index.php?rest_route=%2Fwp%2Fv2%2Fmedia&parent=8730"}],"wp:term":[{"taxonomy":"product_brand","embeddable":true,"href":"https:\/\/digistar.ma\/index.php?rest_route=%2Fwp%2Fv2%2Fproduct_brand&post=8730"},{"taxonomy":"product_cat","embeddable":true,"href":"https:\/\/digistar.ma\/index.php?rest_route=%2Fwp%2Fv2%2Fproduct_cat&post=8730"},{"taxonomy":"product_tag","embeddable":true,"href":"https:\/\/digistar.ma\/index.php?rest_route=%2Fwp%2Fv2%2Fproduct_tag&post=8730"}],"curies":[{"name":"wp","href":"https:\/\/api.w.org\/{rel}","templated":true}]}}