{"id":9039,"date":"2023-09-15T19:15:43","date_gmt":"2023-09-15T19:15:43","guid":{"rendered":"https:\/\/digistar.ma\/?post_type=product&#038;p=9039"},"modified":"2023-09-15T19:15:43","modified_gmt":"2023-09-15T19:15:43","slug":"cable-ugreen-usb-a-vers-port-audio-jack-3-5-mm-30757","status":"publish","type":"product","link":"https:\/\/digistar.ma\/?product=cable-ugreen-usb-a-vers-port-audio-jack-3-5-mm-30757","title":{"rendered":"C\u00e2ble Ugreen USB-A vers port audio jack 3.5 mm (30757)"},"content":{"rendered":"<p><strong>C\u00e2ble Ugreen USB-A vers port audio jack 3.5 mm (30757)<\/strong><\/p>\n<p><b><span>Carte son alternative :<\/span><\/b><span>\u00a0\u00a0la carte son USB UGREEN est adapt\u00e9e pour connecter vos \u00e9couteurs, casques, \u00e9couteurs avec prise TRS\/TRRS, microphones TRRS \u00e0 vos PC, ordinateurs portables, ordinateurs, PS5, etc., vous permettant d&#8217;utiliser votre casque avec un haut-parleur. <\/span><\/p>\n<p><span>micro pour \u00e9couter de la musique ou parler en vid\u00e9oconf\u00e9rence.\u00a0<\/span><\/p>\n<p><span>C&#8217;est une bonne solution pour les ordinateurs portables dot\u00e9s d&#8217;une carte son interne d\u00e9fectueuse ou dot\u00e9s uniquement d&#8217;une prise de sortie audio de 3,5 mm.<\/span><\/p>\n<p><b><span>Micro pris en charge\u00a0:\u00a0<\/span><\/b><span>\u00a0cet adaptateur audio USB vers prise jack 3,5 mm adapte un port femelle TRRS 3,5 mm, qui prend en charge la fonction audio et microphone, ce qui facilite l&#8217;\u00e9coute et la conversation lorsque vous utilisez simplement un casque avec un micro int\u00e9gr\u00e9. De plus, cet adaptateur de casque USB prend \u00e9galement en charge le contr\u00f4le en ligne, vous permettant de contr\u00f4ler le volume \u00e0 partir d&#8217;un casque.<\/span><br \/>\n<b><\/b><\/p>\n<p><b><span>Puce DAC intelligente :<\/span><\/b><span>\u00a0\u00a0le convertisseur audio USB vers casque UGREEN utilise le chipset KT0210, qui prend en charge des rapports signal\/bruit jusqu&#8217;\u00e0 102 dB, une sortie audio 24 bits\/96 kHz et une entr\u00e9e micro 16 bits\/48 kHz, et fournit un audio num\u00e9rique haute r\u00e9solution.<\/span><\/p>\n<p><strong><span>C\u00e2ble Ugreen USB-A vers port audio jack 3.5 mm (30757) Facile \u00e0 installer<\/span><\/strong><span>\u00a0: il suffit de brancher et de jouer, l&#8217;adaptateur USB vers casque auxiliaire UGREEN peut \u00eatre reconnu par les ordinateurs portables en quelques secondes et fonctionner imm\u00e9diatement, pas besoin d&#8217;installer de pilote ou de logiciel.<\/span><br \/>\n<b><\/b><\/p>\n<p><b><span>Compatibilit\u00e9 universelle :\u00a0<\/span><\/b><span>\u00a0le convertisseur USB 2.0 m\u00e2le vers TRRS femelle 3,5 mm est compatible avec Windows\/Mac OS X\/Linux\/MAC OS, IOS, Android, PC, ordinateurs portables, ordinateurs portables, MacBook, Surface Pro Chromebook, et fonctionne \u00e9galement avec PS5. , PS4, PS4 Pro, Switch Dock, t\u00e9l\u00e9phones\/tablettes compatibles USB C OTG comme l&#8217;iPad Pro 21\/20, Galaxy S21 Ultra, etc. <\/span><\/p>\n<p><span>Un adaptateur USB A vers USB C OTG est n\u00e9cessaire si vous souhaitez utiliser cette carte son st\u00e9r\u00e9o externe avec USB. T\u00e9l\u00e9phones\/tablettes C.<\/span><\/p>\n","protected":false},"excerpt":{"rendered":"<p>Am\u00e9liorez votre exp\u00e9rience audio avec le C\u00e2ble Ugreen USB-A vers port jack 3.5mm. Ce adaptateur audio USB 2 en 1 permet l&#8217;\u00e9coute et la communication, id\u00e9al pour le gaming.<\/p>\n<p>Profitez d&#8217;une qualit\u00e9 audio haut de gamme jusqu&#8217;\u00e0 24 bits\/96 kHz gr\u00e2ce \u00e0 sa puce intelligente.<\/p>\n<p>Sa coque en alliage d&#8217;aluminium garantit une durabilit\u00e9 exceptionnelle, et sa conception en nylon tress\u00e9 assure une transmission audio stable.<\/p>\n<p>Compatible avec divers appareils, ce plug-and-play est votre solution audio polyvalente.<\/p>\n","protected":false},"featured_media":9040,"comment_status":"open","ping_status":"closed","template":"","meta":{"_acf_changed":false,"_monsterinsights_skip_tracking":false,"_monsterinsights_sitenote_active":false,"_monsterinsights_sitenote_note":"","_monsterinsights_sitenote_category":0,"_uf_show_specific_survey":0,"_uf_disable_surveys":false,"_joinchat":[]},"product_brand":[],"product_cat":[260,316,237],"product_tag":[],"class_list":{"0":"post-9039","1":"product","2":"type-product","3":"status-publish","4":"has-post-thumbnail","6":"product_cat-accessoires-composants","7":"product_cat-cable","8":"product_cat-ordinateur","10":"first","11":"instock","12":"sale","13":"shipping-taxable","14":"purchasable","15":"product-type-simple"},"acf":[],"jetpack_sharing_enabled":true,"_links":{"self":[{"href":"https:\/\/digistar.ma\/index.php?rest_route=\/wp\/v2\/product\/9039","targetHints":{"allow":["GET"]}}],"collection":[{"href":"https:\/\/digistar.ma\/index.php?rest_route=\/wp\/v2\/product"}],"about":[{"href":"https:\/\/digistar.ma\/index.php?rest_route=\/wp\/v2\/types\/product"}],"replies":[{"embeddable":true,"href":"https:\/\/digistar.ma\/index.php?rest_route=%2Fwp%2Fv2%2Fcomments&post=9039"}],"version-history":[{"count":1,"href":"https:\/\/digistar.ma\/index.php?rest_route=\/wp\/v2\/product\/9039\/revisions"}],"predecessor-version":[{"id":9044,"href":"https:\/\/digistar.ma\/index.php?rest_route=\/wp\/v2\/product\/9039\/revisions\/9044"}],"wp:featuredmedia":[{"embeddable":true,"href":"https:\/\/digistar.ma\/index.php?rest_route=\/wp\/v2\/media\/9040"}],"wp:attachment":[{"href":"https:\/\/digistar.ma\/index.php?rest_route=%2Fwp%2Fv2%2Fmedia&parent=9039"}],"wp:term":[{"taxonomy":"product_brand","embeddable":true,"href":"https:\/\/digistar.ma\/index.php?rest_route=%2Fwp%2Fv2%2Fproduct_brand&post=9039"},{"taxonomy":"product_cat","embeddable":true,"href":"https:\/\/digistar.ma\/index.php?rest_route=%2Fwp%2Fv2%2Fproduct_cat&post=9039"},{"taxonomy":"product_tag","embeddable":true,"href":"https:\/\/digistar.ma\/index.php?rest_route=%2Fwp%2Fv2%2Fproduct_tag&post=9039"}],"curies":[{"name":"wp","href":"https:\/\/api.w.org\/{rel}","templated":true}]}}