{"id":9053,"date":"2023-09-20T15:19:58","date_gmt":"2023-09-20T15:19:58","guid":{"rendered":"https:\/\/digistar.ma\/?post_type=product&#038;p=9053"},"modified":"2025-05-18T21:14:18","modified_gmt":"2025-05-18T21:14:18","slug":"epson-ecotank-l5290-imprimante-multifonction-a-reservoirs-rechargeables","status":"publish","type":"product","link":"https:\/\/digistar.ma\/?product=epson-ecotank-l5290-imprimante-multifonction-a-reservoirs-rechargeables","title":{"rendered":"Epson EcoTank L5290 Imprimante multifonction \u00e0 r\u00e9servoirs rechargeables"},"content":{"rendered":"<p><strong>Epson EcoTank L5290 Imprimante multifonction \u00e0 r\u00e9servoirs rechargeables<\/strong><\/p>\n<div class=\"briefdescription\">Imprimante 4\u00a0en\u00a01 couleur A4 rapide avec chargeur automatique, Wi-Fi Direct et Ethernet<\/div>\n<div class=\"highlights\">\n<ul>\n<li>Impression, copie, num\u00e9risation, fax<\/li>\n<li>Wi-Fi Direct et Ethernet<\/li>\n<li>\u00c9cran LCD et chargeur automatique<\/li>\n<\/ul>\n<\/div>\n<div class=\"introtext\">Cette imprimante multifonction (impression, num\u00e9risation, copie, fax), sans cartouches \u00e0 remplacer et dot\u00e9e de Wi-Fi Direct, de l\u2019Ethernet et d\u2019un \u00e9cran LCD, est id\u00e9ale pour des impressions de haute qualit\u00e9 avec un co\u00fbt par page incroyablement bas. Gr\u00e2ce \u00e0 un chargeur automatique de documents de 30 pages, \u00e0 un bac papier arri\u00e8re de 100 feuilles, \u00e0 l\u2019impression photo sans marge (jusqu\u2019\u00e0 10 \u00d7 15 cm) ainsi qu\u2019\u00e0 des vitesses d\u2019impression pouvant atteindre 10 pages par minute, vous pouvez effectuer rapidement plusieurs t\u00e2ches en toute simplicit\u00e9.<\/div>\n<div><strong>Adieu aux cartouches on\u00e9reuses<\/strong><br \/>\nEcoTank offre une impression \u00e0 domicile simple\u00a0: les r\u00e9servoirs d\u2019encre ultra haute capacit\u00e9 permettent des recharges faciles et les bouteilles sont dot\u00e9es d\u2019un d\u00e9trompeur pour ne plus se tromper de couleur en remplissant le r\u00e9servoir.<strong>\u00c9conomies \u00e0 long terme<\/strong><br \/>\nCette imprimante multifonction, qui vous fait \u00e9conomiser jusqu\u2019\u00e0 90 % sur vos co\u00fbts d\u2019impression, est livr\u00e9e avec jusqu\u2019\u00e0 trois ans d\u2019encre<sup>3<\/sup>. Le kit de bouteilles d\u2019encre inclus permet d\u2019imprimer jusqu\u2019\u00e0 8\u00a0100\u00a0pages en monochrome et 6\u00a0500\u00a0pages en couleur<sup>4<\/sup>.<strong>Application Epson Smart Panel<\/strong><br \/>\nCette application vous permet de contr\u00f4ler votre imprimante multifonction \u00e0 partir de votre appareil connect\u00e9. Vous pouvez configurer le Wi-Fi rapidement et facilement, imprimer, num\u00e9riser et copier des documents et des photos, mais aussi contr\u00f4ler et d\u00e9panner votre imprimante.<strong>Flexibilit\u00e9 moderne<\/strong><br \/>\nGr\u00e2ce \u00e0 son design compact et \u00e0 sa connectivit\u00e9 Wi-Fi\u00ae et Wi-Fi Direct\u2122, vous pouvez facilement int\u00e9grer ce multifonction \u00e0 votre installation existante et imprimer depuis des appareils mobiles, tablettes et ordinateurs portables<\/p>\n<\/div>\n","protected":false},"excerpt":{"rendered":"<p>Impression, copie, num\u00e9risation, fax<br \/>\nLivr\u00e9e avec encre noire jusqu&#8217;\u00e0 8100 pages et 6500 pages en couleur<br \/>\nVitesse d&#8217;impression noir: 33 pages\/min (10 pages\/min en norme ISO)<br \/>\nVitesse d&#8217;impression\u00a0\u00a0couleur: 15 pages\/min (5 pages\/min en norme ISO)<br \/>\nQualit\u00e9 d&#8217;impression noire: 5.760 x 1.440 DPI (ppp)<br \/>\nQualit\u00e9 d&#8217;impression couleur: 5.760 x 1.440 DPI (ppp)<br \/>\nImpression recto\/verso: Manuelle<br \/>\nFonctionne avec: 4 R\u00e9servoirs (Noir, Cyan, Jaune, Magenta)<br \/>\nConnectivit\u00e9: Wi-Fi, USB, Ethernet, Wi-Fi Direct<\/p>\n","protected":false},"featured_media":9054,"comment_status":"open","ping_status":"closed","template":"","meta":{"_acf_changed":false,"_monsterinsights_skip_tracking":false,"_monsterinsights_sitenote_active":false,"_monsterinsights_sitenote_note":"","_monsterinsights_sitenote_category":0,"_uf_show_specific_survey":0,"_uf_disable_surveys":false,"_joinchat":[]},"product_brand":[],"product_cat":[265,380,15,266],"product_tag":[],"class_list":{"0":"post-9053","1":"product","2":"type-product","3":"status-publish","4":"has-post-thumbnail","6":"product_cat-imprimante-a-reservoirs-rechargeables","7":"product_cat-epson","8":"product_cat-imprimante-scanner","9":"product_cat-multifonction-jet-dencre","11":"first","12":"instock","13":"sale","14":"shipping-taxable","15":"purchasable","16":"product-type-simple"},"acf":[],"jetpack_sharing_enabled":true,"_links":{"self":[{"href":"https:\/\/digistar.ma\/index.php?rest_route=\/wp\/v2\/product\/9053","targetHints":{"allow":["GET"]}}],"collection":[{"href":"https:\/\/digistar.ma\/index.php?rest_route=\/wp\/v2\/product"}],"about":[{"href":"https:\/\/digistar.ma\/index.php?rest_route=\/wp\/v2\/types\/product"}],"replies":[{"embeddable":true,"href":"https:\/\/digistar.ma\/index.php?rest_route=%2Fwp%2Fv2%2Fcomments&post=9053"}],"version-history":[{"count":4,"href":"https:\/\/digistar.ma\/index.php?rest_route=\/wp\/v2\/product\/9053\/revisions"}],"predecessor-version":[{"id":10342,"href":"https:\/\/digistar.ma\/index.php?rest_route=\/wp\/v2\/product\/9053\/revisions\/10342"}],"wp:featuredmedia":[{"embeddable":true,"href":"https:\/\/digistar.ma\/index.php?rest_route=\/wp\/v2\/media\/9054"}],"wp:attachment":[{"href":"https:\/\/digistar.ma\/index.php?rest_route=%2Fwp%2Fv2%2Fmedia&parent=9053"}],"wp:term":[{"taxonomy":"product_brand","embeddable":true,"href":"https:\/\/digistar.ma\/index.php?rest_route=%2Fwp%2Fv2%2Fproduct_brand&post=9053"},{"taxonomy":"product_cat","embeddable":true,"href":"https:\/\/digistar.ma\/index.php?rest_route=%2Fwp%2Fv2%2Fproduct_cat&post=9053"},{"taxonomy":"product_tag","embeddable":true,"href":"https:\/\/digistar.ma\/index.php?rest_route=%2Fwp%2Fv2%2Fproduct_tag&post=9053"}],"curies":[{"name":"wp","href":"https:\/\/api.w.org\/{rel}","templated":true}]}}