{"id":9133,"date":"2023-09-25T14:25:57","date_gmt":"2023-09-25T14:25:57","guid":{"rendered":"https:\/\/digistar.ma\/?post_type=product&#038;p=9133"},"modified":"2024-12-07T22:16:07","modified_gmt":"2024-12-07T22:16:07","slug":"clavier-et-souris-sans-fil-logitech-mk235-azerty","status":"publish","type":"product","link":"https:\/\/digistar.ma\/?product=clavier-et-souris-sans-fil-logitech-mk235-azerty","title":{"rendered":"Clavier et souris sans fil Logitech MK235 (AZERTY )"},"content":{"rendered":"<h3><strong>Clavier et souris sans fil Logitech MK235 (AZERTY )<\/strong><\/h3>\n<p>Appr\u00e9ciez la prise en main rapide et la libert\u00e9 offerte par le pack clavier\/souris Logitech Wireless Combo MK235. Compos\u00e9 d&#8217;un clavier \u00e0 touches ultra-plates et d&#8217;une souris optique 3 boutons, cet ensemble sans fil vous apportera un confort au quotidien.<\/p>\n<h2 class=\"h2-master\">MK235 : Une utilisation en toute libert\u00e9<\/h2>\n<section>Appr\u00e9ciez la prise en main rapide et la libert\u00e9 offerte par le pack clavier\/souris\u00a0<strong>Logitech Wireless Combo MK235<\/strong>. Compos\u00e9 d&#8217;un clavier \u00e0 touches ultra-plates et d&#8217;une souris optique 3 boutons, cet ensemble sans fil vous apportera un confort au quotidien. Profitez d&#8217;une dur\u00e9e de vie allong\u00e9e avec alimentation par piles et d&#8217;un design sobre et \u00e9l\u00e9gant. Pratique, il trouvera naturellement sa place sur votre bureau.<\/section>\n<section>\n<div class=\"desc-image\"><img decoding=\"async\" src=\"https:\/\/media.ldlc.com\/bo\/images\/fiches\/clavier%20et%20souris\/logitech\/mk235\/logi.jpg\" alt=\"\" \/><\/div>\n<div class=\"desc-text\">\n<h2>UTILISATION SANS FIL LONGUE DUR\u00c9E<\/h2>\n<p>Profitez d&#8217;un ensemble sans fil pour une productivit\u00e9 am\u00e9lior\u00e9e et une plus grande libert\u00e9. Le clavier poss\u00e8de des\u00a0<strong>touches ultra-plates<\/strong>, 15 touches de fonction et une hauteur r\u00e9glable. Robuste, il\u00a0<strong>r\u00e9siste aux \u00e9claboussures<\/strong>\u00a0et se dote d&#8217;un traitement anti-d\u00e9coloration pour des touches inalt\u00e9rables. Gr\u00e2ce \u00e0 ses piles AAA, il vous accompagnera facilement pendant 3 belles ann\u00e9es.<\/p>\n<p>De son c\u00f4t\u00e9, la souris offre un contr\u00f4le pr\u00e9cis et une\u00a0<strong>ergonomie ambidextre<\/strong>\u00a0pour tous les utilisateurs. Son capteur optique et ses\u00a0<strong>3 boutons<\/strong>\u00a0vous aideront \u00e0 r\u00e9aliser vos t\u00e2ches quotidiennes. Les deux p\u00e9riph\u00e9riques utilisent le m\u00eame\u00a0<strong>r\u00e9cepteur sans fil Nano USB<\/strong>\u00a0proposant une libert\u00e9 de\u00a0<strong>10 m\u00e8tres<\/strong>.<\/p>\n<\/div>\n<\/section>\n<section>\n<h2>CARACT\u00c9RISTIQUES PRINCIPALES Clavier et souris sans fil Logitech MK235 (AZERTY )<\/h2>\n<ul>\n<li>Ensemble clavier\/souris<\/li>\n<li><b>Connexion sans fil puissante et fiable<\/b><\/li>\n<li><b>Port\u00e9e : 10 m<\/b><\/li>\n<li>Facile \u00e0 transporter<\/li>\n<li>Touches ultra-plates, 15 touches de fonction<\/li>\n<li><strong>R\u00e9siste aux \u00e9claboussures<\/strong><\/li>\n<li><strong>Autonomie :<\/strong>\u00a036 mois pour le clavier et 12 mois pour la souris<\/li>\n<li>Pr\u00eat \u00e0 l&#8217;emploi<\/li>\n<li>Compatible Windows 7\/8\/10, Chrome OS, Noyau Linux 2.6 ou version ult\u00e9rieure<\/li>\n<\/ul>\n<\/section>\n","protected":false},"excerpt":{"rendered":"<ul>\n<li>Ensemble clavier\/souris<\/li>\n<li><b>Connexion sans fil puissante et fiable<\/b><\/li>\n<li><b>Port\u00e9e : 10 m<\/b><\/li>\n<li>Facile \u00e0 transporter<\/li>\n<li>Touches ultra-plates, 15 touches de fonction<\/li>\n<li><strong>R\u00e9siste aux \u00e9claboussures<\/strong><\/li>\n<li><strong>Autonomie :<\/strong>\u00a036 mois pour le clavier et 12 mois pour la souris<\/li>\n<li>Pr\u00eat \u00e0 l&#8217;emploi<\/li>\n<li>Compatible Windows 7\/8\/10, Chrome OS, Noyau Linux 2.6 ou version ult\u00e9rieure<\/li>\n<\/ul>\n","protected":false},"featured_media":9134,"comment_status":"open","ping_status":"closed","template":"","meta":{"_acf_changed":false,"_monsterinsights_skip_tracking":false,"_monsterinsights_sitenote_active":false,"_monsterinsights_sitenote_note":"","_monsterinsights_sitenote_category":0,"_uf_show_specific_survey":0,"_uf_disable_surveys":false,"_joinchat":[]},"product_brand":[],"product_cat":[246,325,263],"product_tag":[],"class_list":{"0":"post-9133","1":"product","2":"type-product","3":"status-publish","4":"has-post-thumbnail","6":"product_cat-peripherique","7":"product_cat-pack-clavier-souris","8":"product_cat-souris-clavier","10":"first","11":"instock","12":"sale","13":"shipping-taxable","14":"purchasable","15":"product-type-simple"},"acf":[],"jetpack_sharing_enabled":true,"_links":{"self":[{"href":"https:\/\/digistar.ma\/index.php?rest_route=\/wp\/v2\/product\/9133","targetHints":{"allow":["GET"]}}],"collection":[{"href":"https:\/\/digistar.ma\/index.php?rest_route=\/wp\/v2\/product"}],"about":[{"href":"https:\/\/digistar.ma\/index.php?rest_route=\/wp\/v2\/types\/product"}],"replies":[{"embeddable":true,"href":"https:\/\/digistar.ma\/index.php?rest_route=%2Fwp%2Fv2%2Fcomments&post=9133"}],"version-history":[{"count":3,"href":"https:\/\/digistar.ma\/index.php?rest_route=\/wp\/v2\/product\/9133\/revisions"}],"predecessor-version":[{"id":9145,"href":"https:\/\/digistar.ma\/index.php?rest_route=\/wp\/v2\/product\/9133\/revisions\/9145"}],"wp:featuredmedia":[{"embeddable":true,"href":"https:\/\/digistar.ma\/index.php?rest_route=\/wp\/v2\/media\/9134"}],"wp:attachment":[{"href":"https:\/\/digistar.ma\/index.php?rest_route=%2Fwp%2Fv2%2Fmedia&parent=9133"}],"wp:term":[{"taxonomy":"product_brand","embeddable":true,"href":"https:\/\/digistar.ma\/index.php?rest_route=%2Fwp%2Fv2%2Fproduct_brand&post=9133"},{"taxonomy":"product_cat","embeddable":true,"href":"https:\/\/digistar.ma\/index.php?rest_route=%2Fwp%2Fv2%2Fproduct_cat&post=9133"},{"taxonomy":"product_tag","embeddable":true,"href":"https:\/\/digistar.ma\/index.php?rest_route=%2Fwp%2Fv2%2Fproduct_tag&post=9133"}],"curies":[{"name":"wp","href":"https:\/\/api.w.org\/{rel}","templated":true}]}}