{"id":9146,"date":"2023-09-25T15:01:40","date_gmt":"2023-09-25T15:01:40","guid":{"rendered":"https:\/\/digistar.ma\/?post_type=product&#038;p=9146"},"modified":"2024-12-07T22:30:59","modified_gmt":"2024-12-07T22:30:59","slug":"logitech-hd-webcam-c270","status":"publish","type":"product","link":"https:\/\/digistar.ma\/?product=logitech-hd-webcam-c270","title":{"rendered":"Logitech HD Webcam C270"},"content":{"rendered":"<h2 class=\"h1 productpage_title\">Logitech HD Webcam C270<\/h2>\n<p>La Webcam Logitech HD C270 capture le son et l&#8217;image en haute qualit\u00e9. Avec cette webcam, rester en contact avec ses proches n&#8217;a jamais \u00e9t\u00e9 aussi simple. Si vous n&#8217;avez pas le temps de passer un appel vid\u00e9o, prenez une photo de 3 MP et envoyez-l\u00e0 \u00e0 votre famille en un seul clic<\/p>\n<div>\n<h2>POUR DES APPELS VID\u00c9O 720P EN TOUTE SIMPLICIT\u00c9<\/h2>\n<\/div>\n<p>La\u00a0<strong>Webcam\u00a0Logitech HD C270<\/strong>\u00a0capture le son et l&#8217;image en haute qualit\u00e9. Avec cette webcam, rester en contact avec ses proches n&#8217;a jamais \u00e9t\u00e9 aussi simple. Si vous n&#8217;avez pas le temps de passer un appel vid\u00e9o, prenez une photo de 3 MP et envoyez-l\u00e0 \u00e0 votre famille en un seul clic. De plus la webcam est \u00e9quip\u00e9e de la technologie RightLight qui vous permet de b\u00e9n\u00e9ficier d&#8217;une qualit\u00e9 d&#8217;image optimale m\u00eame dans des environnements sombres. Ce n&#8217;est pas tout puisque gr\u00e2ce \u00e0 la technologie RightSound vous pouvez passer des appels d&#8217;une clart\u00e9 in\u00e9gal\u00e9e sans aucun bruit de fond.<\/p>\n<p>Vous recherchez une webcam performante \u00e0 petit prix ? La C270 est faite pour vous !<\/p>\n<div>\n<div><\/div>\n<div>\n<table border=\"0\" width=\"100%\" cellspacing=\"1\" cellpadding=\"1\">\n<tbody>\n<tr>\n<td>\n<h2>MICROPHONE INT\u00c9GR\u00c9 AVEC R\u00c9DUCTION DES BRUITS<\/h2>\n<div>\n<p>La Logitech HD Webcam C270 int\u00e8gre la\u00a0<strong>technologie Logitech RightSound<\/strong>, cette derni\u00e8re g\u00e9n\u00e8re des conversations claires, sans bruits de fond, pour vous permettre d&#8217;\u00eatre bien entendu. De plus la C270 vous permet de r\u00e9aliser des instantan\u00e9s de 3 m\u00e9gapixels et vous b\u00e9n\u00e9ficiez d&#8217;appels vid\u00e9o HD 720p sur les principales applications de messagerie instantan\u00e9e.<\/p>\n<p>Gr\u00e2ce \u00e0 la\u00a0<strong>technologie RightLight<\/strong>, la webcam s&#8217;adapte automatiquement aux environnements sombres pour g\u00e9n\u00e9rer une qualit\u00e9 d&#8217;image optimale.<\/p>\n<\/div>\n<\/td>\n<td width=\"450\"><img decoding=\"async\" src=\"https:\/\/media.ldlc.com\/bo\/images\/fiches\/webcam\/logitech%20c270\/8.jpg\" alt=\"\" \/><\/td>\n<\/tr>\n<\/tbody>\n<\/table>\n<h2>CARACT\u00c9RISTIQUES PRINCIPALES :<\/h2>\n<ul>\n<li><b>Des appels vid\u00e9o HD de 720p<\/b><\/li>\n<li>Des conversations claires sans bruit de fond<\/li>\n<li><strong>Technologie Fluid Crystal<\/strong>\u00a0pour une vid\u00e9o plus fluide et des images plus nettes<\/li>\n<li><strong>Une correction automatique de l&#8217;\u00e9clairage<\/strong><\/li>\n<li>Compatible avec les messageries instantan\u00e9es<\/li>\n<\/ul>\n<\/div>\n<\/div>\n","protected":false},"excerpt":{"rendered":"<ul>\n<li><b>Des appels vid\u00e9o HD de 720p<\/b><\/li>\n<li>Des conversations claires sans bruit de fond<\/li>\n<li><strong>Technologie Fluid Crystal<\/strong>\u00a0pour une vid\u00e9o plus fluide et des images plus nettes<\/li>\n<li><strong>Une correction automatique de l&#8217;\u00e9clairage<\/strong><\/li>\n<li>Compatible avec les messageries instantan\u00e9es<\/li>\n<\/ul>\n","protected":false},"featured_media":9147,"comment_status":"open","ping_status":"closed","template":"","meta":{"_acf_changed":false,"_monsterinsights_skip_tracking":false,"_monsterinsights_sitenote_active":false,"_monsterinsights_sitenote_note":"","_monsterinsights_sitenote_category":0,"_uf_show_specific_survey":0,"_uf_disable_surveys":false,"_joinchat":[]},"product_brand":[],"product_cat":[246,338],"product_tag":[],"class_list":{"0":"post-9146","1":"product","2":"type-product","3":"status-publish","4":"has-post-thumbnail","6":"product_cat-peripherique","7":"product_cat-webcam","9":"first","10":"instock","11":"sale","12":"shipping-taxable","13":"purchasable","14":"product-type-simple"},"acf":[],"jetpack_sharing_enabled":true,"_links":{"self":[{"href":"https:\/\/digistar.ma\/index.php?rest_route=\/wp\/v2\/product\/9146","targetHints":{"allow":["GET"]}}],"collection":[{"href":"https:\/\/digistar.ma\/index.php?rest_route=\/wp\/v2\/product"}],"about":[{"href":"https:\/\/digistar.ma\/index.php?rest_route=\/wp\/v2\/types\/product"}],"replies":[{"embeddable":true,"href":"https:\/\/digistar.ma\/index.php?rest_route=%2Fwp%2Fv2%2Fcomments&post=9146"}],"version-history":[{"count":3,"href":"https:\/\/digistar.ma\/index.php?rest_route=\/wp\/v2\/product\/9146\/revisions"}],"predecessor-version":[{"id":13808,"href":"https:\/\/digistar.ma\/index.php?rest_route=\/wp\/v2\/product\/9146\/revisions\/13808"}],"wp:featuredmedia":[{"embeddable":true,"href":"https:\/\/digistar.ma\/index.php?rest_route=\/wp\/v2\/media\/9147"}],"wp:attachment":[{"href":"https:\/\/digistar.ma\/index.php?rest_route=%2Fwp%2Fv2%2Fmedia&parent=9146"}],"wp:term":[{"taxonomy":"product_brand","embeddable":true,"href":"https:\/\/digistar.ma\/index.php?rest_route=%2Fwp%2Fv2%2Fproduct_brand&post=9146"},{"taxonomy":"product_cat","embeddable":true,"href":"https:\/\/digistar.ma\/index.php?rest_route=%2Fwp%2Fv2%2Fproduct_cat&post=9146"},{"taxonomy":"product_tag","embeddable":true,"href":"https:\/\/digistar.ma\/index.php?rest_route=%2Fwp%2Fv2%2Fproduct_tag&post=9146"}],"curies":[{"name":"wp","href":"https:\/\/api.w.org\/{rel}","templated":true}]}}