{"id":9197,"date":"2023-09-25T16:55:28","date_gmt":"2023-09-25T16:55:28","guid":{"rendered":"https:\/\/digistar.ma\/?post_type=product&#038;p=9197"},"modified":"2023-09-25T16:55:28","modified_gmt":"2023-09-25T16:55:28","slug":"casque-usb-logitech-h540-pour-ordinateur-avec-microphone-anti-parasite","status":"publish","type":"product","link":"https:\/\/digistar.ma\/?product=casque-usb-logitech-h540-pour-ordinateur-avec-microphone-anti-parasite","title":{"rendered":"Casque USB Logitech H540 pour ordinateur avec microphone anti-parasite"},"content":{"rendered":"<h3><strong>Casque USB Logitech H540 pour ordinateur avec microphone anti-parasite<\/strong><\/h3>\n<p>Donnez vie \u00e0 votre musique et vos appels sur PC avec le\u00a0Logitech USB Headset H540. Avec ce casque hautes performances et qualit\u00e9, percevez tous les d\u00e9tails gr\u00e2ce aux transducteurs \u00e0 r\u00e9glage laser et l&#8217;\u00e9galiseur int\u00e9gr\u00e9. Ils produisent un son sup\u00e9rieur d&#8217;une qualit\u00e9 in\u00e9gal\u00e9e avec des graves riches.<\/p>\n<h2>UN SON PREMIUM POUR VOS APPELS ET VOTRE MUSIQUE<\/h2>\n<div>\nDonnez vie \u00e0 votre musique et vos appels sur PC avec le\u00a0<strong>Logitech USB Headset H540<\/strong>. Avec ce casque hautes performances et qualit\u00e9, percevez tous les d\u00e9tails gr\u00e2ce aux transducteurs \u00e0 r\u00e9glage laser et l&#8217;\u00e9galiseur int\u00e9gr\u00e9. Ils produisent un son sup\u00e9rieur d&#8217;une qualit\u00e9 in\u00e9gal\u00e9e avec des graves riches. Avec les commandes plac\u00e9es sur l&#8217;oreillette, contr\u00f4lez le volume et le niveau des graves et mettez instantan\u00e9ment le micro en sourdine, une lumi\u00e8re rouge sur le fil s&#8217;allume pour confirmer que le micro est bien en sourdine. B\u00e9n\u00e9ficiez d&#8217;un confort optimal des heures durant gr\u00e2ce aux oreillettes et au bandeau rembourr\u00e9 en cuir synth\u00e9tique doux.<\/p>\n<p>Quant \u00e0 l&#8217;installation, elle est d&#8217;une simplicit\u00e9 enfantine puisqu&#8217;il suffit de brancher votre H540 sur un port USB de votre PC pour l&#8217;utiliser instantan\u00e9ment.<\/p><\/div>\n<p>&nbsp;<\/p>\n<table border=\"0\" width=\"100%\" cellspacing=\"1\" cellpadding=\"1\">\n<tbody>\n<tr>\n<td>\n<h2>PERCEVEZ TOUS LES D\u00c9TAILS<\/h2>\n<div>Le casque\u00a0Logitech USB Headset H540 est \u00e9quip\u00e9 de\u00a0<strong>transducteurs \u00e0 r\u00e9glage laser<\/strong>\u00a0afin de vous offrir un son num\u00e9rique riche, garantissant une immersion totale de votre musique, vos jeux et vos appels.<\/p>\n<p>Vous allez pouvoir r\u00e9gler facilement le volume ou encore couper le son de vos appels \u00e0 l&#8217;aide\u00a0<strong>des commandes simples d&#8217;utilisation plac\u00e9es sur l&#8217;oreillette droite<\/strong>. Le t\u00e9moin lumineux facilement identifiable sur le c\u00e2ble vous confirmera si le son est coup\u00e9 ou non.<\/div>\n<\/td>\n<td width=\"450\"><img decoding=\"async\" src=\"https:\/\/media.ldlc.com\/bo\/images\/fiches\/casque\/logitech\/h540\/8.jpg\" alt=\"\" \/><\/td>\n<\/tr>\n<\/tbody>\n<\/table>\n<p>&nbsp;<\/p>\n<table border=\"0\" width=\"100%\" cellspacing=\"1\" cellpadding=\"1\">\n<tbody>\n<tr>\n<td width=\"450\"><img decoding=\"async\" src=\"https:\/\/media.ldlc.com\/bo\/images\/fiches\/casque\/logitech\/h540\/7.jpg\" alt=\"\" \/><\/td>\n<td>\n<div>\n<h2>UN MICROPHONE ANTI-PARASITE<\/h2>\n<\/div>\n<div>\nLe\u00a0<strong>microphone anti-parasite<\/strong>\u00a0du\u00a0Logitech USB Headset H540 r\u00e9duit sensiblement les bruits de fond pour des discussions claires. Positionn\u00e9 du c\u00f4t\u00e9 droit, le microphone peut \u00eatre r\u00e9gl\u00e9 \u00e0 votre guise afin d&#8217;optimiser la capture de la voix. La tige discr\u00e8te peut \u00eatre rentr\u00e9e \u00e0 l&#8217;int\u00e9rieur du bandeau pour ne pas g\u00eaner lorsque vous ne l&#8217;utilisez pas.<\/p>\n<p>Tr\u00e8s simple \u00e0 utiliser, le casque H540 utilise la\u00a0<strong>technologie USB<\/strong>\u00a0pour une utilisation instantan\u00e9e. En effet, branchez simplement le connecteur USB sur votre ordinateur et donnez instantan\u00e9ment un son st\u00e9r\u00e9o enrichi \u00e0 vos discussions, films et morceaux de musique.<\/div>\n<\/td>\n<\/tr>\n<\/tbody>\n<\/table>\n<p>&nbsp;<\/p>\n<h2>CARACT\u00c9RISTIQUES PRINCIPALES :<\/h2>\n<ul>\n<li><b>Transducteurs \u00e0 r\u00e9glage laser avec \u00e9galiseur int\u00e9gr\u00e9<\/b><\/li>\n<li>Imp\u00e9dance d&#8217;entr\u00e9e : 20\u00a0Ohms<\/li>\n<li>Sensibilit\u00e9 (casque) : 115\u00a0dB +\/-3\u00a0dB<\/li>\n<li>Sensibilit\u00e9 (microphone) : -42\u00a0dBV\/PA +\/- 3\u00a0dB<\/li>\n<li>R\u00e9ponse en fr\u00e9quence (casque) : 20\u00a0Hz \u00e0 20\u00a0kHz<\/li>\n<li>R\u00e9ponse en fr\u00e9quence (microphone) : 100\u00a0Hz \u00e0 16\u00a0kHz<\/li>\n<li><b>Microphone anti-parasite avec tige r\u00e9glable<\/b><\/li>\n<li><b>Commandes plac\u00e9es sur l&#8217;oreillette<\/b><\/li>\n<li>Connexion USB<\/li>\n<li>Longueur du c\u00e2ble : 1.8 m<\/li>\n<\/ul>\n","protected":false},"excerpt":{"rendered":"<ul>\n<li><b>Transducteurs \u00e0 r\u00e9glage laser avec \u00e9galiseur int\u00e9gr\u00e9<\/b><\/li>\n<li>Imp\u00e9dance d&#8217;entr\u00e9e : 20\u00a0Ohms<\/li>\n<li>Sensibilit\u00e9 (casque) : 115\u00a0dB +\/-3\u00a0dB<\/li>\n<li>Sensibilit\u00e9 (microphone) : -42\u00a0dBV\/PA +\/- 3\u00a0dB<\/li>\n<li>R\u00e9ponse en fr\u00e9quence (casque) : 20\u00a0Hz \u00e0 20\u00a0kHz<\/li>\n<li>R\u00e9ponse en fr\u00e9quence (microphone) : 100\u00a0Hz \u00e0 16\u00a0kHz<\/li>\n<li><b>Microphone anti-parasite avec tige r\u00e9glable<\/b><\/li>\n<li><b>Commandes plac\u00e9es sur l&#8217;oreillette<\/b><\/li>\n<li>Connexion USB<\/li>\n<li>Longueur du c\u00e2ble : 1.8 m<\/li>\n<\/ul>\n","protected":false},"featured_media":9199,"comment_status":"open","ping_status":"closed","template":"","meta":{"_acf_changed":false,"_monsterinsights_skip_tracking":false,"_monsterinsights_sitenote_active":false,"_monsterinsights_sitenote_note":"","_monsterinsights_sitenote_category":0,"_uf_show_specific_survey":0,"_uf_disable_surveys":false,"_joinchat":[]},"product_brand":[],"product_cat":[15],"product_tag":[],"class_list":{"0":"post-9197","1":"product","2":"type-product","3":"status-publish","4":"has-post-thumbnail","6":"product_cat-imprimante-scanner","8":"first","9":"instock","10":"sale","11":"shipping-taxable","12":"purchasable","13":"product-type-simple"},"acf":[],"jetpack_sharing_enabled":true,"_links":{"self":[{"href":"https:\/\/digistar.ma\/index.php?rest_route=\/wp\/v2\/product\/9197","targetHints":{"allow":["GET"]}}],"collection":[{"href":"https:\/\/digistar.ma\/index.php?rest_route=\/wp\/v2\/product"}],"about":[{"href":"https:\/\/digistar.ma\/index.php?rest_route=\/wp\/v2\/types\/product"}],"replies":[{"embeddable":true,"href":"https:\/\/digistar.ma\/index.php?rest_route=%2Fwp%2Fv2%2Fcomments&post=9197"}],"version-history":[{"count":1,"href":"https:\/\/digistar.ma\/index.php?rest_route=\/wp\/v2\/product\/9197\/revisions"}],"predecessor-version":[{"id":9204,"href":"https:\/\/digistar.ma\/index.php?rest_route=\/wp\/v2\/product\/9197\/revisions\/9204"}],"wp:featuredmedia":[{"embeddable":true,"href":"https:\/\/digistar.ma\/index.php?rest_route=\/wp\/v2\/media\/9199"}],"wp:attachment":[{"href":"https:\/\/digistar.ma\/index.php?rest_route=%2Fwp%2Fv2%2Fmedia&parent=9197"}],"wp:term":[{"taxonomy":"product_brand","embeddable":true,"href":"https:\/\/digistar.ma\/index.php?rest_route=%2Fwp%2Fv2%2Fproduct_brand&post=9197"},{"taxonomy":"product_cat","embeddable":true,"href":"https:\/\/digistar.ma\/index.php?rest_route=%2Fwp%2Fv2%2Fproduct_cat&post=9197"},{"taxonomy":"product_tag","embeddable":true,"href":"https:\/\/digistar.ma\/index.php?rest_route=%2Fwp%2Fv2%2Fproduct_tag&post=9197"}],"curies":[{"name":"wp","href":"https:\/\/api.w.org\/{rel}","templated":true}]}}