{"id":9320,"date":"2023-09-29T21:16:26","date_gmt":"2023-09-29T21:16:26","guid":{"rendered":"https:\/\/digistar.ma\/?post_type=product&#038;p=9320"},"modified":"2023-09-29T21:16:26","modified_gmt":"2023-09-29T21:16:26","slug":"mitsubishi-papier-photo-20x30-a4-glossy-pour-epson-l805-l8050","status":"publish","type":"product","link":"https:\/\/digistar.ma\/?product=mitsubishi-papier-photo-20x30-a4-glossy-pour-epson-l805-l8050","title":{"rendered":"Mitsubishi Papier Photo 20&#215;30 A4 Glossy pour Epson L805, L8050 &#8230;."},"content":{"rendered":"<p><strong>Mitsubishi Papier Photo 20&#215;30 A4 Glossy pour Epson L805, L8050 &#8230;.<\/strong><\/p>\n<p>Papier Photo A4 20 x 30 cm brillant 250 g\/m\u00b2, id\u00e9al pour imprimer des photos en couleurs sur des imprimantes \u00e0 jet d&#8217;encre, ayant une particularit\u00e9 de s\u00e9chage rapide et r\u00e9sistance \u00e0 l\u2019eau.<br \/>\nDonnez un aspect professionnel \u00e0 vos photos avec une finition brillante saisissante<br \/>\nD\u00e9velopp\u00e9 pour fonctionner parfaitement avec les imprimante jet d&#8217;encre ; HP, Epson, Canon &#8230;.<\/p>\n<p>Imprimez vos souvenirs les plus chers sur le nouveau papier photo HP et obtenez de superbes r\u00e9sultats, avec le garantie d&#8217;une longue dur\u00e9e dans le temps. Impressions de qualit\u00e9 professionnelle, couleurs satur\u00e9es et \u00e9clatantes SUR PAPIER FINI BRILLANT. Les photos durables s\u00e8chent rapidement, de sorte qu&#8217;elles peuvent \u00eatre manipul\u00e9es imm\u00e9diatement apr\u00e8s l&#8217;impression sans bavures ni bavures\u00a01. Papier \u00e9pais et solide qui r\u00e9siste \u00e0 une manipulation brutale. POUR L&#8217;IMPRESSION DE PHOTOS SANS BORD IMPERM\u00c9ABLE COMPATIBLE AVEC TOUTES LES IMPRIMANTES JET D&#8217;ENCRE<\/p>\n<p><strong>Caract\u00e9ristiques Mitsubishi Papier Photo 20&#215;30 A4 Glossy pour Epson L805, L8050 &#8230;.<\/strong><\/p>\n<ul>\n<li class=\"a-spacing-mini\"><span class=\"a-list-item\"><span><span>20 feuilles<\/span><\/span><\/span><\/li>\n<li class=\"a-spacing-mini\"><span class=\"a-list-item\"><span><span>Densit\u00e9 du papier : 250 g\/m\u00b2<\/span><\/span><\/span><\/li>\n<li class=\"a-spacing-mini\"><span class=\"a-list-item\"><span><span>Format du papier : A4 (210 x 297 mm)<\/span><\/span><\/span><\/li>\n<li class=\"a-spacing-mini\"><span class=\"a-list-item\"><span><span>Couleur blanche<\/span><\/span><\/span><\/li>\n<li>100% compatible avec Epson \u2013 Canon etc. Toutes les imprimantes \u00e0 jet d\u2019encre.<\/li>\n<\/ul>\n","protected":false},"excerpt":{"rendered":"<ul class=\"a-unordered-list a-vertical a-spacing-mini\">\n<li class=\"a-spacing-mini\"><span class=\"a-list-item\">20 feuilles A4<\/span><\/li>\n<li class=\"a-spacing-mini\"><span class=\"a-list-item\">Densit\u00e9 du papier : 250 g\/m\u00b2<\/span><\/li>\n<li class=\"a-spacing-mini\"><span class=\"a-list-item\">Format du papier : 20*30\u00a0<\/span><\/li>\n<li class=\"a-spacing-mini\"><span class=\"a-list-item\">Couleur blanche<\/span><\/li>\n<li>100% compatible avec Epson &#8211; Canon etc. Toutes les imprimantes \u00e0 jet d&#8217;encre.<\/li>\n<\/ul>\n","protected":false},"featured_media":9324,"comment_status":"open","ping_status":"closed","template":"","meta":{"_acf_changed":false,"_monsterinsights_skip_tracking":false,"_monsterinsights_sitenote_active":false,"_monsterinsights_sitenote_note":"","_monsterinsights_sitenote_category":0,"_uf_show_specific_survey":0,"_uf_disable_surveys":false,"_joinchat":[]},"product_brand":[],"product_cat":[238,249],"product_tag":[],"class_list":{"0":"post-9320","1":"product","2":"type-product","3":"status-publish","4":"has-post-thumbnail","6":"product_cat-consommables","7":"product_cat-papier","9":"first","10":"instock","11":"sale","12":"shipping-taxable","13":"purchasable","14":"product-type-simple"},"acf":[],"jetpack_sharing_enabled":true,"_links":{"self":[{"href":"https:\/\/digistar.ma\/index.php?rest_route=\/wp\/v2\/product\/9320","targetHints":{"allow":["GET"]}}],"collection":[{"href":"https:\/\/digistar.ma\/index.php?rest_route=\/wp\/v2\/product"}],"about":[{"href":"https:\/\/digistar.ma\/index.php?rest_route=\/wp\/v2\/types\/product"}],"replies":[{"embeddable":true,"href":"https:\/\/digistar.ma\/index.php?rest_route=%2Fwp%2Fv2%2Fcomments&post=9320"}],"version-history":[{"count":1,"href":"https:\/\/digistar.ma\/index.php?rest_route=\/wp\/v2\/product\/9320\/revisions"}],"predecessor-version":[{"id":9327,"href":"https:\/\/digistar.ma\/index.php?rest_route=\/wp\/v2\/product\/9320\/revisions\/9327"}],"wp:featuredmedia":[{"embeddable":true,"href":"https:\/\/digistar.ma\/index.php?rest_route=\/wp\/v2\/media\/9324"}],"wp:attachment":[{"href":"https:\/\/digistar.ma\/index.php?rest_route=%2Fwp%2Fv2%2Fmedia&parent=9320"}],"wp:term":[{"taxonomy":"product_brand","embeddable":true,"href":"https:\/\/digistar.ma\/index.php?rest_route=%2Fwp%2Fv2%2Fproduct_brand&post=9320"},{"taxonomy":"product_cat","embeddable":true,"href":"https:\/\/digistar.ma\/index.php?rest_route=%2Fwp%2Fv2%2Fproduct_cat&post=9320"},{"taxonomy":"product_tag","embeddable":true,"href":"https:\/\/digistar.ma\/index.php?rest_route=%2Fwp%2Fv2%2Fproduct_tag&post=9320"}],"curies":[{"name":"wp","href":"https:\/\/api.w.org\/{rel}","templated":true}]}}