{"id":9370,"date":"2023-10-05T22:24:35","date_gmt":"2023-10-05T22:24:35","guid":{"rendered":"https:\/\/digistar.ma\/?post_type=product&#038;p=9370"},"modified":"2023-10-05T22:25:14","modified_gmt":"2023-10-05T22:25:14","slug":"logitech-f310-manette-de-jeu-filaire-940-000138","status":"publish","type":"product","link":"https:\/\/digistar.ma\/?product=logitech-f310-manette-de-jeu-filaire-940-000138","title":{"rendered":"Logitech F310 Manette de Jeu Filaire (940-000138)"},"content":{"rendered":"<h3>Logitech F310 Manette de Jeu Filaire (940-000138)<\/h3>\n<section class=\"checkerboard-row js-checkerboard-row in-view\" aria-label=\"Prise en charge de nombreux jeux\" data-theme-tablet=\"theme-dark\" data-theme-mobile=\"theme-dark\">\n<div class=\"container-xl\">\n<div class=\"grid checkerboard-wrap \">\n<div class=\"text-portion\">\n<div class=\"copy rte-field\">\n<h4 class=\"h3 \">PRISE EN CHARGE DE NOMBREUX JEUX<\/h4>\n<p>Profitez des jeux du moment et des classiques incontournables. Utilisez les ports de la console avec leur contr\u00f4leur de type natif ou adoptez une strat\u00e9gie plus d\u00e9contract\u00e9e lorsque vous jouez sur PC. La manette F310 est facile \u00e0 configurer et \u00e0 utiliser avec vos jeux pr\u00e9f\u00e9r\u00e9s gr\u00e2ce \u00e0 XInput\/DirectInput<a class=\"note theme-dark note-tooltip js-note-tooltip\"><sup>1<\/sup><span class=\"visually-hidden\">L&#8217;installation du logiciel est n\u00e9cessaire pour acc\u00e9der au mode DirectInput.<\/span><\/a>\u00a0\u2014les deux normes d&#8217;entr\u00e9e les plus communes.<\/p>\n<div class=\"cta-container\"><\/div>\n<\/div>\n<\/div>\n<\/div>\n<\/div>\n<\/section>\n<section class=\"checkerboard-row js-checkerboard-row in-view\" aria-label=\"Mode Big Picture de Steam\" data-theme-tablet=\"theme-dark\" data-theme-mobile=\"theme-dark\">\n<div class=\"container-xl\">\n<div class=\"grid checkerboard-wrap \">\n<div class=\"media-portion\">\n<div class=\"img-wrap\">\n<div class=\"img\"><picture class=\"responsive-img js-responsive-img\" data-visible-desktop=\"block\"><source srcset=\"https:\/\/resource.logitechg.com\/w_797,c_limit,q_auto,f_auto,dpr_1.0\/d_transparent.gif\/content\/dam\/gaming\/en\/products\/f310\/f310-feature-2.png?v=1 1x, https:\/\/resource.logitechg.com\/w_797,c_limit,q_auto,f_auto,dpr_2.0\/d_transparent.gif\/content\/dam\/gaming\/en\/products\/f310\/f310-feature-2.png?v=1 2x\" media=\"(min-width: 1490px)\" data-srcset=\"https:\/\/resource.logitechg.com\/w_797,c_limit,q_auto,f_auto,dpr_1.0\/d_transparent.gif\/content\/dam\/gaming\/en\/products\/f310\/f310-feature-2.png?v=1 1x, https:\/\/resource.logitechg.com\/w_797,c_limit,q_auto,f_auto,dpr_2.0\/d_transparent.gif\/content\/dam\/gaming\/en\/products\/f310\/f310-feature-2.png?v=1 2x\" \/><source srcset=\"https:\/\/resource.logitechg.com\/w_695,c_limit,q_auto,f_auto,dpr_1.0\/d_transparent.gif\/content\/dam\/gaming\/en\/products\/f310\/f310-feature-2.png?v=1 1x, https:\/\/resource.logitechg.com\/w_695,c_limit,q_auto,f_auto,dpr_2.0\/d_transparent.gif\/content\/dam\/gaming\/en\/products\/f310\/f310-feature-2.png?v=1 2x\" media=\"(min-width: 1025px)\" data-srcset=\"https:\/\/resource.logitechg.com\/w_695,c_limit,q_auto,f_auto,dpr_1.0\/d_transparent.gif\/content\/dam\/gaming\/en\/products\/f310\/f310-feature-2.png?v=1 1x, https:\/\/resource.logitechg.com\/w_695,c_limit,q_auto,f_auto,dpr_2.0\/d_transparent.gif\/content\/dam\/gaming\/en\/products\/f310\/f310-feature-2.png?v=1 2x\" \/><source srcset=\"https:\/\/resource.logitechg.com\/w_929,c_limit,q_auto,f_auto,dpr_1.0\/d_transparent.gif\/content\/dam\/gaming\/en\/products\/f310\/f310-feature-2.png?v=1 1x, https:\/\/resource.logitechg.com\/w_929,c_limit,q_auto,f_auto,dpr_2.0\/d_transparent.gif\/content\/dam\/gaming\/en\/products\/f310\/f310-feature-2.png?v=1 2x\" media=\"(min-width: 720px)\" data-srcset=\"https:\/\/resource.logitechg.com\/w_929,c_limit,q_auto,f_auto,dpr_1.0\/d_transparent.gif\/content\/dam\/gaming\/en\/products\/f310\/f310-feature-2.png?v=1 1x, https:\/\/resource.logitechg.com\/w_929,c_limit,q_auto,f_auto,dpr_2.0\/d_transparent.gif\/content\/dam\/gaming\/en\/products\/f310\/f310-feature-2.png?v=1 2x\" \/><source srcset=\"https:\/\/resource.logitechg.com\/w_525,c_limit,q_auto,f_auto,dpr_1.0\/d_transparent.gif\/content\/dam\/gaming\/en\/products\/f310\/f310-feature-2.png?v=1 1x, https:\/\/resource.logitechg.com\/w_525,c_limit,q_auto,f_auto,dpr_2.0\/d_transparent.gif\/content\/dam\/gaming\/en\/products\/f310\/f310-feature-2.png?v=1 2x\" media=\"(max-width: 719px)\" data-srcset=\"https:\/\/resource.logitechg.com\/w_525,c_limit,q_auto,f_auto,dpr_1.0\/d_transparent.gif\/content\/dam\/gaming\/en\/products\/f310\/f310-feature-2.png?v=1 1x, https:\/\/resource.logitechg.com\/w_525,c_limit,q_auto,f_auto,dpr_2.0\/d_transparent.gif\/content\/dam\/gaming\/en\/products\/f310\/f310-feature-2.png?v=1 2x\" \/><img srcset=\"https:\/\/resource.logitechg.com\/w_695,c_limit,q_auto,f_auto,dpr_1.0\/d_transparent.gif\/content\/dam\/gaming\/en\/products\/f310\/f310-feature-2.png?v=1\" alt=\"Jouez sur votre t\u00e9l\u00e9viseur\" data-srcset=\"https:\/\/resource.logitechg.com\/w_695,c_limit,q_auto,f_auto,dpr_1.0\/d_transparent.gif\/content\/dam\/gaming\/en\/products\/f310\/f310-feature-2.png?v=1\" \/><\/picture><\/div>\n<\/div>\n<\/div>\n<div class=\"text-portion\">\n<div class=\"copy rte-field\">\n<h4 class=\"h3 \">MODE BIG PICTURE DE STEAM<\/h4>\n<p>Jouez sur votre t\u00e9l\u00e9viseur. Associez la manette F310 \u00e0 Big Picture et naviguez sur Steam, surfez sur le Web, jouez \u00e0 des jeux et bien plus encore confortablement install\u00e9 dans votre canap\u00e9. Transf\u00e9rez votre biblioth\u00e8que de jeux Steam dans votre salon, saisissez votre manette F310, asseyez-vous confortablement et laissez-vous embarquer.<\/p>\n<div class=\"cta-container\">\n<div class=\"pangea-cmp ctas-ctn js-pangea-ctas-ctn aem-margin-options pangea-inited\" data-aem-id=\"cta-i059956d8230e06411f901eaf7f0e651c-cta\">\n<div class=\"aem-content-ctn \">\n<div class=\"aem-padding-options \" data-aem-id=\"cta-i059956d8230e06411f901eaf7f0e651c-cta-padding-options\">\n<div class=\"content-ctn\"><\/div>\n<\/div>\n<\/div>\n<\/div>\n<\/div>\n<\/div>\n<\/div>\n<\/div>\n<\/div>\n<\/section>\n<section class=\"checkerboard-row js-checkerboard-row in-view\" aria-label=\"Disposition standard des boutons de type console\" data-theme-tablet=\"theme-dark\" data-theme-mobile=\"theme-dark\">\n<div class=\"container-xl\">\n<div class=\"grid checkerboard-wrap \">\n<div class=\"media-portion\">\n<div class=\"img-wrap\">\n<div class=\"img\"><picture class=\"responsive-img js-responsive-img\" data-visible-desktop=\"block\"><source srcset=\"https:\/\/resource.logitechg.com\/w_797,c_limit,q_auto,f_auto,dpr_1.0\/d_transparent.gif\/content\/dam\/gaming\/en\/products\/f310\/f310-feature-3.png?v=1 1x, https:\/\/resource.logitechg.com\/w_797,c_limit,q_auto,f_auto,dpr_2.0\/d_transparent.gif\/content\/dam\/gaming\/en\/products\/f310\/f310-feature-3.png?v=1 2x\" media=\"(min-width: 1490px)\" data-srcset=\"https:\/\/resource.logitechg.com\/w_797,c_limit,q_auto,f_auto,dpr_1.0\/d_transparent.gif\/content\/dam\/gaming\/en\/products\/f310\/f310-feature-3.png?v=1 1x, https:\/\/resource.logitechg.com\/w_797,c_limit,q_auto,f_auto,dpr_2.0\/d_transparent.gif\/content\/dam\/gaming\/en\/products\/f310\/f310-feature-3.png?v=1 2x\" \/><source srcset=\"https:\/\/resource.logitechg.com\/w_695,c_limit,q_auto,f_auto,dpr_1.0\/d_transparent.gif\/content\/dam\/gaming\/en\/products\/f310\/f310-feature-3.png?v=1 1x, https:\/\/resource.logitechg.com\/w_695,c_limit,q_auto,f_auto,dpr_2.0\/d_transparent.gif\/content\/dam\/gaming\/en\/products\/f310\/f310-feature-3.png?v=1 2x\" media=\"(min-width: 1025px)\" data-srcset=\"https:\/\/resource.logitechg.com\/w_695,c_limit,q_auto,f_auto,dpr_1.0\/d_transparent.gif\/content\/dam\/gaming\/en\/products\/f310\/f310-feature-3.png?v=1 1x, https:\/\/resource.logitechg.com\/w_695,c_limit,q_auto,f_auto,dpr_2.0\/d_transparent.gif\/content\/dam\/gaming\/en\/products\/f310\/f310-feature-3.png?v=1 2x\" \/><source srcset=\"https:\/\/resource.logitechg.com\/w_929,c_limit,q_auto,f_auto,dpr_1.0\/d_transparent.gif\/content\/dam\/gaming\/en\/products\/f310\/f310-feature-3.png?v=1 1x, https:\/\/resource.logitechg.com\/w_929,c_limit,q_auto,f_auto,dpr_2.0\/d_transparent.gif\/content\/dam\/gaming\/en\/products\/f310\/f310-feature-3.png?v=1 2x\" media=\"(min-width: 720px)\" data-srcset=\"https:\/\/resource.logitechg.com\/w_929,c_limit,q_auto,f_auto,dpr_1.0\/d_transparent.gif\/content\/dam\/gaming\/en\/products\/f310\/f310-feature-3.png?v=1 1x, https:\/\/resource.logitechg.com\/w_929,c_limit,q_auto,f_auto,dpr_2.0\/d_transparent.gif\/content\/dam\/gaming\/en\/products\/f310\/f310-feature-3.png?v=1 2x\" \/><source srcset=\"https:\/\/resource.logitechg.com\/w_525,c_limit,q_auto,f_auto,dpr_1.0\/d_transparent.gif\/content\/dam\/gaming\/en\/products\/f310\/f310-feature-3.png?v=1 1x, https:\/\/resource.logitechg.com\/w_525,c_limit,q_auto,f_auto,dpr_2.0\/d_transparent.gif\/content\/dam\/gaming\/en\/products\/f310\/f310-feature-3.png?v=1 2x\" media=\"(max-width: 719px)\" data-srcset=\"https:\/\/resource.logitechg.com\/w_525,c_limit,q_auto,f_auto,dpr_1.0\/d_transparent.gif\/content\/dam\/gaming\/en\/products\/f310\/f310-feature-3.png?v=1 1x, https:\/\/resource.logitechg.com\/w_525,c_limit,q_auto,f_auto,dpr_2.0\/d_transparent.gif\/content\/dam\/gaming\/en\/products\/f310\/f310-feature-3.png?v=1 2x\" \/><img srcset=\"https:\/\/resource.logitechg.com\/w_695,c_limit,q_auto,f_auto,dpr_1.0\/d_transparent.gif\/content\/dam\/gaming\/en\/products\/f310\/f310-feature-3.png?v=1\" alt=\"Manette de jeu F310\" data-srcset=\"https:\/\/resource.logitechg.com\/w_695,c_limit,q_auto,f_auto,dpr_1.0\/d_transparent.gif\/content\/dam\/gaming\/en\/products\/f310\/f310-feature-3.png?v=1\" \/><\/picture><\/div>\n<\/div>\n<\/div>\n<div class=\"text-portion\">\n<div class=\"copy rte-field\">\n<h2 class=\"h3 \">DISPOSITION STANDARD DES BOUTONS DE TYPE CONSOLE<\/h2>\n<p>Logitech F310 Manette de Jeu Filaire (940-000138)\u00a0 pr\u00eate \u00e0 l&#8217;emploi. Votre instinct vous guidera dans vos actions gr\u00e2ce \u00e0 la disposition classique. Vous pourrez d\u00e9marrer sur les chapeaux de roues. Offrant une exp\u00e9rience de jeu comparable \u00e0 celle d&#8217;une console et un design innovant, la manette F310 vous ira comme un gant.<\/p>\n<section class=\"checkerboard-row js-checkerboard-row in-view\" aria-label=\"Croix directionnelle exclusive\" data-theme-tablet=\"theme-dark\" data-theme-mobile=\"theme-dark\">\n<div class=\"container-xl\">\n<div class=\"grid checkerboard-wrap \">\n<div class=\"text-portion\">\n<div class=\"copy rte-field\">\n<h2 class=\"h3 \">CROIX DIRECTIONNELLE EXCLUSIVE<\/h2>\n<p>Les croix directionnelles traditionnelles s&#8217;appuient sur un point de pivotement unique, offrant un contr\u00f4le in\u00e9gal. Notre croix directionnelle est mont\u00e9e sur quatre commutateurs pour une r\u00e9activit\u00e9 et une sensation tactile optimales.<\/p>\n<div class=\"cta-container\"><\/div>\n<\/div>\n<\/div>\n<\/div>\n<\/div>\n<\/section>\n<section class=\"checkerboard-row js-checkerboard-row in-view\" aria-label=\"Compatible avec Android TV\" data-theme-tablet=\"theme-dark\" data-theme-mobile=\"theme-dark\">\n<div class=\"container-xl\">\n<div class=\"grid checkerboard-wrap \">\n<div class=\"media-portion\">\n<div class=\"img-wrap\">\n<div class=\"img\"><picture class=\"responsive-img js-responsive-img\" data-visible-desktop=\"block\"><source srcset=\"https:\/\/resource.logitechg.com\/w_797,c_limit,q_auto,f_auto,dpr_1.0\/d_transparent.gif\/content\/dam\/gaming\/en\/products\/f310\/f310-feature-5.png?v=1 1x, https:\/\/resource.logitechg.com\/w_797,c_limit,q_auto,f_auto,dpr_2.0\/d_transparent.gif\/content\/dam\/gaming\/en\/products\/f310\/f310-feature-5.png?v=1 2x\" media=\"(min-width: 1490px)\" data-srcset=\"https:\/\/resource.logitechg.com\/w_797,c_limit,q_auto,f_auto,dpr_1.0\/d_transparent.gif\/content\/dam\/gaming\/en\/products\/f310\/f310-feature-5.png?v=1 1x, https:\/\/resource.logitechg.com\/w_797,c_limit,q_auto,f_auto,dpr_2.0\/d_transparent.gif\/content\/dam\/gaming\/en\/products\/f310\/f310-feature-5.png?v=1 2x\" \/><source srcset=\"https:\/\/resource.logitechg.com\/w_695,c_limit,q_auto,f_auto,dpr_1.0\/d_transparent.gif\/content\/dam\/gaming\/en\/products\/f310\/f310-feature-5.png?v=1 1x, https:\/\/resource.logitechg.com\/w_695,c_limit,q_auto,f_auto,dpr_2.0\/d_transparent.gif\/content\/dam\/gaming\/en\/products\/f310\/f310-feature-5.png?v=1 2x\" media=\"(min-width: 1025px)\" data-srcset=\"https:\/\/resource.logitechg.com\/w_695,c_limit,q_auto,f_auto,dpr_1.0\/d_transparent.gif\/content\/dam\/gaming\/en\/products\/f310\/f310-feature-5.png?v=1 1x, https:\/\/resource.logitechg.com\/w_695,c_limit,q_auto,f_auto,dpr_2.0\/d_transparent.gif\/content\/dam\/gaming\/en\/products\/f310\/f310-feature-5.png?v=1 2x\" \/><source srcset=\"https:\/\/resource.logitechg.com\/w_929,c_limit,q_auto,f_auto,dpr_1.0\/d_transparent.gif\/content\/dam\/gaming\/en\/products\/f310\/f310-feature-5.png?v=1 1x, https:\/\/resource.logitechg.com\/w_929,c_limit,q_auto,f_auto,dpr_2.0\/d_transparent.gif\/content\/dam\/gaming\/en\/products\/f310\/f310-feature-5.png?v=1 2x\" media=\"(min-width: 720px)\" data-srcset=\"https:\/\/resource.logitechg.com\/w_929,c_limit,q_auto,f_auto,dpr_1.0\/d_transparent.gif\/content\/dam\/gaming\/en\/products\/f310\/f310-feature-5.png?v=1 1x, https:\/\/resource.logitechg.com\/w_929,c_limit,q_auto,f_auto,dpr_2.0\/d_transparent.gif\/content\/dam\/gaming\/en\/products\/f310\/f310-feature-5.png?v=1 2x\" \/><source srcset=\"https:\/\/resource.logitechg.com\/w_525,c_limit,q_auto,f_auto,dpr_1.0\/d_transparent.gif\/content\/dam\/gaming\/en\/products\/f310\/f310-feature-5.png?v=1 1x, https:\/\/resource.logitechg.com\/w_525,c_limit,q_auto,f_auto,dpr_2.0\/d_transparent.gif\/content\/dam\/gaming\/en\/products\/f310\/f310-feature-5.png?v=1 2x\" media=\"(max-width: 719px)\" data-srcset=\"https:\/\/resource.logitechg.com\/w_525,c_limit,q_auto,f_auto,dpr_1.0\/d_transparent.gif\/content\/dam\/gaming\/en\/products\/f310\/f310-feature-5.png?v=1 1x, https:\/\/resource.logitechg.com\/w_525,c_limit,q_auto,f_auto,dpr_2.0\/d_transparent.gif\/content\/dam\/gaming\/en\/products\/f310\/f310-feature-5.png?v=1 2x\" \/><img srcset=\"https:\/\/resource.logitechg.com\/w_695,c_limit,q_auto,f_auto,dpr_1.0\/d_transparent.gif\/content\/dam\/gaming\/en\/products\/f310\/f310-feature-5.png?v=1\" alt=\"Compatible avec Android TV\" data-srcset=\"https:\/\/resource.logitechg.com\/w_695,c_limit,q_auto,f_auto,dpr_1.0\/d_transparent.gif\/content\/dam\/gaming\/en\/products\/f310\/f310-feature-5.png?v=1\" \/><\/picture><\/div>\n<\/div>\n<\/div>\n<div class=\"text-portion\">\n<div class=\"copy rte-field\">\n<h2 class=\"h3 \">COMPATIBLE AVEC ANDROID TV<\/h2>\n<p>Nos contr\u00f4leurs de jeu s&#8217;adaptent parfaitement aux dispositif Sony Android TV\u2122.Avec le contr\u00f4leur en mode XID, notre affichage de type console vous donnera une longueur d&#8217;avance en comp\u00e9tition. Profitez de sessions de jeu sans fin gr\u00e2ce au profil arrondi et au rev\u00eatement confortable en caoutchouc. Les commandes Android TV standard, actionn\u00e9es via le bouton dot\u00e9 du logo Logitech sur la manette de jeu et la touche de retour en arri\u00e8re du contr\u00f4leur, vous permettent de naviguer sur votre Android TV sans aucun probl\u00e8me.<\/p>\n<\/div>\n<\/div>\n<\/div>\n<\/div>\n<\/section>\n<\/div>\n<\/div>\n<\/div>\n<\/div>\n<\/section>\n","protected":false},"excerpt":{"rendered":"<div class=\"specs-block\">\n<div class=\"specs-description\"><strong>Cordon<\/strong>: 1,8\u00a0m\u00e8tre<\/div>\n<\/div>\n<div class=\"specs-block\">\n<div class=\"specs-description\"><strong>Configuration<\/strong>: Type console<\/div>\n<\/div>\n<div class=\"specs-block\">\n<div class=\"specs-description\"><strong>Croix directionnelle<\/strong>: 4 switchs<\/div>\n<div>\n<div class=\"specs-block\">\n<div class=\"specs-description\">Compatible avec : Windows\u00ae 11, Windows 10, Windows 8, Windows 7 ou Windows Vista, ChromeOS\u2122<\/div>\n<\/div>\n<div class=\"specs-block\">\n<div class=\"specs-description\">Connexion Internet pour le t\u00e9l\u00e9chargement de logiciels en option<\/div>\n<\/div>\n<\/div>\n<\/div>\n","protected":false},"featured_media":9372,"comment_status":"open","ping_status":"closed","template":"","meta":{"_acf_changed":false,"_monsterinsights_skip_tracking":false,"_monsterinsights_sitenote_active":false,"_monsterinsights_sitenote_note":"","_monsterinsights_sitenote_category":0,"_uf_show_specific_survey":0,"_uf_disable_surveys":false,"_joinchat":[]},"product_brand":[],"product_cat":[297],"product_tag":[],"class_list":{"0":"post-9370","1":"product","2":"type-product","3":"status-publish","4":"has-post-thumbnail","6":"product_cat-gaming","8":"first","9":"instock","10":"sale","11":"shipping-taxable","12":"purchasable","13":"product-type-simple"},"acf":[],"jetpack_sharing_enabled":true,"_links":{"self":[{"href":"https:\/\/digistar.ma\/index.php?rest_route=\/wp\/v2\/product\/9370","targetHints":{"allow":["GET"]}}],"collection":[{"href":"https:\/\/digistar.ma\/index.php?rest_route=\/wp\/v2\/product"}],"about":[{"href":"https:\/\/digistar.ma\/index.php?rest_route=\/wp\/v2\/types\/product"}],"replies":[{"embeddable":true,"href":"https:\/\/digistar.ma\/index.php?rest_route=%2Fwp%2Fv2%2Fcomments&post=9370"}],"version-history":[{"count":1,"href":"https:\/\/digistar.ma\/index.php?rest_route=\/wp\/v2\/product\/9370\/revisions"}],"predecessor-version":[{"id":9378,"href":"https:\/\/digistar.ma\/index.php?rest_route=\/wp\/v2\/product\/9370\/revisions\/9378"}],"wp:featuredmedia":[{"embeddable":true,"href":"https:\/\/digistar.ma\/index.php?rest_route=\/wp\/v2\/media\/9372"}],"wp:attachment":[{"href":"https:\/\/digistar.ma\/index.php?rest_route=%2Fwp%2Fv2%2Fmedia&parent=9370"}],"wp:term":[{"taxonomy":"product_brand","embeddable":true,"href":"https:\/\/digistar.ma\/index.php?rest_route=%2Fwp%2Fv2%2Fproduct_brand&post=9370"},{"taxonomy":"product_cat","embeddable":true,"href":"https:\/\/digistar.ma\/index.php?rest_route=%2Fwp%2Fv2%2Fproduct_cat&post=9370"},{"taxonomy":"product_tag","embeddable":true,"href":"https:\/\/digistar.ma\/index.php?rest_route=%2Fwp%2Fv2%2Fproduct_tag&post=9370"}],"curies":[{"name":"wp","href":"https:\/\/api.w.org\/{rel}","templated":true}]}}