{"id":9700,"date":"2023-12-17T00:05:29","date_gmt":"2023-12-17T00:05:29","guid":{"rendered":"https:\/\/digistar.ma\/?post_type=product&#038;p=9700"},"modified":"2025-07-23T17:20:52","modified_gmt":"2025-07-23T17:20:52","slug":"tablette-graphique-wacom-intuos-moyenne-noir-non-bluetooth-ctl-6100k-b","status":"publish","type":"product","link":"https:\/\/digistar.ma\/?product=tablette-graphique-wacom-intuos-moyenne-noir-non-bluetooth-ctl-6100k-b","title":{"rendered":"Tablette Graphique Wacom Intuos Moyenne Noir (non Bluetooth) (CTL-6100K-B)"},"content":{"rendered":"<h3>Tablette Graphique Wacom Intuos Moyenne Noir (non Bluetooth) (CTL-6100K-B)<\/h3>\n<p>La Wacom Intuos est une tablette graphique facile \u00e0 configurer pour le dessin num\u00e9rique, la peinture ou la retouche photo. Connectez simplement la tablette \u00e0 votre Mac ou PC \u00e0 l&#8217;aide du c\u00e2ble USB et vous \u00eates pr\u00eat \u00e0 commencer votre cr\u00e9ativit\u00e9.<\/p>\n<p>Pour booster vos d\u00e9buts avec le Wacom Intuos, il est livr\u00e9 avec trois applications cr\u00e9atives uniques. Que vous aimiez peindre des aquarelles num\u00e9riques, dessiner des mangas ou retoucher vos photos, le Wacom Intuos vous offre tous les outils dont vous avez besoin pour d\u00e9velopper votre cr\u00e9ativit\u00e9. Une tablette graphique con\u00e7ue enti\u00e8rement autour de votre passion.<\/p>\n<h3>Tablette Graphique Wacom Intuos Moyenne Noir (non Bluetooth) (CTL-6100K-B)<\/h3>\n<ul>\n<li>Contr\u00f4le et pr\u00e9cision gr\u00e2ce aux 4096 niveaux de sensibilit\u00e9 \u00e0 la pression du stylet.<\/li>\n<li>Gr\u00e2ce \u00e0 la r\u00e9sonance \u00e9lectromagn\u00e9tique, le stylet sans pile ni batterie est \u00e0 la fois l\u00e9ger et confortable \u00e0 utiliser.<\/li>\n<li>La tablette sait exactement l\u00e0 o\u00f9 se trouve votre stylet gr\u00e2ce \u00e0 la d\u00e9tection de 100 lignes au mm.<\/li>\n<li>D&#8217;une \u00e9paisseur de seulement 8,8\u00a0mm, la tablette est aussi plate et aussi \u00e9l\u00e9gante qu&#8217;un smartphone.<\/li>\n<li>2 boutons de raccourci d&#8217;acc\u00e8s rapide sur le stylet.<\/li>\n<li>4 touches ExpressKey\u2122 personnalisables pour des raccourcis rapides et efficaces.<\/li>\n<li>10-inch active tablet area<\/li>\n<li>Taille : 264 x 200 x 8,8 mm<\/li>\n<li>Surface active : 216 x 135 mm<\/li>\n<li>Poids : 410 g<\/li>\n<\/ul>\n","protected":false},"excerpt":{"rendered":"<p>Tablette \u00e9quip\u00e9e d&#8217;un stylet sensible \u00e0 la pression, sans fil ni pile<br \/>\nSurface active: 216 x 135 mm<br \/>\nStylet: Stylet Wacom 4K (LP-1100K) &#8211; vitesse: 133 pps<br \/>\nR\u00e9solution: 2540 lpi &#8211; Niveaux de pression: 4096<br \/>\nTaille de la tablette : 264 x 200 x 8,8 mm<\/p>\n","protected":false},"featured_media":9707,"comment_status":"open","ping_status":"closed","template":"","meta":{"_acf_changed":false,"_monsterinsights_skip_tracking":false,"_monsterinsights_sitenote_active":false,"_monsterinsights_sitenote_note":"","_monsterinsights_sitenote_category":0,"_uf_show_specific_survey":0,"_uf_disable_surveys":false,"_joinchat":[]},"product_brand":[],"product_cat":[245],"product_tag":[],"class_list":{"0":"post-9700","1":"product","2":"type-product","3":"status-publish","4":"has-post-thumbnail","6":"product_cat-tablette-graphique","8":"first","9":"onbackorder","10":"sale","11":"shipping-taxable","12":"purchasable","13":"product-type-simple"},"acf":[],"jetpack_sharing_enabled":true,"_links":{"self":[{"href":"https:\/\/digistar.ma\/index.php?rest_route=\/wp\/v2\/product\/9700","targetHints":{"allow":["GET"]}}],"collection":[{"href":"https:\/\/digistar.ma\/index.php?rest_route=\/wp\/v2\/product"}],"about":[{"href":"https:\/\/digistar.ma\/index.php?rest_route=\/wp\/v2\/types\/product"}],"replies":[{"embeddable":true,"href":"https:\/\/digistar.ma\/index.php?rest_route=%2Fwp%2Fv2%2Fcomments&post=9700"}],"version-history":[{"count":2,"href":"https:\/\/digistar.ma\/index.php?rest_route=\/wp\/v2\/product\/9700\/revisions"}],"predecessor-version":[{"id":9709,"href":"https:\/\/digistar.ma\/index.php?rest_route=\/wp\/v2\/product\/9700\/revisions\/9709"}],"wp:featuredmedia":[{"embeddable":true,"href":"https:\/\/digistar.ma\/index.php?rest_route=\/wp\/v2\/media\/9707"}],"wp:attachment":[{"href":"https:\/\/digistar.ma\/index.php?rest_route=%2Fwp%2Fv2%2Fmedia&parent=9700"}],"wp:term":[{"taxonomy":"product_brand","embeddable":true,"href":"https:\/\/digistar.ma\/index.php?rest_route=%2Fwp%2Fv2%2Fproduct_brand&post=9700"},{"taxonomy":"product_cat","embeddable":true,"href":"https:\/\/digistar.ma\/index.php?rest_route=%2Fwp%2Fv2%2Fproduct_cat&post=9700"},{"taxonomy":"product_tag","embeddable":true,"href":"https:\/\/digistar.ma\/index.php?rest_route=%2Fwp%2Fv2%2Fproduct_tag&post=9700"}],"curies":[{"name":"wp","href":"https:\/\/api.w.org\/{rel}","templated":true}]}}