{"id":9725,"date":"2023-12-17T01:19:49","date_gmt":"2023-12-17T01:19:49","guid":{"rendered":"https:\/\/digistar.ma\/?post_type=product&#038;p=9725"},"modified":"2023-12-17T01:19:49","modified_gmt":"2023-12-17T01:19:49","slug":"ecran-2145-pouces-full-hd-lenovo-d22e-20-66d2kac6eu","status":"publish","type":"product","link":"https:\/\/digistar.ma\/?product=ecran-2145-pouces-full-hd-lenovo-d22e-20-66d2kac6eu","title":{"rendered":"\u00c9cran 21,45 Pouces Full HD Lenovo D22e-20 (66D2KAC6EU)"},"content":{"rendered":"<h4 class=\"h1 productpage_title\">\u00c9cran 21,45 Pouces Full HD Lenovo D22e-20 (66D2KAC6EU)<\/h4>\n<p>Alors que nous passons de plus en plus de temps devant des \u00e9crans et que nos domiciles sont d\u00e9sormais des lieux d\u2019apprentissage, de travail et de divertissement, nous avons besoin de nouvelles solutions pour tirer le meilleur parti de chaque journ\u00e9e. Con\u00e7u pour vous permettre de vous divertir, d\u2019\u00e9tudier et de travailler \u00e0 la maison, le Lenovo D22e-20 est id\u00e9al.<\/p>\n<p>Avec son angle de vue de 178\u00b0\/178\u00b0, l\u2019\u00e9cran VA de 21,45 pouces offre une exp\u00e9rience visuelle de haute qualit\u00e9 sous tous les angles, que vous travailliez sur tableur, que vous dominiez vos ennemis en ligne ou que vous regardiez votre com\u00e9die pr\u00e9f\u00e9r\u00e9e avec vos proches ! Avec AMD FreeSync\u2122 et un temps de r\u00e9ponse de 4 ms, dites \u00ab adieu \u00bb aux effets d\u2019images saccad\u00e9es et au ghosting.<\/p>\n<p>Vos s\u00e9ances gaming vont \u00eatre bien plus fluides ! Positionnez l\u2019\u00e9cran selon vos besoins gr\u00e2ce \u00e0 son support inclinable et r\u00e9glable, ainsi qu\u2019\u00e0 son support mural VESA en option, tout en r\u00e9duisant la fatigue oculaire gr\u00e2ce au mode de r\u00e9duction des \u00e9missions de lumi\u00e8re bleue, m\u00eame apr\u00e8s de longues heures.<\/p>\n<p>Le format quasiment sans bords sur trois c\u00f4t\u00e9s de Lenovo D22e-20 permet de se concentrer sur l\u2019image et de r\u00e9duire les distractions dans les configurations multi-\u00e9crans. Profitez d\u2019une connectivit\u00e9 universelle aux p\u00e9riph\u00e9riques via des ports HDMI ou VGA et d\u2019une gestion int\u00e9gr\u00e9e des c\u00e2bles au niveau du socle pour un encombrement r\u00e9duit.<\/p>\n<h4 class=\"h1 productpage_title\"><\/h4>\n<p>&nbsp;<\/p>\n","protected":false},"excerpt":{"rendered":"<p>Taille de l&#8217;\u00e9cran: 21.45&#8243; &#8211; Format 16:9<br \/>\nCourbure de l&#8217;\u00e9cran: Plat<br \/>\nType de Dalle: VA (Vertical Alignment) &#8211; R\u00e9tro\u00e9clairage: WLED<br \/>\nR\u00e9solution: 1920 x 1080<br \/>\nTemps de r\u00e9ponse: 4 ms (Extreme mode) \/ 6 ms (Typical mode)<br \/>\nTaux de rafra\u00eechissement: 75 Hz<br \/>\nConnecteurs d&#8217;entr\u00e9e: HDMI, VGA<br \/>\nR\u00e9glages de la position de l&#8217;\u00e9cran: Tilt Angle (front\/back) -5\u00b0 \/ 22\u00b0<\/p>\n","protected":false},"featured_media":9727,"comment_status":"open","ping_status":"closed","template":"","meta":{"_acf_changed":false,"_monsterinsights_skip_tracking":false,"_monsterinsights_sitenote_active":false,"_monsterinsights_sitenote_note":"","_monsterinsights_sitenote_category":0,"_uf_show_specific_survey":0,"_uf_disable_surveys":false,"_joinchat":[]},"product_brand":[],"product_cat":[259,239,246],"product_tag":[],"class_list":{"0":"post-9725","1":"product","2":"type-product","3":"status-publish","4":"has-post-thumbnail","6":"product_cat-ecran-pc","7":"product_cat-ecran-moniteur","8":"product_cat-peripherique","10":"first","11":"instock","12":"sale","13":"shipping-taxable","14":"purchasable","15":"product-type-simple"},"acf":[],"jetpack_sharing_enabled":true,"_links":{"self":[{"href":"https:\/\/digistar.ma\/index.php?rest_route=\/wp\/v2\/product\/9725","targetHints":{"allow":["GET"]}}],"collection":[{"href":"https:\/\/digistar.ma\/index.php?rest_route=\/wp\/v2\/product"}],"about":[{"href":"https:\/\/digistar.ma\/index.php?rest_route=\/wp\/v2\/types\/product"}],"replies":[{"embeddable":true,"href":"https:\/\/digistar.ma\/index.php?rest_route=%2Fwp%2Fv2%2Fcomments&post=9725"}],"version-history":[{"count":1,"href":"https:\/\/digistar.ma\/index.php?rest_route=\/wp\/v2\/product\/9725\/revisions"}],"predecessor-version":[{"id":9731,"href":"https:\/\/digistar.ma\/index.php?rest_route=\/wp\/v2\/product\/9725\/revisions\/9731"}],"wp:featuredmedia":[{"embeddable":true,"href":"https:\/\/digistar.ma\/index.php?rest_route=\/wp\/v2\/media\/9727"}],"wp:attachment":[{"href":"https:\/\/digistar.ma\/index.php?rest_route=%2Fwp%2Fv2%2Fmedia&parent=9725"}],"wp:term":[{"taxonomy":"product_brand","embeddable":true,"href":"https:\/\/digistar.ma\/index.php?rest_route=%2Fwp%2Fv2%2Fproduct_brand&post=9725"},{"taxonomy":"product_cat","embeddable":true,"href":"https:\/\/digistar.ma\/index.php?rest_route=%2Fwp%2Fv2%2Fproduct_cat&post=9725"},{"taxonomy":"product_tag","embeddable":true,"href":"https:\/\/digistar.ma\/index.php?rest_route=%2Fwp%2Fv2%2Fproduct_tag&post=9725"}],"curies":[{"name":"wp","href":"https:\/\/api.w.org\/{rel}","templated":true}]}}